--
-- Host: 127.0.0.1    Database: nest
-- ------------------------------------------------------


--
-- Table structure for table `activations`
--

CREATE TABLE `activations` (
  `id` bigint unsigned NOT NULL AUTO_INCREMENT,
  `user_id` bigint unsigned NOT NULL,
  `code` varchar(120) COLLATE utf8mb4_unicode_ci NOT NULL,
  `completed` tinyint(1) NOT NULL DEFAULT '0',
  `completed_at` timestamp NULL DEFAULT NULL,
  `created_at` timestamp NULL DEFAULT NULL,
  `updated_at` timestamp NULL DEFAULT NULL,
  PRIMARY KEY (`id`),
  KEY `activations_user_id_index` (`user_id`)
) ENGINE=InnoDB AUTO_INCREMENT=2 DEFAULT CHARSET=utf8mb4 COLLATE=utf8mb4_unicode_ci;

--
-- Dumping data for table `activations`
--

INSERT INTO `activations` VALUES (1,1,'BXbhE1OIYR7m94hgLOe54hP0jWAeJOqk',1,'2025-09-11 01:46:12','2025-09-11 01:46:12','2025-09-11 01:46:12');

--
-- Table structure for table `admin_notifications`
--

CREATE TABLE `admin_notifications` (
  `id` bigint unsigned NOT NULL AUTO_INCREMENT,
  `title` varchar(191) COLLATE utf8mb4_unicode_ci NOT NULL,
  `action_label` varchar(191) COLLATE utf8mb4_unicode_ci DEFAULT NULL,
  `action_url` varchar(191) COLLATE utf8mb4_unicode_ci DEFAULT NULL,
  `description` varchar(400) COLLATE utf8mb4_unicode_ci DEFAULT NULL,
  `read_at` timestamp NULL DEFAULT NULL,
  `created_at` timestamp NULL DEFAULT NULL,
  `updated_at` timestamp NULL DEFAULT NULL,
  `permission` varchar(191) COLLATE utf8mb4_unicode_ci DEFAULT NULL,
  PRIMARY KEY (`id`)
) ENGINE=InnoDB DEFAULT CHARSET=utf8mb4 COLLATE=utf8mb4_unicode_ci;

--
-- Dumping data for table `admin_notifications`
--


--
-- Table structure for table `ads`
--

CREATE TABLE `ads` (
  `id` bigint unsigned NOT NULL AUTO_INCREMENT,
  `name` varchar(191) COLLATE utf8mb4_unicode_ci NOT NULL,
  `expired_at` datetime DEFAULT NULL,
  `location` varchar(120) COLLATE utf8mb4_unicode_ci DEFAULT NULL,
  `key` varchar(120) COLLATE utf8mb4_unicode_ci NOT NULL,
  `image` varchar(191) COLLATE utf8mb4_unicode_ci DEFAULT NULL,
  `url` varchar(191) COLLATE utf8mb4_unicode_ci DEFAULT NULL,
  `clicked` bigint NOT NULL DEFAULT '0',
  `order` int DEFAULT '0',
  `status` varchar(60) COLLATE utf8mb4_unicode_ci NOT NULL DEFAULT 'published',
  `created_at` timestamp NULL DEFAULT NULL,
  `updated_at` timestamp NULL DEFAULT NULL,
  `open_in_new_tab` tinyint(1) NOT NULL DEFAULT '1',
  `tablet_image` varchar(191) COLLATE utf8mb4_unicode_ci DEFAULT NULL,
  `mobile_image` varchar(191) COLLATE utf8mb4_unicode_ci DEFAULT NULL,
  `ads_type` varchar(191) COLLATE utf8mb4_unicode_ci DEFAULT NULL,
  `google_adsense_slot_id` varchar(191) COLLATE utf8mb4_unicode_ci DEFAULT NULL,
  PRIMARY KEY (`id`),
  UNIQUE KEY `ads_key_unique` (`key`)
) ENGINE=InnoDB AUTO_INCREMENT=13 DEFAULT CHARSET=utf8mb4 COLLATE=utf8mb4_unicode_ci;

--
-- Dumping data for table `ads`
--

INSERT INTO `ads` VALUES (1,'Everyday Fresh','2030-09-11 00:00:00','not_set','IZ6WU8KUALYD','promotion/1.png','/products',0,1,'published','2025-09-11 01:46:29','2025-09-11 01:46:29',1,NULL,NULL,NULL,NULL),(2,'Make your Breakfast','2030-09-11 00:00:00','not_set','ILSFJVYFGCPZ','promotion/2.png','/products',0,2,'published','2025-09-11 01:46:29','2025-09-11 01:46:29',1,NULL,NULL,NULL,NULL),(3,'The best Organic','2030-09-11 00:00:00','not_set','ILSDKVYFGXPH','promotion/3.png','/products',0,3,'published','2025-09-11 01:46:29','2025-09-11 01:46:29',1,NULL,NULL,NULL,NULL),(4,'Bring nature into your home','2030-09-11 00:00:00','not_set','IZ6WU8KUALYG','promotion/4.png','/products',0,4,'published','2025-09-11 01:46:29','2025-09-11 01:46:29',1,NULL,NULL,NULL,NULL),(5,'Delivered to your home','2030-09-11 00:00:00','not_set','IZ6WU8KUALYH','promotion/5.png','/products',0,5,'published','2025-09-11 01:46:29','2025-09-11 01:46:29',1,NULL,NULL,NULL,NULL),(6,'Save 17% on Oganic Juice','2030-09-11 00:00:00','not_set','IZ6WU8KUALYI','promotion/6.png','/products',0,6,'published','2025-09-11 01:46:29','2025-09-11 01:46:29',1,NULL,NULL,NULL,NULL),(7,'Everyday Fresh & Clean with Our Products','2030-09-11 00:00:00','not_set','IZ6WU8KUALYJ','promotion/7.png','/products',0,7,'published','2025-09-11 01:46:29','2025-09-11 01:46:29',1,NULL,NULL,NULL,NULL),(8,'The best Organic Products Online','2030-09-11 00:00:00','not_set','IZ6WU8KUALYK','promotion/8.png','/products',0,8,'published','2025-09-11 01:46:29','2025-09-11 01:46:29',1,NULL,NULL,NULL,NULL),(9,'Everyday Fresh with Our Products','2030-09-11 00:00:00','not_set','IZ6WU8KUALYL','promotion/9.png',NULL,0,9,'published','2025-09-11 01:46:29','2025-09-11 01:46:29',1,NULL,NULL,NULL,NULL),(10,'100% guaranteed all Fresh items','2030-09-11 00:00:00','not_set','IZ6WU8KUALYM','promotion/10.png',NULL,0,10,'published','2025-09-11 01:46:29','2025-09-11 01:46:29',1,NULL,NULL,NULL,NULL),(11,'Special grocery sale off this month','2030-09-11 00:00:00','not_set','IZ6WU8KUALYN','promotion/11.png',NULL,0,11,'published','2025-09-11 01:46:29','2025-09-11 01:46:29',1,NULL,NULL,NULL,NULL),(12,'Enjoy 15% OFF for all vegetable and fruit','2030-09-11 00:00:00','not_set','IZ6WU8KUALYO','promotion/12.png',NULL,0,12,'published','2025-09-11 01:46:30','2025-09-11 01:46:30',1,NULL,NULL,NULL,NULL);

--
-- Table structure for table `ads_translations`
--

CREATE TABLE `ads_translations` (
  `lang_code` varchar(191) COLLATE utf8mb4_unicode_ci NOT NULL,
  `ads_id` bigint unsigned NOT NULL,
  `name` varchar(191) COLLATE utf8mb4_unicode_ci DEFAULT NULL,
  `image` varchar(191) COLLATE utf8mb4_unicode_ci DEFAULT NULL,
  `url` varchar(191) COLLATE utf8mb4_unicode_ci DEFAULT NULL,
  `tablet_image` varchar(191) COLLATE utf8mb4_unicode_ci DEFAULT NULL,
  `mobile_image` varchar(191) COLLATE utf8mb4_unicode_ci DEFAULT NULL,
  PRIMARY KEY (`lang_code`,`ads_id`)
) ENGINE=InnoDB DEFAULT CHARSET=utf8mb4 COLLATE=utf8mb4_unicode_ci;

--
-- Dumping data for table `ads_translations`
--


--
-- Table structure for table `audit_histories`
--

CREATE TABLE `audit_histories` (
  `id` bigint unsigned NOT NULL AUTO_INCREMENT,
  `user_id` bigint unsigned NOT NULL,
  `user_type` varchar(191) COLLATE utf8mb4_unicode_ci DEFAULT 'Botble\\ACL\\Models\\User',
  `module` varchar(60) COLLATE utf8mb4_unicode_ci NOT NULL,
  `request` longtext COLLATE utf8mb4_unicode_ci,
  `action` varchar(120) COLLATE utf8mb4_unicode_ci NOT NULL,
  `user_agent` text COLLATE utf8mb4_unicode_ci,
  `ip_address` varchar(45) COLLATE utf8mb4_unicode_ci DEFAULT NULL,
  `actor_id` bigint unsigned NOT NULL,
  `actor_type` varchar(191) COLLATE utf8mb4_unicode_ci DEFAULT 'Botble\\ACL\\Models\\User',
  `reference_id` bigint unsigned NOT NULL,
  `reference_name` varchar(191) COLLATE utf8mb4_unicode_ci NOT NULL,
  `type` varchar(20) COLLATE utf8mb4_unicode_ci NOT NULL,
  `created_at` timestamp NULL DEFAULT NULL,
  `updated_at` timestamp NULL DEFAULT NULL,
  PRIMARY KEY (`id`),
  KEY `audit_histories_user_id_index` (`user_id`),
  KEY `audit_histories_module_index` (`module`)
) ENGINE=InnoDB DEFAULT CHARSET=utf8mb4 COLLATE=utf8mb4_unicode_ci;

--
-- Dumping data for table `audit_histories`
--


--
-- Table structure for table `cache`
--

CREATE TABLE `cache` (
  `key` varchar(191) COLLATE utf8mb4_unicode_ci NOT NULL,
  `value` mediumtext COLLATE utf8mb4_unicode_ci NOT NULL,
  `expiration` int NOT NULL,
  PRIMARY KEY (`key`)
) ENGINE=InnoDB DEFAULT CHARSET=utf8mb4 COLLATE=utf8mb4_unicode_ci;

--
-- Dumping data for table `cache`
--


--
-- Table structure for table `cache_locks`
--

CREATE TABLE `cache_locks` (
  `key` varchar(191) COLLATE utf8mb4_unicode_ci NOT NULL,
  `owner` varchar(191) COLLATE utf8mb4_unicode_ci NOT NULL,
  `expiration` int NOT NULL,
  PRIMARY KEY (`key`)
) ENGINE=InnoDB DEFAULT CHARSET=utf8mb4 COLLATE=utf8mb4_unicode_ci;

--
-- Dumping data for table `cache_locks`
--


--
-- Table structure for table `categories`
--

CREATE TABLE `categories` (
  `id` bigint unsigned NOT NULL AUTO_INCREMENT,
  `name` varchar(120) COLLATE utf8mb4_unicode_ci NOT NULL,
  `parent_id` bigint unsigned NOT NULL DEFAULT '0',
  `description` varchar(400) COLLATE utf8mb4_unicode_ci DEFAULT NULL,
  `status` varchar(60) COLLATE utf8mb4_unicode_ci NOT NULL DEFAULT 'published',
  `author_id` bigint unsigned DEFAULT NULL,
  `author_type` varchar(191) COLLATE utf8mb4_unicode_ci NOT NULL DEFAULT 'Botble\\ACL\\Models\\User',
  `icon` varchar(60) COLLATE utf8mb4_unicode_ci DEFAULT NULL,
  `order` int unsigned NOT NULL DEFAULT '0',
  `is_featured` tinyint NOT NULL DEFAULT '0',
  `is_default` tinyint unsigned NOT NULL DEFAULT '0',
  `created_at` timestamp NULL DEFAULT NULL,
  `updated_at` timestamp NULL DEFAULT NULL,
  PRIMARY KEY (`id`),
  KEY `categories_parent_id_index` (`parent_id`),
  KEY `categories_status_index` (`status`),
  KEY `categories_created_at_index` (`created_at`)
) ENGINE=InnoDB AUTO_INCREMENT=5 DEFAULT CHARSET=utf8mb4 COLLATE=utf8mb4_unicode_ci;

--
-- Dumping data for table `categories`
--

INSERT INTO `categories` VALUES (1,'Ecommerce',0,'Id recusandae deleniti accusamus accusamus illo. Soluta est incidunt sequi sint mollitia nisi reprehenderit. Vel eum quod eius non hic.','published',1,'Botble\\ACL\\Models\\User',NULL,0,0,1,'2025-09-11 01:46:11','2025-09-11 01:46:11'),(2,'Fashion',0,'Laudantium rerum dolore esse alias sed veniam perferendis. Libero quae quod voluptatem in omnis. Minima accusamus quod unde ab necessitatibus animi sed. Possimus possimus dolores nam.','published',1,'Botble\\ACL\\Models\\User',NULL,0,1,0,'2025-09-11 01:46:11','2025-09-11 01:46:11'),(3,'Electronic',0,'Est aut deserunt commodi in. Quibusdam esse quas quaerat alias reiciendis. Optio possimus fugiat voluptas neque ut cum.','published',1,'Botble\\ACL\\Models\\User',NULL,0,1,0,'2025-09-11 01:46:11','2025-09-11 01:46:11'),(4,'Commercial',0,'Ut autem reiciendis molestiae doloribus et. Facere occaecati earum tenetur voluptatem. Vero ut et et ut iure dolorum voluptatem eum.','published',1,'Botble\\ACL\\Models\\User',NULL,0,1,0,'2025-09-11 01:46:11','2025-09-11 01:46:11');

--
-- Table structure for table `categories_translations`
--

CREATE TABLE `categories_translations` (
  `lang_code` varchar(20) COLLATE utf8mb4_unicode_ci NOT NULL,
  `categories_id` bigint unsigned NOT NULL,
  `name` varchar(191) COLLATE utf8mb4_unicode_ci DEFAULT NULL,
  `description` varchar(400) COLLATE utf8mb4_unicode_ci DEFAULT NULL,
  PRIMARY KEY (`lang_code`,`categories_id`)
) ENGINE=InnoDB DEFAULT CHARSET=utf8mb4 COLLATE=utf8mb4_unicode_ci;

--
-- Dumping data for table `categories_translations`
--


--
-- Table structure for table `cities`
--

CREATE TABLE `cities` (
  `id` bigint unsigned NOT NULL AUTO_INCREMENT,
  `name` varchar(120) COLLATE utf8mb4_unicode_ci NOT NULL,
  `slug` varchar(120) COLLATE utf8mb4_unicode_ci DEFAULT NULL,
  `state_id` bigint unsigned DEFAULT NULL,
  `country_id` bigint unsigned DEFAULT NULL,
  `record_id` varchar(40) COLLATE utf8mb4_unicode_ci DEFAULT NULL,
  `order` tinyint NOT NULL DEFAULT '0',
  `image` varchar(191) COLLATE utf8mb4_unicode_ci DEFAULT NULL,
  `is_default` tinyint unsigned NOT NULL DEFAULT '0',
  `status` varchar(60) COLLATE utf8mb4_unicode_ci NOT NULL DEFAULT 'published',
  `created_at` timestamp NULL DEFAULT NULL,
  `updated_at` timestamp NULL DEFAULT NULL,
  `zip_code` varchar(20) COLLATE utf8mb4_unicode_ci DEFAULT NULL,
  PRIMARY KEY (`id`),
  UNIQUE KEY `cities_slug_unique` (`slug`),
  KEY `idx_cities_name` (`name`),
  KEY `idx_cities_state_status` (`state_id`,`status`),
  KEY `idx_cities_status` (`status`),
  KEY `idx_cities_state_id` (`state_id`)
) ENGINE=InnoDB DEFAULT CHARSET=utf8mb4 COLLATE=utf8mb4_unicode_ci;

--
-- Dumping data for table `cities`
--


--
-- Table structure for table `cities_translations`
--

CREATE TABLE `cities_translations` (
  `lang_code` varchar(20) COLLATE utf8mb4_unicode_ci NOT NULL,
  `cities_id` bigint unsigned NOT NULL,
  `name` varchar(120) COLLATE utf8mb4_unicode_ci DEFAULT NULL,
  `slug` varchar(120) COLLATE utf8mb4_unicode_ci DEFAULT NULL,
  PRIMARY KEY (`lang_code`,`cities_id`),
  KEY `idx_cities_trans_city_lang` (`cities_id`,`lang_code`),
  KEY `idx_cities_trans_name` (`name`),
  KEY `idx_cities_trans_cities_id` (`cities_id`)
) ENGINE=InnoDB DEFAULT CHARSET=utf8mb4 COLLATE=utf8mb4_unicode_ci;

--
-- Dumping data for table `cities_translations`
--


--
-- Table structure for table `contact_custom_field_options`
--

CREATE TABLE `contact_custom_field_options` (
  `id` bigint unsigned NOT NULL AUTO_INCREMENT,
  `custom_field_id` bigint unsigned NOT NULL,
  `label` varchar(191) COLLATE utf8mb4_unicode_ci DEFAULT NULL,
  `value` varchar(191) COLLATE utf8mb4_unicode_ci NOT NULL,
  `order` int NOT NULL DEFAULT '999',
  `created_at` timestamp NULL DEFAULT NULL,
  `updated_at` timestamp NULL DEFAULT NULL,
  PRIMARY KEY (`id`)
) ENGINE=InnoDB DEFAULT CHARSET=utf8mb4 COLLATE=utf8mb4_unicode_ci;

--
-- Dumping data for table `contact_custom_field_options`
--


--
-- Table structure for table `contact_custom_field_options_translations`
--

CREATE TABLE `contact_custom_field_options_translations` (
  `contact_custom_field_options_id` bigint unsigned NOT NULL,
  `lang_code` varchar(191) COLLATE utf8mb4_unicode_ci NOT NULL,
  `label` varchar(191) COLLATE utf8mb4_unicode_ci DEFAULT NULL,
  `value` varchar(191) COLLATE utf8mb4_unicode_ci DEFAULT NULL,
  PRIMARY KEY (`lang_code`,`contact_custom_field_options_id`)
) ENGINE=InnoDB DEFAULT CHARSET=utf8mb4 COLLATE=utf8mb4_unicode_ci;

--
-- Dumping data for table `contact_custom_field_options_translations`
--


--
-- Table structure for table `contact_custom_fields`
--

CREATE TABLE `contact_custom_fields` (
  `id` bigint unsigned NOT NULL AUTO_INCREMENT,
  `type` varchar(191) COLLATE utf8mb4_unicode_ci NOT NULL,
  `required` tinyint(1) NOT NULL DEFAULT '0',
  `name` varchar(191) COLLATE utf8mb4_unicode_ci NOT NULL,
  `placeholder` varchar(191) COLLATE utf8mb4_unicode_ci DEFAULT NULL,
  `order` int NOT NULL DEFAULT '999',
  `status` varchar(191) COLLATE utf8mb4_unicode_ci NOT NULL DEFAULT 'published',
  `created_at` timestamp NULL DEFAULT NULL,
  `updated_at` timestamp NULL DEFAULT NULL,
  PRIMARY KEY (`id`)
) ENGINE=InnoDB DEFAULT CHARSET=utf8mb4 COLLATE=utf8mb4_unicode_ci;

--
-- Dumping data for table `contact_custom_fields`
--


--
-- Table structure for table `contact_custom_fields_translations`
--

CREATE TABLE `contact_custom_fields_translations` (
  `contact_custom_fields_id` bigint unsigned NOT NULL,
  `lang_code` varchar(191) COLLATE utf8mb4_unicode_ci NOT NULL,
  `name` varchar(191) COLLATE utf8mb4_unicode_ci DEFAULT NULL,
  `placeholder` varchar(191) COLLATE utf8mb4_unicode_ci DEFAULT NULL,
  PRIMARY KEY (`lang_code`,`contact_custom_fields_id`)
) ENGINE=InnoDB DEFAULT CHARSET=utf8mb4 COLLATE=utf8mb4_unicode_ci;

--
-- Dumping data for table `contact_custom_fields_translations`
--


--
-- Table structure for table `contact_replies`
--

CREATE TABLE `contact_replies` (
  `id` bigint unsigned NOT NULL AUTO_INCREMENT,
  `message` longtext COLLATE utf8mb4_unicode_ci NOT NULL,
  `contact_id` bigint unsigned NOT NULL,
  `created_at` timestamp NULL DEFAULT NULL,
  `updated_at` timestamp NULL DEFAULT NULL,
  PRIMARY KEY (`id`)
) ENGINE=InnoDB DEFAULT CHARSET=utf8mb4 COLLATE=utf8mb4_unicode_ci;

--
-- Dumping data for table `contact_replies`
--


--
-- Table structure for table `contacts`
--

CREATE TABLE `contacts` (
  `id` bigint unsigned NOT NULL AUTO_INCREMENT,
  `name` varchar(60) COLLATE utf8mb4_unicode_ci NOT NULL,
  `email` varchar(60) COLLATE utf8mb4_unicode_ci DEFAULT NULL,
  `phone` varchar(60) COLLATE utf8mb4_unicode_ci DEFAULT NULL,
  `address` varchar(120) COLLATE utf8mb4_unicode_ci DEFAULT NULL,
  `subject` varchar(120) COLLATE utf8mb4_unicode_ci DEFAULT NULL,
  `content` longtext COLLATE utf8mb4_unicode_ci NOT NULL,
  `custom_fields` text COLLATE utf8mb4_unicode_ci,
  `status` varchar(60) COLLATE utf8mb4_unicode_ci NOT NULL DEFAULT 'unread',
  `created_at` timestamp NULL DEFAULT NULL,
  `updated_at` timestamp NULL DEFAULT NULL,
  PRIMARY KEY (`id`)
) ENGINE=InnoDB DEFAULT CHARSET=utf8mb4 COLLATE=utf8mb4_unicode_ci;

--
-- Dumping data for table `contacts`
--


--
-- Table structure for table `countries`
--

CREATE TABLE `countries` (
  `id` bigint unsigned NOT NULL AUTO_INCREMENT,
  `name` varchar(120) COLLATE utf8mb4_unicode_ci NOT NULL,
  `nationality` varchar(120) COLLATE utf8mb4_unicode_ci DEFAULT NULL,
  `order` tinyint NOT NULL DEFAULT '0',
  `image` varchar(191) COLLATE utf8mb4_unicode_ci DEFAULT NULL,
  `is_default` tinyint unsigned NOT NULL DEFAULT '0',
  `status` varchar(60) COLLATE utf8mb4_unicode_ci NOT NULL DEFAULT 'published',
  `created_at` timestamp NULL DEFAULT NULL,
  `updated_at` timestamp NULL DEFAULT NULL,
  `code` varchar(10) COLLATE utf8mb4_unicode_ci DEFAULT NULL,
  PRIMARY KEY (`id`),
  KEY `idx_countries_name` (`name`),
  KEY `idx_countries_status` (`status`)
) ENGINE=InnoDB DEFAULT CHARSET=utf8mb4 COLLATE=utf8mb4_unicode_ci;

--
-- Dumping data for table `countries`
--


--
-- Table structure for table `countries_translations`
--

CREATE TABLE `countries_translations` (
  `lang_code` varchar(20) COLLATE utf8mb4_unicode_ci NOT NULL,
  `countries_id` bigint unsigned NOT NULL,
  `name` varchar(120) COLLATE utf8mb4_unicode_ci DEFAULT NULL,
  `nationality` varchar(120) COLLATE utf8mb4_unicode_ci DEFAULT NULL,
  PRIMARY KEY (`lang_code`,`countries_id`),
  KEY `idx_countries_trans_country_lang` (`countries_id`,`lang_code`),
  KEY `idx_countries_trans_name` (`name`),
  KEY `idx_countries_trans_countries_id` (`countries_id`)
) ENGINE=InnoDB DEFAULT CHARSET=utf8mb4 COLLATE=utf8mb4_unicode_ci;

--
-- Dumping data for table `countries_translations`
--


--
-- Table structure for table `dashboard_widget_settings`
--

CREATE TABLE `dashboard_widget_settings` (
  `id` bigint unsigned NOT NULL AUTO_INCREMENT,
  `settings` text COLLATE utf8mb4_unicode_ci,
  `user_id` bigint unsigned NOT NULL,
  `widget_id` bigint unsigned NOT NULL,
  `order` tinyint unsigned NOT NULL DEFAULT '0',
  `status` tinyint unsigned NOT NULL DEFAULT '1',
  `created_at` timestamp NULL DEFAULT NULL,
  `updated_at` timestamp NULL DEFAULT NULL,
  PRIMARY KEY (`id`),
  KEY `dashboard_widget_settings_user_id_index` (`user_id`),
  KEY `dashboard_widget_settings_widget_id_index` (`widget_id`)
) ENGINE=InnoDB DEFAULT CHARSET=utf8mb4 COLLATE=utf8mb4_unicode_ci;

--
-- Dumping data for table `dashboard_widget_settings`
--


--
-- Table structure for table `dashboard_widgets`
--

CREATE TABLE `dashboard_widgets` (
  `id` bigint unsigned NOT NULL AUTO_INCREMENT,
  `name` varchar(120) COLLATE utf8mb4_unicode_ci NOT NULL,
  `created_at` timestamp NULL DEFAULT NULL,
  `updated_at` timestamp NULL DEFAULT NULL,
  PRIMARY KEY (`id`)
) ENGINE=InnoDB DEFAULT CHARSET=utf8mb4 COLLATE=utf8mb4_unicode_ci;

--
-- Dumping data for table `dashboard_widgets`
--


--
-- Table structure for table `device_tokens`
--

CREATE TABLE `device_tokens` (
  `id` bigint unsigned NOT NULL AUTO_INCREMENT,
  `token` varchar(191) COLLATE utf8mb4_unicode_ci NOT NULL,
  `platform` varchar(191) COLLATE utf8mb4_unicode_ci DEFAULT NULL,
  `app_version` varchar(191) COLLATE utf8mb4_unicode_ci DEFAULT NULL,
  `device_id` varchar(191) COLLATE utf8mb4_unicode_ci DEFAULT NULL,
  `user_type` varchar(191) COLLATE utf8mb4_unicode_ci DEFAULT NULL,
  `user_id` bigint unsigned DEFAULT NULL,
  `is_active` tinyint(1) NOT NULL DEFAULT '1',
  `last_used_at` timestamp NULL DEFAULT NULL,
  `created_at` timestamp NULL DEFAULT NULL,
  `updated_at` timestamp NULL DEFAULT NULL,
  PRIMARY KEY (`id`),
  UNIQUE KEY `device_tokens_token_unique` (`token`),
  KEY `device_tokens_user_type_user_id_index` (`user_type`,`user_id`),
  KEY `device_tokens_platform_is_active_index` (`platform`,`is_active`),
  KEY `device_tokens_is_active_index` (`is_active`)
) ENGINE=InnoDB DEFAULT CHARSET=utf8mb4 COLLATE=utf8mb4_unicode_ci;

--
-- Dumping data for table `device_tokens`
--


--
-- Table structure for table `ec_abandoned_carts`
--

CREATE TABLE `ec_abandoned_carts` (
  `id` bigint unsigned NOT NULL AUTO_INCREMENT,
  `customer_id` bigint unsigned DEFAULT NULL,
  `session_id` varchar(191) COLLATE utf8mb4_unicode_ci DEFAULT NULL,
  `cart_data` json NOT NULL,
  `total_amount` decimal(15,2) NOT NULL DEFAULT '0.00',
  `items_count` int NOT NULL DEFAULT '0',
  `email` varchar(191) COLLATE utf8mb4_unicode_ci DEFAULT NULL,
  `phone` varchar(191) COLLATE utf8mb4_unicode_ci DEFAULT NULL,
  `customer_name` varchar(191) COLLATE utf8mb4_unicode_ci DEFAULT NULL,
  `abandoned_at` timestamp NULL DEFAULT NULL,
  `reminder_sent_at` timestamp NULL DEFAULT NULL,
  `reminders_sent` int NOT NULL DEFAULT '0',
  `is_recovered` tinyint(1) NOT NULL DEFAULT '0',
  `recovered_at` timestamp NULL DEFAULT NULL,
  `recovered_order_id` bigint unsigned DEFAULT NULL,
  `created_at` timestamp NULL DEFAULT NULL,
  `updated_at` timestamp NULL DEFAULT NULL,
  PRIMARY KEY (`id`),
  KEY `ec_abandoned_carts_abandoned_at_is_recovered_index` (`abandoned_at`,`is_recovered`),
  KEY `ec_abandoned_carts_created_at_is_recovered_index` (`created_at`,`is_recovered`),
  KEY `ec_abandoned_carts_customer_id_index` (`customer_id`),
  KEY `ec_abandoned_carts_session_id_index` (`session_id`),
  KEY `ec_abandoned_carts_email_index` (`email`),
  KEY `ec_abandoned_carts_recovered_order_id_index` (`recovered_order_id`)
) ENGINE=InnoDB DEFAULT CHARSET=utf8mb4 COLLATE=utf8mb4_unicode_ci;

--
-- Dumping data for table `ec_abandoned_carts`
--


--
-- Table structure for table `ec_brands`
--

CREATE TABLE `ec_brands` (
  `id` bigint unsigned NOT NULL AUTO_INCREMENT,
  `name` varchar(191) COLLATE utf8mb4_unicode_ci NOT NULL,
  `description` mediumtext COLLATE utf8mb4_unicode_ci,
  `website` varchar(191) COLLATE utf8mb4_unicode_ci DEFAULT NULL,
  `logo` varchar(191) COLLATE utf8mb4_unicode_ci DEFAULT NULL,
  `status` varchar(60) COLLATE utf8mb4_unicode_ci NOT NULL DEFAULT 'published',
  `order` tinyint unsigned NOT NULL DEFAULT '0',
  `is_featured` tinyint unsigned NOT NULL DEFAULT '0',
  `created_at` timestamp NULL DEFAULT NULL,
  `updated_at` timestamp NULL DEFAULT NULL,
  PRIMARY KEY (`id`)
) ENGINE=InnoDB AUTO_INCREMENT=8 DEFAULT CHARSET=utf8mb4 COLLATE=utf8mb4_unicode_ci;

--
-- Dumping data for table `ec_brands`
--

INSERT INTO `ec_brands` VALUES (1,'Perxsion',NULL,NULL,NULL,'published',0,1,'2025-09-11 01:45:32','2025-09-11 01:45:32'),(2,'Hiching',NULL,NULL,NULL,'published',1,1,'2025-09-11 01:45:32','2025-09-11 01:45:32'),(3,'Kepslo',NULL,NULL,NULL,'published',2,1,'2025-09-11 01:45:32','2025-09-11 01:45:32'),(4,'Groneba',NULL,NULL,NULL,'published',3,1,'2025-09-11 01:45:32','2025-09-11 01:45:32'),(5,'Babian',NULL,NULL,NULL,'published',4,1,'2025-09-11 01:45:32','2025-09-11 01:45:32'),(6,'Valorant',NULL,NULL,NULL,'published',5,1,'2025-09-11 01:45:32','2025-09-11 01:45:32'),(7,'Pure',NULL,NULL,NULL,'published',6,1,'2025-09-11 01:45:32','2025-09-11 01:45:32');

--
-- Table structure for table `ec_brands_translations`
--

CREATE TABLE `ec_brands_translations` (
  `lang_code` varchar(191) COLLATE utf8mb4_unicode_ci NOT NULL,
  `ec_brands_id` bigint unsigned NOT NULL,
  `name` varchar(191) COLLATE utf8mb4_unicode_ci DEFAULT NULL,
  `description` mediumtext COLLATE utf8mb4_unicode_ci,
  PRIMARY KEY (`lang_code`,`ec_brands_id`)
) ENGINE=InnoDB DEFAULT CHARSET=utf8mb4 COLLATE=utf8mb4_unicode_ci;

--
-- Dumping data for table `ec_brands_translations`
--


--
-- Table structure for table `ec_cart`
--

CREATE TABLE `ec_cart` (
  `identifier` varchar(60) COLLATE utf8mb4_unicode_ci NOT NULL,
  `instance` varchar(60) COLLATE utf8mb4_unicode_ci NOT NULL,
  `content` longtext COLLATE utf8mb4_unicode_ci NOT NULL,
  `created_at` timestamp NULL DEFAULT NULL,
  `updated_at` timestamp NULL DEFAULT NULL,
  PRIMARY KEY (`identifier`,`instance`)
) ENGINE=InnoDB DEFAULT CHARSET=utf8mb4 COLLATE=utf8mb4_unicode_ci;

--
-- Dumping data for table `ec_cart`
--


--
-- Table structure for table `ec_currencies`
--

CREATE TABLE `ec_currencies` (
  `id` bigint unsigned NOT NULL AUTO_INCREMENT,
  `title` varchar(191) COLLATE utf8mb4_unicode_ci NOT NULL,
  `symbol` varchar(10) COLLATE utf8mb4_unicode_ci NOT NULL,
  `is_prefix_symbol` tinyint unsigned NOT NULL DEFAULT '0',
  `decimals` tinyint unsigned DEFAULT '0',
  `order` int unsigned DEFAULT '0',
  `is_default` tinyint NOT NULL DEFAULT '0',
  `exchange_rate` double NOT NULL DEFAULT '1',
  `created_at` timestamp NULL DEFAULT NULL,
  `updated_at` timestamp NULL DEFAULT NULL,
  PRIMARY KEY (`id`)
) ENGINE=InnoDB AUTO_INCREMENT=5 DEFAULT CHARSET=utf8mb4 COLLATE=utf8mb4_unicode_ci;

--
-- Dumping data for table `ec_currencies`
--

INSERT INTO `ec_currencies` VALUES (1,'USD','$',1,2,0,1,1,'2025-09-11 01:45:32','2025-09-11 01:45:32'),(2,'EUR','€',0,2,1,0,0.84,'2025-09-11 01:45:32','2025-09-11 01:45:32'),(3,'VND','₫',0,0,2,0,23203,'2025-09-11 01:45:32','2025-09-11 01:45:32'),(4,'NGN','₦',1,2,2,0,895.52,'2025-09-11 01:45:32','2025-09-11 01:45:32');

--
-- Table structure for table `ec_customer_addresses`
--

CREATE TABLE `ec_customer_addresses` (
  `id` bigint unsigned NOT NULL AUTO_INCREMENT,
  `name` varchar(191) COLLATE utf8mb4_unicode_ci NOT NULL,
  `email` varchar(60) COLLATE utf8mb4_unicode_ci DEFAULT NULL,
  `phone` varchar(20) COLLATE utf8mb4_unicode_ci DEFAULT NULL,
  `country` varchar(120) COLLATE utf8mb4_unicode_ci DEFAULT NULL,
  `state` varchar(120) COLLATE utf8mb4_unicode_ci DEFAULT NULL,
  `city` varchar(120) COLLATE utf8mb4_unicode_ci DEFAULT NULL,
  `address` varchar(191) COLLATE utf8mb4_unicode_ci DEFAULT NULL,
  `customer_id` bigint unsigned NOT NULL,
  `is_default` tinyint unsigned NOT NULL DEFAULT '0',
  `created_at` timestamp NULL DEFAULT NULL,
  `updated_at` timestamp NULL DEFAULT NULL,
  `zip_code` varchar(20) COLLATE utf8mb4_unicode_ci DEFAULT NULL,
  PRIMARY KEY (`id`)
) ENGINE=InnoDB AUTO_INCREMENT=13 DEFAULT CHARSET=utf8mb4 COLLATE=utf8mb4_unicode_ci;

--
-- Dumping data for table `ec_customer_addresses`
--

INSERT INTO `ec_customer_addresses` VALUES (1,'Prof. Jefferey Gerlach III','customer@botble.com','+18204823507','AQ','Maryland','Elianbury','2545 Santina Port',1,1,'2025-09-11 01:45:57','2025-09-11 01:45:57','13785'),(2,'Prof. Jefferey Gerlach III','customer@botble.com','+14638061236','CN','Kansas','Lake Javonport','3133 Stroman Manor',1,0,'2025-09-11 01:45:57','2025-09-11 01:45:57','19599'),(3,'Cristal Kuphal','vendor@botble.com','+12105474418','ME','Pennsylvania','Rosabury','3925 Kyra Court',2,1,'2025-09-11 01:45:58','2025-09-11 01:45:58','71104-3705'),(4,'Cristal Kuphal','vendor@botble.com','+12546954996','BE','Idaho','Shayleeland','5019 Altenwerth Groves',2,0,'2025-09-11 01:45:58','2025-09-11 01:45:58','82431-2991'),(5,'Mrs. Grace Bartell MD','cruickshank.clyde@example.org','+17733362284','GE','Idaho','Eulaview','744 Anastasia Harbors Suite 581',3,1,'2025-09-11 01:45:58','2025-09-11 01:45:58','02624-8340'),(6,'Anita Skiles','missouri.grimes@example.com','+16142335501','CX','California','Port Kenna','63163 Jaskolski Common Suite 100',4,1,'2025-09-11 01:45:59','2025-09-11 01:45:59','74252-2955'),(7,'Prof. Sophie Mann','davonte.quigley@example.com','+15858195226','CM','Washington','East Tomas','600 Pfeffer Run',5,1,'2025-09-11 01:46:00','2025-09-11 01:46:00','35741'),(8,'Colt Littel','lang.oral@example.org','+16576386414','PK','Indiana','West Alfred','782 Jaskolski Hollow Suite 122',6,1,'2025-09-11 01:46:00','2025-09-11 01:46:00','20629'),(9,'Dr. Hettie McCullough','anderson.roselyn@example.com','+14583131971','BO','Rhode Island','West Newell','840 Spencer Harbors',7,1,'2025-09-11 01:46:01','2025-09-11 01:46:01','63557'),(10,'Jermain Miller','oda13@example.net','+12673825829','FM','New Mexico','DuBuquefurt','319 Conroy Plains',8,1,'2025-09-11 01:46:02','2025-09-11 01:46:02','12257-0335'),(11,'Dr. Constance McGlynn DDS','howell.sage@example.org','+18729599595','US','Montana','Sydneehaven','218 Mosciski Stream Suite 385',9,1,'2025-09-11 01:46:02','2025-09-11 01:46:02','70340'),(12,'Mose Goldner','haag.ettie@example.net','+12796661770','PF','New Hampshire','North Ubaldotown','2245 Rosella Corner Apt. 241',10,1,'2025-09-11 01:46:03','2025-09-11 01:46:03','44738');

--
-- Table structure for table `ec_customer_deletion_requests`
--

CREATE TABLE `ec_customer_deletion_requests` (
  `id` bigint unsigned NOT NULL AUTO_INCREMENT,
  `customer_id` bigint unsigned NOT NULL,
  `customer_name` varchar(191) COLLATE utf8mb4_unicode_ci DEFAULT NULL,
  `customer_phone` varchar(191) COLLATE utf8mb4_unicode_ci DEFAULT NULL,
  `customer_email` varchar(191) COLLATE utf8mb4_unicode_ci DEFAULT NULL,
  `token` varchar(191) COLLATE utf8mb4_unicode_ci NOT NULL,
  `status` varchar(50) COLLATE utf8mb4_unicode_ci NOT NULL DEFAULT 'waiting_for_confirmation',
  `reason` text COLLATE utf8mb4_unicode_ci,
  `confirmed_at` datetime DEFAULT NULL,
  `created_at` timestamp NULL DEFAULT NULL,
  `updated_at` timestamp NULL DEFAULT NULL,
  PRIMARY KEY (`id`),
  UNIQUE KEY `ec_customer_deletion_requests_token_unique` (`token`)
) ENGINE=InnoDB DEFAULT CHARSET=utf8mb4 COLLATE=utf8mb4_unicode_ci;

--
-- Dumping data for table `ec_customer_deletion_requests`
--


--
-- Table structure for table `ec_customer_password_resets`
--

CREATE TABLE `ec_customer_password_resets` (
  `email` varchar(191) COLLATE utf8mb4_unicode_ci NOT NULL,
  `token` varchar(191) COLLATE utf8mb4_unicode_ci NOT NULL,
  `created_at` timestamp NULL DEFAULT NULL,
  KEY `ec_customer_password_resets_email_index` (`email`),
  KEY `ec_customer_password_resets_token_index` (`token`)
) ENGINE=InnoDB DEFAULT CHARSET=utf8mb4 COLLATE=utf8mb4_unicode_ci;

--
-- Dumping data for table `ec_customer_password_resets`
--


--
-- Table structure for table `ec_customer_recently_viewed_products`
--

CREATE TABLE `ec_customer_recently_viewed_products` (
  `id` bigint unsigned NOT NULL AUTO_INCREMENT,
  `customer_id` bigint unsigned NOT NULL,
  `product_id` bigint unsigned NOT NULL,
  PRIMARY KEY (`id`)
) ENGINE=InnoDB DEFAULT CHARSET=utf8mb4 COLLATE=utf8mb4_unicode_ci;

--
-- Dumping data for table `ec_customer_recently_viewed_products`
--


--
-- Table structure for table `ec_customer_used_coupons`
--

CREATE TABLE `ec_customer_used_coupons` (
  `discount_id` bigint unsigned NOT NULL,
  `customer_id` bigint unsigned NOT NULL,
  PRIMARY KEY (`discount_id`,`customer_id`)
) ENGINE=InnoDB DEFAULT CHARSET=utf8mb4 COLLATE=utf8mb4_unicode_ci;

--
-- Dumping data for table `ec_customer_used_coupons`
--


--
-- Table structure for table `ec_customers`
--

CREATE TABLE `ec_customers` (
  `id` bigint unsigned NOT NULL AUTO_INCREMENT,
  `name` varchar(191) COLLATE utf8mb4_unicode_ci NOT NULL,
  `email` varchar(191) COLLATE utf8mb4_unicode_ci DEFAULT NULL,
  `password` varchar(191) COLLATE utf8mb4_unicode_ci NOT NULL,
  `avatar` varchar(191) COLLATE utf8mb4_unicode_ci DEFAULT NULL,
  `dob` date DEFAULT NULL,
  `phone` varchar(20) COLLATE utf8mb4_unicode_ci DEFAULT NULL,
  `remember_token` varchar(100) COLLATE utf8mb4_unicode_ci DEFAULT NULL,
  `created_at` timestamp NULL DEFAULT NULL,
  `updated_at` timestamp NULL DEFAULT NULL,
  `confirmed_at` datetime DEFAULT NULL,
  `email_verify_token` varchar(120) COLLATE utf8mb4_unicode_ci DEFAULT NULL,
  `status` varchar(60) COLLATE utf8mb4_unicode_ci NOT NULL DEFAULT 'activated',
  `block_reason` varchar(400) COLLATE utf8mb4_unicode_ci DEFAULT NULL,
  `private_notes` text COLLATE utf8mb4_unicode_ci,
  `is_vendor` tinyint(1) NOT NULL DEFAULT '0',
  `vendor_verified_at` datetime DEFAULT NULL,
  `stripe_account_id` varchar(191) COLLATE utf8mb4_unicode_ci DEFAULT NULL,
  `stripe_account_active` tinyint(1) NOT NULL DEFAULT '0',
  PRIMARY KEY (`id`)
) ENGINE=InnoDB AUTO_INCREMENT=11 DEFAULT CHARSET=utf8mb4 COLLATE=utf8mb4_unicode_ci;

--
-- Dumping data for table `ec_customers`
--

INSERT INTO `ec_customers` VALUES (1,'Prof. Jefferey Gerlach III','customer@botble.com','$2y$12$bU650.dTcIA3paXznR9oFOKMq/mymsREyKObd0/UESi9xHW/g14ge','customers/3.jpg','1976-08-27','+16319924733',NULL,'2025-09-11 01:45:57','2025-09-11 01:45:57','2025-09-11 08:45:57',NULL,'activated',NULL,NULL,0,NULL,NULL,0),(2,'Cristal Kuphal','vendor@botble.com','$2y$12$GuvhNknD4mJ/gZ/4OgEBE.1D5b0h0gtK/Gd4VsShBLmn6zzL3XjOW','customers/5.jpg','1992-08-15','+12769613236',NULL,'2025-09-11 01:45:58','2025-09-11 01:46:35','2025-09-11 08:45:58',NULL,'activated',NULL,NULL,1,'2025-09-11 08:46:35',NULL,0),(3,'Mrs. Grace Bartell MD','cruickshank.clyde@example.org','$2y$12$yI8/i7dWM3uNE8zdaLkXcu5HS4bvZbaNZpvk.ws4/U6OZaqnIo072','customers/1.jpg','1986-09-10','+12312399674',NULL,'2025-09-11 01:45:58','2025-09-11 01:46:36','2025-09-11 08:45:58',NULL,'activated',NULL,NULL,1,'2025-09-11 08:46:36',NULL,0),(4,'Anita Skiles','missouri.grimes@example.com','$2y$12$fT3jAp7GSDiipEmo/4EKYubkFfnbAbdHYpwfqCYC76j0zjGPmm1nO','customers/2.jpg','2003-08-28','+15857424404',NULL,'2025-09-11 01:45:59','2025-09-11 01:46:37','2025-09-11 08:45:59',NULL,'activated',NULL,NULL,1,'2025-09-11 08:46:37',NULL,0),(5,'Prof. Sophie Mann','davonte.quigley@example.com','$2y$12$A./5J4yR6IWAC6FeFPNRHOFMO8t2P7ymicnVmchUS0BF/yRZMHPJa','customers/3.jpg','1975-08-19','+13378661407',NULL,'2025-09-11 01:46:00','2025-09-11 01:46:38','2025-09-11 08:46:00',NULL,'activated',NULL,NULL,1,'2025-09-11 08:46:38',NULL,0),(6,'Colt Littel','lang.oral@example.org','$2y$12$sw6OK3DsHu5uLIOqRC89DeQh.108jIt1OrOsd6f6tM.oYKD32EI52','customers/4.jpg','1975-09-02','+19526509173',NULL,'2025-09-11 01:46:00','2025-09-11 01:46:39','2025-09-11 08:46:00',NULL,'activated',NULL,NULL,1,'2025-09-11 08:46:39',NULL,0),(7,'Dr. Hettie McCullough','anderson.roselyn@example.com','$2y$12$e1Xv0/cXWgspCc6QmZDsBuxwmC4DYRajVT4OXi.a3MZ.j1LPni0r2','customers/5.jpg','1984-08-27','+12347572269',NULL,'2025-09-11 01:46:01','2025-09-11 01:46:01','2025-09-11 08:46:01',NULL,'activated',NULL,NULL,0,NULL,NULL,0),(8,'Jermain Miller','oda13@example.net','$2y$12$gukL2RvSBqgbd/He5I4lquyipK7pwkog7s.tCxT95kHRWvf8pwOOu','customers/6.jpg','1975-08-21','+16784273062',NULL,'2025-09-11 01:46:02','2025-09-11 01:46:02','2025-09-11 08:46:02',NULL,'activated',NULL,NULL,0,NULL,NULL,0),(9,'Dr. Constance McGlynn DDS','howell.sage@example.org','$2y$12$mAzvVZPrOz/HMTt.h/OyEuaiEKn976KjvS4sttPJXiFX1evmKUH.6','customers/7.jpg','2005-08-26','+16173133494',NULL,'2025-09-11 01:46:02','2025-09-11 01:46:39','2025-09-11 08:46:02',NULL,'activated',NULL,NULL,1,'2025-09-11 08:46:39',NULL,0),(10,'Mose Goldner','haag.ettie@example.net','$2y$12$edi/iBGqhvGE5rXv8kQuX.DNkL.gpIVFUwKy/ut.oRIcPCNcFg3.m','customers/8.jpg','1975-08-24','+12832871231',NULL,'2025-09-11 01:46:03','2025-09-11 01:46:03','2025-09-11 08:46:03',NULL,'activated',NULL,NULL,0,NULL,NULL,0);

--
-- Table structure for table `ec_discount_customers`
--

CREATE TABLE `ec_discount_customers` (
  `discount_id` bigint unsigned NOT NULL,
  `customer_id` bigint unsigned NOT NULL,
  PRIMARY KEY (`discount_id`,`customer_id`)
) ENGINE=InnoDB DEFAULT CHARSET=utf8mb4 COLLATE=utf8mb4_unicode_ci;

--
-- Dumping data for table `ec_discount_customers`
--


--
-- Table structure for table `ec_discount_product_categories`
--

CREATE TABLE `ec_discount_product_categories` (
  `discount_id` bigint unsigned NOT NULL,
  `product_category_id` bigint unsigned NOT NULL,
  PRIMARY KEY (`discount_id`,`product_category_id`)
) ENGINE=InnoDB DEFAULT CHARSET=utf8mb4 COLLATE=utf8mb4_unicode_ci;

--
-- Dumping data for table `ec_discount_product_categories`
--


--
-- Table structure for table `ec_discount_product_collections`
--

CREATE TABLE `ec_discount_product_collections` (
  `discount_id` bigint unsigned NOT NULL,
  `product_collection_id` bigint unsigned NOT NULL,
  PRIMARY KEY (`discount_id`,`product_collection_id`)
) ENGINE=InnoDB DEFAULT CHARSET=utf8mb4 COLLATE=utf8mb4_unicode_ci;

--
-- Dumping data for table `ec_discount_product_collections`
--


--
-- Table structure for table `ec_discount_products`
--

CREATE TABLE `ec_discount_products` (
  `discount_id` bigint unsigned NOT NULL,
  `product_id` bigint unsigned NOT NULL,
  PRIMARY KEY (`discount_id`,`product_id`)
) ENGINE=InnoDB DEFAULT CHARSET=utf8mb4 COLLATE=utf8mb4_unicode_ci;

--
-- Dumping data for table `ec_discount_products`
--


--
-- Table structure for table `ec_discounts`
--

CREATE TABLE `ec_discounts` (
  `id` bigint unsigned NOT NULL AUTO_INCREMENT,
  `title` varchar(120) COLLATE utf8mb4_unicode_ci DEFAULT NULL,
  `code` varchar(20) COLLATE utf8mb4_unicode_ci DEFAULT NULL,
  `start_date` datetime DEFAULT NULL,
  `end_date` datetime DEFAULT NULL,
  `quantity` int DEFAULT NULL,
  `total_used` int unsigned NOT NULL DEFAULT '0',
  `value` double DEFAULT NULL,
  `type` varchar(60) COLLATE utf8mb4_unicode_ci DEFAULT 'coupon',
  `can_use_with_promotion` tinyint(1) NOT NULL DEFAULT '0',
  `can_use_with_flash_sale` tinyint(1) NOT NULL DEFAULT '0',
  `discount_on` varchar(20) COLLATE utf8mb4_unicode_ci DEFAULT NULL,
  `product_quantity` int unsigned DEFAULT NULL,
  `type_option` varchar(100) COLLATE utf8mb4_unicode_ci NOT NULL DEFAULT 'amount',
  `target` varchar(100) COLLATE utf8mb4_unicode_ci NOT NULL DEFAULT 'all-orders',
  `min_order_price` decimal(15,2) DEFAULT NULL,
  `apply_via_url` tinyint(1) NOT NULL DEFAULT '0',
  `display_at_checkout` tinyint(1) NOT NULL DEFAULT '0',
  `created_at` timestamp NULL DEFAULT NULL,
  `updated_at` timestamp NULL DEFAULT NULL,
  `description` varchar(400) COLLATE utf8mb4_unicode_ci DEFAULT NULL,
  `store_id` bigint unsigned DEFAULT NULL,
  PRIMARY KEY (`id`),
  UNIQUE KEY `ec_discounts_code_unique` (`code`)
) ENGINE=InnoDB AUTO_INCREMENT=11 DEFAULT CHARSET=utf8mb4 COLLATE=utf8mb4_unicode_ci;

--
-- Dumping data for table `ec_discounts`
--

INSERT INTO `ec_discounts` VALUES (1,'Discount 1','PJSKC1TUKBTQ','2025-09-10 08:46:04',NULL,NULL,0,99,'coupon',0,0,NULL,NULL,'percentage','all-orders',NULL,0,1,'2025-09-11 01:46:04','2025-09-11 01:46:04',NULL,NULL),(2,'Discount 2','9BEWSM1TNJKW','2025-09-10 08:46:04','2025-09-23 08:46:04',NULL,0,78,'coupon',0,0,NULL,NULL,'percentage','all-orders',NULL,0,1,'2025-09-11 01:46:04','2025-09-11 01:46:04',NULL,NULL),(3,'Discount 3','LRE0SVE7UOKE','2025-09-10 08:46:04',NULL,NULL,0,86,'coupon',0,0,NULL,NULL,'percentage','all-orders',NULL,0,1,'2025-09-11 01:46:04','2025-09-11 01:46:04',NULL,NULL),(4,'Discount 4','UYFCA9BQ4HR2','2025-09-10 08:46:04',NULL,NULL,0,663,'coupon',0,0,NULL,NULL,'shipping','all-orders',NULL,0,1,'2025-09-11 01:46:04','2025-09-11 01:46:04',NULL,NULL),(5,'Discount 5','X8MBB8AX8ODM','2025-09-10 08:46:04','2025-09-27 08:46:04',NULL,0,844,'coupon',0,0,NULL,NULL,'shipping','all-orders',NULL,0,1,'2025-09-11 01:46:04','2025-09-11 01:46:04',NULL,NULL),(6,'Discount 6','EB9YBVGOP38S','2025-09-10 08:46:04',NULL,NULL,0,291,'coupon',0,0,NULL,NULL,'amount','all-orders',NULL,0,1,'2025-09-11 01:46:04','2025-09-11 01:46:04',NULL,NULL),(7,'Discount 7','6ARKXO9T2H4M','2025-09-10 08:46:04',NULL,NULL,0,328,'coupon',0,0,NULL,NULL,'shipping','all-orders',NULL,0,1,'2025-09-11 01:46:04','2025-09-11 01:46:04',NULL,NULL),(8,'Discount 8','OGVITSGAKRSM','2025-09-10 08:46:04',NULL,NULL,0,242,'coupon',0,0,NULL,NULL,'shipping','all-orders',NULL,0,1,'2025-09-11 01:46:04','2025-09-11 01:46:04',NULL,NULL),(9,'Discount 9','XUSW1ROQHZ1X','2025-09-10 08:46:04',NULL,NULL,0,744,'coupon',0,0,NULL,NULL,'shipping','all-orders',NULL,0,1,'2025-09-11 01:46:04','2025-09-11 01:46:04',NULL,NULL),(10,'Discount 10','MHIFUSAZPLXF','2025-09-10 08:46:04',NULL,NULL,0,4,'coupon',0,0,NULL,NULL,'percentage','all-orders',NULL,0,1,'2025-09-11 01:46:04','2025-09-11 01:46:04',NULL,NULL);

--
-- Table structure for table `ec_flash_sale_products`
--

CREATE TABLE `ec_flash_sale_products` (
  `flash_sale_id` bigint unsigned NOT NULL,
  `product_id` bigint unsigned NOT NULL,
  `price` double unsigned DEFAULT NULL,
  `quantity` int unsigned DEFAULT NULL,
  `sold` int unsigned NOT NULL DEFAULT '0'
) ENGINE=InnoDB DEFAULT CHARSET=utf8mb4 COLLATE=utf8mb4_unicode_ci;

--
-- Dumping data for table `ec_flash_sale_products`
--

INSERT INTO `ec_flash_sale_products` VALUES (1,6,18,16,1),(2,12,1292.5525,8,4),(3,9,515.7,12,1),(4,19,92.8,14,3),(5,8,253.8,15,5),(5,1,320.37,13,5),(5,2,197.6,9,5),(5,3,67.95,7,5),(5,4,387.02,19,3),(5,5,728.85,19,4);

--
-- Table structure for table `ec_flash_sales`
--

CREATE TABLE `ec_flash_sales` (
  `id` bigint unsigned NOT NULL AUTO_INCREMENT,
  `name` varchar(191) COLLATE utf8mb4_unicode_ci NOT NULL,
  `end_date` datetime NOT NULL,
  `status` varchar(60) COLLATE utf8mb4_unicode_ci NOT NULL DEFAULT 'published',
  `created_at` timestamp NULL DEFAULT NULL,
  `updated_at` timestamp NULL DEFAULT NULL,
  PRIMARY KEY (`id`)
) ENGINE=InnoDB AUTO_INCREMENT=6 DEFAULT CHARSET=utf8mb4 COLLATE=utf8mb4_unicode_ci;

--
-- Dumping data for table `ec_flash_sales`
--

INSERT INTO `ec_flash_sales` VALUES (1,'Deal of the Day','2025-10-19 00:00:00','published','2025-09-11 01:46:04','2025-09-11 01:46:04'),(2,'Winter Sale','2025-10-23 00:00:00','published','2025-09-11 01:46:04','2025-09-11 01:46:04'),(3,'Gadgets &amp; Accessories','2025-10-12 00:00:00','published','2025-09-11 01:46:04','2025-09-11 01:46:04'),(4,'Hot products','2025-10-19 00:00:00','published','2025-09-11 01:46:04','2025-09-11 01:46:04'),(5,'Best sale items','2025-10-09 00:00:00','published','2025-09-11 01:46:04','2025-09-11 01:46:04');

--
-- Table structure for table `ec_flash_sales_translations`
--

CREATE TABLE `ec_flash_sales_translations` (
  `lang_code` varchar(191) COLLATE utf8mb4_unicode_ci NOT NULL,
  `ec_flash_sales_id` bigint unsigned NOT NULL,
  `name` varchar(191) COLLATE utf8mb4_unicode_ci DEFAULT NULL,
  PRIMARY KEY (`lang_code`,`ec_flash_sales_id`)
) ENGINE=InnoDB DEFAULT CHARSET=utf8mb4 COLLATE=utf8mb4_unicode_ci;

--
-- Dumping data for table `ec_flash_sales_translations`
--


--
-- Table structure for table `ec_global_option_value`
--

CREATE TABLE `ec_global_option_value` (
  `id` bigint unsigned NOT NULL AUTO_INCREMENT,
  `option_id` bigint unsigned NOT NULL COMMENT 'option id',
  `option_value` tinytext COLLATE utf8mb4_unicode_ci COMMENT 'option value',
  `affect_price` double DEFAULT NULL COMMENT 'value of price of this option affect',
  `order` int NOT NULL DEFAULT '9999',
  `affect_type` tinyint NOT NULL DEFAULT '0' COMMENT '0. fixed 1. percent',
  `created_at` timestamp NULL DEFAULT NULL,
  `updated_at` timestamp NULL DEFAULT NULL,
  PRIMARY KEY (`id`)
) ENGINE=InnoDB AUTO_INCREMENT=13 DEFAULT CHARSET=utf8mb4 COLLATE=utf8mb4_unicode_ci;

--
-- Dumping data for table `ec_global_option_value`
--

INSERT INTO `ec_global_option_value` VALUES (1,1,'1 Year',0,9999,0,'2025-09-11 01:46:30','2025-09-11 01:46:30'),(2,1,'2 Year',10,9999,0,'2025-09-11 01:46:30','2025-09-11 01:46:30'),(3,1,'3 Year',20,9999,0,'2025-09-11 01:46:30','2025-09-11 01:46:30'),(4,2,'4GB',0,9999,0,'2025-09-11 01:46:30','2025-09-11 01:46:30'),(5,2,'8GB',10,9999,0,'2025-09-11 01:46:30','2025-09-11 01:46:30'),(6,2,'16GB',20,9999,0,'2025-09-11 01:46:30','2025-09-11 01:46:30'),(7,3,'Core i5',0,9999,0,'2025-09-11 01:46:30','2025-09-11 01:46:30'),(8,3,'Core i7',10,9999,0,'2025-09-11 01:46:30','2025-09-11 01:46:30'),(9,3,'Core i9',20,9999,0,'2025-09-11 01:46:30','2025-09-11 01:46:30'),(10,4,'128GB',0,9999,0,'2025-09-11 01:46:30','2025-09-11 01:46:30'),(11,4,'256GB',10,9999,0,'2025-09-11 01:46:30','2025-09-11 01:46:30'),(12,4,'512GB',20,9999,0,'2025-09-11 01:46:30','2025-09-11 01:46:30');

--
-- Table structure for table `ec_global_option_value_translations`
--

CREATE TABLE `ec_global_option_value_translations` (
  `lang_code` varchar(191) COLLATE utf8mb4_unicode_ci NOT NULL,
  `ec_global_option_value_id` bigint unsigned NOT NULL,
  `option_value` varchar(191) COLLATE utf8mb4_unicode_ci DEFAULT NULL,
  PRIMARY KEY (`lang_code`,`ec_global_option_value_id`)
) ENGINE=InnoDB DEFAULT CHARSET=utf8mb4 COLLATE=utf8mb4_unicode_ci;

--
-- Dumping data for table `ec_global_option_value_translations`
--


--
-- Table structure for table `ec_global_options`
--

CREATE TABLE `ec_global_options` (
  `id` bigint unsigned NOT NULL AUTO_INCREMENT,
  `name` varchar(191) COLLATE utf8mb4_unicode_ci NOT NULL COMMENT 'Name of options',
  `option_type` varchar(191) COLLATE utf8mb4_unicode_ci NOT NULL COMMENT 'option type',
  `required` tinyint(1) NOT NULL DEFAULT '0' COMMENT 'Checked if this option is required',
  `created_at` timestamp NULL DEFAULT NULL,
  `updated_at` timestamp NULL DEFAULT NULL,
  PRIMARY KEY (`id`)
) ENGINE=InnoDB AUTO_INCREMENT=5 DEFAULT CHARSET=utf8mb4 COLLATE=utf8mb4_unicode_ci;

--
-- Dumping data for table `ec_global_options`
--

INSERT INTO `ec_global_options` VALUES (1,'Warranty','Botble\\Ecommerce\\Option\\OptionType\\RadioButton',1,'2025-09-11 01:46:30','2025-09-11 01:46:30'),(2,'RAM','Botble\\Ecommerce\\Option\\OptionType\\RadioButton',1,'2025-09-11 01:46:30','2025-09-11 01:46:30'),(3,'CPU','Botble\\Ecommerce\\Option\\OptionType\\RadioButton',1,'2025-09-11 01:46:30','2025-09-11 01:46:30'),(4,'HDD','Botble\\Ecommerce\\Option\\OptionType\\Dropdown',0,'2025-09-11 01:46:30','2025-09-11 01:46:30');

--
-- Table structure for table `ec_global_options_translations`
--

CREATE TABLE `ec_global_options_translations` (
  `lang_code` varchar(191) COLLATE utf8mb4_unicode_ci NOT NULL,
  `ec_global_options_id` bigint unsigned NOT NULL,
  `name` varchar(191) COLLATE utf8mb4_unicode_ci DEFAULT NULL,
  PRIMARY KEY (`lang_code`,`ec_global_options_id`)
) ENGINE=InnoDB DEFAULT CHARSET=utf8mb4 COLLATE=utf8mb4_unicode_ci;

--
-- Dumping data for table `ec_global_options_translations`
--


--
-- Table structure for table `ec_grouped_products`
--

CREATE TABLE `ec_grouped_products` (
  `id` bigint unsigned NOT NULL AUTO_INCREMENT,
  `parent_product_id` bigint unsigned NOT NULL,
  `product_id` bigint unsigned NOT NULL,
  `fixed_qty` int NOT NULL DEFAULT '1',
  PRIMARY KEY (`id`)
) ENGINE=InnoDB DEFAULT CHARSET=utf8mb4 COLLATE=utf8mb4_unicode_ci;

--
-- Dumping data for table `ec_grouped_products`
--


--
-- Table structure for table `ec_invoice_items`
--

CREATE TABLE `ec_invoice_items` (
  `id` bigint unsigned NOT NULL AUTO_INCREMENT,
  `invoice_id` bigint unsigned NOT NULL,
  `reference_type` varchar(191) COLLATE utf8mb4_unicode_ci NOT NULL,
  `reference_id` bigint unsigned NOT NULL,
  `name` varchar(191) COLLATE utf8mb4_unicode_ci NOT NULL,
  `description` varchar(400) COLLATE utf8mb4_unicode_ci DEFAULT NULL,
  `image` varchar(191) COLLATE utf8mb4_unicode_ci DEFAULT NULL,
  `qty` int unsigned NOT NULL,
  `price` decimal(15,2) NOT NULL DEFAULT '0.00',
  `sub_total` decimal(15,2) unsigned NOT NULL,
  `tax_amount` decimal(15,2) unsigned NOT NULL DEFAULT '0.00',
  `discount_amount` decimal(15,2) unsigned NOT NULL DEFAULT '0.00',
  `amount` decimal(15,2) unsigned NOT NULL,
  `options` text COLLATE utf8mb4_unicode_ci,
  `created_at` timestamp NULL DEFAULT NULL,
  `updated_at` timestamp NULL DEFAULT NULL,
  PRIMARY KEY (`id`),
  KEY `ec_invoice_items_reference_type_reference_id_index` (`reference_type`,`reference_id`)
) ENGINE=InnoDB DEFAULT CHARSET=utf8mb4 COLLATE=utf8mb4_unicode_ci;

--
-- Dumping data for table `ec_invoice_items`
--


--
-- Table structure for table `ec_invoices`
--

CREATE TABLE `ec_invoices` (
  `id` bigint unsigned NOT NULL AUTO_INCREMENT,
  `reference_type` varchar(191) COLLATE utf8mb4_unicode_ci NOT NULL,
  `reference_id` bigint unsigned NOT NULL,
  `code` varchar(191) COLLATE utf8mb4_unicode_ci NOT NULL,
  `customer_name` varchar(191) COLLATE utf8mb4_unicode_ci DEFAULT NULL,
  `company_name` varchar(191) COLLATE utf8mb4_unicode_ci DEFAULT NULL,
  `company_logo` varchar(191) COLLATE utf8mb4_unicode_ci DEFAULT NULL,
  `customer_email` varchar(191) COLLATE utf8mb4_unicode_ci DEFAULT NULL,
  `customer_phone` varchar(191) COLLATE utf8mb4_unicode_ci DEFAULT NULL,
  `customer_address` varchar(191) COLLATE utf8mb4_unicode_ci DEFAULT NULL,
  `customer_country` varchar(191) COLLATE utf8mb4_unicode_ci DEFAULT NULL,
  `customer_state` varchar(191) COLLATE utf8mb4_unicode_ci DEFAULT NULL,
  `customer_city` varchar(191) COLLATE utf8mb4_unicode_ci DEFAULT NULL,
  `customer_zip_code` varchar(191) COLLATE utf8mb4_unicode_ci DEFAULT NULL,
  `customer_address_line` varchar(191) COLLATE utf8mb4_unicode_ci DEFAULT NULL,
  `customer_tax_id` varchar(191) COLLATE utf8mb4_unicode_ci DEFAULT NULL,
  `sub_total` decimal(15,2) unsigned NOT NULL,
  `tax_amount` decimal(15,2) DEFAULT '0.00',
  `shipping_amount` decimal(15,2) unsigned NOT NULL DEFAULT '0.00',
  `payment_fee` decimal(15,2) DEFAULT '0.00',
  `discount_amount` decimal(15,2) unsigned NOT NULL DEFAULT '0.00',
  `shipping_option` varchar(60) COLLATE utf8mb4_unicode_ci DEFAULT NULL,
  `shipping_method` varchar(60) COLLATE utf8mb4_unicode_ci NOT NULL DEFAULT 'default',
  `coupon_code` varchar(120) COLLATE utf8mb4_unicode_ci DEFAULT NULL,
  `discount_description` varchar(191) COLLATE utf8mb4_unicode_ci DEFAULT NULL,
  `amount` decimal(15,2) unsigned NOT NULL,
  `description` text COLLATE utf8mb4_unicode_ci,
  `payment_id` bigint unsigned DEFAULT NULL,
  `status` varchar(191) COLLATE utf8mb4_unicode_ci NOT NULL DEFAULT 'pending',
  `paid_at` timestamp NULL DEFAULT NULL,
  `created_at` timestamp NULL DEFAULT NULL,
  `updated_at` timestamp NULL DEFAULT NULL,
  PRIMARY KEY (`id`),
  UNIQUE KEY `ec_invoices_code_unique` (`code`),
  KEY `ec_invoices_reference_type_reference_id_index` (`reference_type`,`reference_id`),
  KEY `ec_invoices_payment_id_index` (`payment_id`),
  KEY `ec_invoices_status_index` (`status`)
) ENGINE=InnoDB DEFAULT CHARSET=utf8mb4 COLLATE=utf8mb4_unicode_ci;

--
-- Dumping data for table `ec_invoices`
--


--
-- Table structure for table `ec_option_value`
--

CREATE TABLE `ec_option_value` (
  `id` bigint unsigned NOT NULL AUTO_INCREMENT,
  `option_id` bigint unsigned NOT NULL COMMENT 'option id',
  `option_value` tinytext COLLATE utf8mb4_unicode_ci COMMENT 'option value',
  `affect_price` double DEFAULT NULL COMMENT 'value of price of this option affect',
  `order` int NOT NULL DEFAULT '9999',
  `affect_type` tinyint NOT NULL DEFAULT '0' COMMENT '0. fixed 1. percent',
  `created_at` timestamp NULL DEFAULT NULL,
  `updated_at` timestamp NULL DEFAULT NULL,
  PRIMARY KEY (`id`)
) ENGINE=InnoDB DEFAULT CHARSET=utf8mb4 COLLATE=utf8mb4_unicode_ci;

--
-- Dumping data for table `ec_option_value`
--


--
-- Table structure for table `ec_option_value_translations`
--

CREATE TABLE `ec_option_value_translations` (
  `lang_code` varchar(191) COLLATE utf8mb4_unicode_ci NOT NULL,
  `ec_option_value_id` bigint unsigned NOT NULL,
  `option_value` varchar(191) COLLATE utf8mb4_unicode_ci DEFAULT NULL,
  PRIMARY KEY (`lang_code`,`ec_option_value_id`)
) ENGINE=InnoDB DEFAULT CHARSET=utf8mb4 COLLATE=utf8mb4_unicode_ci;

--
-- Dumping data for table `ec_option_value_translations`
--


--
-- Table structure for table `ec_options`
--

CREATE TABLE `ec_options` (
  `id` bigint unsigned NOT NULL AUTO_INCREMENT,
  `name` varchar(191) COLLATE utf8mb4_unicode_ci NOT NULL COMMENT 'Name of options',
  `option_type` varchar(191) COLLATE utf8mb4_unicode_ci DEFAULT NULL COMMENT 'option type',
  `product_id` bigint unsigned NOT NULL DEFAULT '0',
  `order` int NOT NULL DEFAULT '9999',
  `required` tinyint(1) NOT NULL DEFAULT '0' COMMENT 'Checked if this option is required',
  `created_at` timestamp NULL DEFAULT NULL,
  `updated_at` timestamp NULL DEFAULT NULL,
  PRIMARY KEY (`id`)
) ENGINE=InnoDB DEFAULT CHARSET=utf8mb4 COLLATE=utf8mb4_unicode_ci;

--
-- Dumping data for table `ec_options`
--


--
-- Table structure for table `ec_options_translations`
--

CREATE TABLE `ec_options_translations` (
  `lang_code` varchar(191) COLLATE utf8mb4_unicode_ci NOT NULL,
  `ec_options_id` bigint unsigned NOT NULL,
  `name` varchar(191) COLLATE utf8mb4_unicode_ci DEFAULT NULL,
  PRIMARY KEY (`lang_code`,`ec_options_id`)
) ENGINE=InnoDB DEFAULT CHARSET=utf8mb4 COLLATE=utf8mb4_unicode_ci;

--
-- Dumping data for table `ec_options_translations`
--


--
-- Table structure for table `ec_order_addresses`
--

CREATE TABLE `ec_order_addresses` (
  `id` bigint unsigned NOT NULL AUTO_INCREMENT,
  `name` varchar(191) COLLATE utf8mb4_unicode_ci NOT NULL,
  `phone` varchar(20) COLLATE utf8mb4_unicode_ci DEFAULT NULL,
  `email` varchar(191) COLLATE utf8mb4_unicode_ci DEFAULT NULL,
  `country` varchar(120) COLLATE utf8mb4_unicode_ci DEFAULT NULL,
  `state` varchar(120) COLLATE utf8mb4_unicode_ci DEFAULT NULL,
  `city` varchar(120) COLLATE utf8mb4_unicode_ci DEFAULT NULL,
  `address` varchar(191) COLLATE utf8mb4_unicode_ci DEFAULT NULL,
  `order_id` bigint unsigned NOT NULL,
  `zip_code` varchar(20) COLLATE utf8mb4_unicode_ci DEFAULT NULL,
  `type` varchar(60) COLLATE utf8mb4_unicode_ci NOT NULL DEFAULT 'shipping_address',
  PRIMARY KEY (`id`)
) ENGINE=InnoDB DEFAULT CHARSET=utf8mb4 COLLATE=utf8mb4_unicode_ci;

--
-- Dumping data for table `ec_order_addresses`
--


--
-- Table structure for table `ec_order_histories`
--

CREATE TABLE `ec_order_histories` (
  `id` bigint unsigned NOT NULL AUTO_INCREMENT,
  `action` varchar(120) COLLATE utf8mb4_unicode_ci NOT NULL,
  `description` varchar(400) COLLATE utf8mb4_unicode_ci DEFAULT NULL,
  `user_id` bigint unsigned DEFAULT NULL,
  `order_id` bigint unsigned NOT NULL,
  `extras` text COLLATE utf8mb4_unicode_ci,
  `created_at` timestamp NULL DEFAULT NULL,
  `updated_at` timestamp NULL DEFAULT NULL,
  PRIMARY KEY (`id`)
) ENGINE=InnoDB DEFAULT CHARSET=utf8mb4 COLLATE=utf8mb4_unicode_ci;

--
-- Dumping data for table `ec_order_histories`
--


--
-- Table structure for table `ec_order_product`
--

CREATE TABLE `ec_order_product` (
  `id` bigint unsigned NOT NULL AUTO_INCREMENT,
  `order_id` bigint unsigned NOT NULL,
  `qty` int NOT NULL,
  `price` decimal(15,2) NOT NULL,
  `tax_amount` decimal(15,2) DEFAULT '0.00',
  `options` text COLLATE utf8mb4_unicode_ci,
  `product_options` text COLLATE utf8mb4_unicode_ci COMMENT 'product option data',
  `product_id` bigint unsigned DEFAULT NULL,
  `product_name` varchar(191) COLLATE utf8mb4_unicode_ci NOT NULL,
  `product_image` varchar(191) COLLATE utf8mb4_unicode_ci DEFAULT NULL,
  `weight` double DEFAULT '0',
  `restock_quantity` int unsigned DEFAULT '0',
  `created_at` timestamp NULL DEFAULT NULL,
  `updated_at` timestamp NULL DEFAULT NULL,
  `product_type` varchar(60) COLLATE utf8mb4_unicode_ci NOT NULL DEFAULT 'physical',
  `times_downloaded` int NOT NULL DEFAULT '0',
  `license_code` text COLLATE utf8mb4_unicode_ci,
  `downloaded_at` timestamp NULL DEFAULT NULL,
  PRIMARY KEY (`id`)
) ENGINE=InnoDB DEFAULT CHARSET=utf8mb4 COLLATE=utf8mb4_unicode_ci;

--
-- Dumping data for table `ec_order_product`
--


--
-- Table structure for table `ec_order_referrals`
--

CREATE TABLE `ec_order_referrals` (
  `id` bigint unsigned NOT NULL AUTO_INCREMENT,
  `ip` varchar(39) COLLATE utf8mb4_unicode_ci DEFAULT NULL,
  `landing_domain` varchar(191) COLLATE utf8mb4_unicode_ci DEFAULT NULL,
  `landing_page` varchar(191) COLLATE utf8mb4_unicode_ci DEFAULT NULL,
  `landing_params` varchar(191) COLLATE utf8mb4_unicode_ci DEFAULT NULL,
  `referral` varchar(191) COLLATE utf8mb4_unicode_ci DEFAULT NULL,
  `gclid` varchar(191) COLLATE utf8mb4_unicode_ci DEFAULT NULL,
  `fclid` varchar(191) COLLATE utf8mb4_unicode_ci DEFAULT NULL,
  `utm_source` varchar(191) COLLATE utf8mb4_unicode_ci DEFAULT NULL,
  `utm_campaign` varchar(191) COLLATE utf8mb4_unicode_ci DEFAULT NULL,
  `utm_medium` varchar(191) COLLATE utf8mb4_unicode_ci DEFAULT NULL,
  `utm_term` varchar(191) COLLATE utf8mb4_unicode_ci DEFAULT NULL,
  `utm_content` varchar(191) COLLATE utf8mb4_unicode_ci DEFAULT NULL,
  `referrer_url` text COLLATE utf8mb4_unicode_ci,
  `referrer_domain` varchar(191) COLLATE utf8mb4_unicode_ci DEFAULT NULL,
  `order_id` bigint unsigned DEFAULT NULL,
  `created_at` timestamp NULL DEFAULT NULL,
  `updated_at` timestamp NULL DEFAULT NULL,
  PRIMARY KEY (`id`),
  KEY `ec_order_referrals_order_id_index` (`order_id`)
) ENGINE=InnoDB DEFAULT CHARSET=utf8mb4 COLLATE=utf8mb4_unicode_ci;

--
-- Dumping data for table `ec_order_referrals`
--


--
-- Table structure for table `ec_order_return_histories`
--

CREATE TABLE `ec_order_return_histories` (
  `id` bigint unsigned NOT NULL AUTO_INCREMENT,
  `user_id` bigint unsigned DEFAULT NULL,
  `order_return_id` bigint unsigned NOT NULL,
  `action` varchar(191) COLLATE utf8mb4_unicode_ci NOT NULL,
  `description` varchar(400) COLLATE utf8mb4_unicode_ci DEFAULT NULL,
  `reason` varchar(191) COLLATE utf8mb4_unicode_ci DEFAULT NULL,
  `created_at` timestamp NULL DEFAULT NULL,
  `updated_at` timestamp NULL DEFAULT NULL,
  PRIMARY KEY (`id`)
) ENGINE=InnoDB DEFAULT CHARSET=utf8mb4 COLLATE=utf8mb4_unicode_ci;

--
-- Dumping data for table `ec_order_return_histories`
--


--
-- Table structure for table `ec_order_return_items`
--

CREATE TABLE `ec_order_return_items` (
  `id` bigint unsigned NOT NULL AUTO_INCREMENT,
  `order_return_id` bigint unsigned NOT NULL COMMENT 'Order return id',
  `order_product_id` bigint unsigned NOT NULL COMMENT 'Order product id',
  `product_id` bigint unsigned NOT NULL COMMENT 'Product id',
  `product_name` varchar(191) COLLATE utf8mb4_unicode_ci NOT NULL,
  `product_image` varchar(191) COLLATE utf8mb4_unicode_ci DEFAULT NULL,
  `qty` int NOT NULL COMMENT 'Quantity return',
  `price` decimal(15,2) NOT NULL COMMENT 'Price Product',
  `reason` text COLLATE utf8mb4_unicode_ci,
  `created_at` timestamp NULL DEFAULT NULL,
  `updated_at` timestamp NULL DEFAULT NULL,
  `refund_amount` decimal(12,2) DEFAULT '0.00',
  PRIMARY KEY (`id`)
) ENGINE=InnoDB DEFAULT CHARSET=utf8mb4 COLLATE=utf8mb4_unicode_ci;

--
-- Dumping data for table `ec_order_return_items`
--


--
-- Table structure for table `ec_order_returns`
--

CREATE TABLE `ec_order_returns` (
  `id` bigint unsigned NOT NULL AUTO_INCREMENT,
  `code` varchar(191) COLLATE utf8mb4_unicode_ci DEFAULT NULL,
  `order_id` bigint unsigned NOT NULL COMMENT 'Order ID',
  `store_id` bigint unsigned DEFAULT NULL COMMENT 'Store ID',
  `user_id` bigint unsigned NOT NULL COMMENT 'Customer ID',
  `reason` text COLLATE utf8mb4_unicode_ci COMMENT 'Reason return order',
  `order_status` varchar(191) COLLATE utf8mb4_unicode_ci DEFAULT NULL COMMENT 'Order current status',
  `return_status` varchar(191) COLLATE utf8mb4_unicode_ci NOT NULL COMMENT 'Return status',
  `created_at` timestamp NULL DEFAULT NULL,
  `updated_at` timestamp NULL DEFAULT NULL,
  PRIMARY KEY (`id`),
  UNIQUE KEY `ec_order_returns_code_unique` (`code`)
) ENGINE=InnoDB DEFAULT CHARSET=utf8mb4 COLLATE=utf8mb4_unicode_ci;

--
-- Dumping data for table `ec_order_returns`
--


--
-- Table structure for table `ec_order_tax_information`
--

CREATE TABLE `ec_order_tax_information` (
  `id` bigint unsigned NOT NULL AUTO_INCREMENT,
  `order_id` bigint unsigned NOT NULL,
  `company_name` varchar(120) COLLATE utf8mb4_unicode_ci NOT NULL,
  `company_address` varchar(191) COLLATE utf8mb4_unicode_ci NOT NULL,
  `company_tax_code` varchar(20) COLLATE utf8mb4_unicode_ci NOT NULL,
  `company_email` varchar(60) COLLATE utf8mb4_unicode_ci NOT NULL,
  `created_at` timestamp NULL DEFAULT NULL,
  `updated_at` timestamp NULL DEFAULT NULL,
  PRIMARY KEY (`id`),
  KEY `ec_order_tax_information_order_id_index` (`order_id`)
) ENGINE=InnoDB DEFAULT CHARSET=utf8mb4 COLLATE=utf8mb4_unicode_ci;

--
-- Dumping data for table `ec_order_tax_information`
--


--
-- Table structure for table `ec_orders`
--

CREATE TABLE `ec_orders` (
  `id` bigint unsigned NOT NULL AUTO_INCREMENT,
  `code` varchar(191) COLLATE utf8mb4_unicode_ci DEFAULT NULL,
  `user_id` bigint unsigned DEFAULT NULL,
  `shipping_option` varchar(60) COLLATE utf8mb4_unicode_ci DEFAULT NULL,
  `shipping_method` varchar(60) COLLATE utf8mb4_unicode_ci NOT NULL DEFAULT 'default',
  `status` varchar(120) COLLATE utf8mb4_unicode_ci NOT NULL DEFAULT 'pending',
  `amount` decimal(15,2) NOT NULL,
  `tax_amount` decimal(15,2) DEFAULT '0.00',
  `shipping_amount` decimal(15,2) DEFAULT NULL,
  `payment_fee` decimal(15,2) DEFAULT '0.00',
  `description` text COLLATE utf8mb4_unicode_ci,
  `coupon_code` varchar(120) COLLATE utf8mb4_unicode_ci DEFAULT NULL,
  `discount_amount` decimal(15,2) DEFAULT NULL,
  `sub_total` decimal(15,2) NOT NULL,
  `is_confirmed` tinyint(1) NOT NULL DEFAULT '0',
  `discount_description` varchar(191) COLLATE utf8mb4_unicode_ci DEFAULT NULL,
  `is_finished` tinyint(1) DEFAULT '0',
  `cancellation_reason` varchar(191) COLLATE utf8mb4_unicode_ci DEFAULT NULL,
  `cancellation_reason_description` varchar(191) COLLATE utf8mb4_unicode_ci DEFAULT NULL,
  `completed_at` timestamp NULL DEFAULT NULL,
  `token` varchar(120) COLLATE utf8mb4_unicode_ci DEFAULT NULL,
  `payment_id` bigint unsigned DEFAULT NULL,
  `created_at` timestamp NULL DEFAULT NULL,
  `updated_at` timestamp NULL DEFAULT NULL,
  `proof_file` varchar(191) COLLATE utf8mb4_unicode_ci DEFAULT NULL,
  `private_notes` text COLLATE utf8mb4_unicode_ci,
  `store_id` bigint unsigned DEFAULT NULL,
  PRIMARY KEY (`id`),
  UNIQUE KEY `ec_orders_code_unique` (`code`),
  KEY `ec_orders_user_id_status_created_at_index` (`user_id`,`status`,`created_at`)
) ENGINE=InnoDB DEFAULT CHARSET=utf8mb4 COLLATE=utf8mb4_unicode_ci;

--
-- Dumping data for table `ec_orders`
--


--
-- Table structure for table `ec_product_attribute_sets`
--

CREATE TABLE `ec_product_attribute_sets` (
  `id` bigint unsigned NOT NULL AUTO_INCREMENT,
  `title` varchar(120) COLLATE utf8mb4_unicode_ci NOT NULL,
  `slug` varchar(120) COLLATE utf8mb4_unicode_ci DEFAULT NULL,
  `display_layout` varchar(191) COLLATE utf8mb4_unicode_ci NOT NULL DEFAULT 'dropdown',
  `is_searchable` tinyint unsigned NOT NULL DEFAULT '1',
  `is_comparable` tinyint unsigned NOT NULL DEFAULT '1',
  `is_use_in_product_listing` tinyint unsigned NOT NULL DEFAULT '0',
  `status` varchar(60) COLLATE utf8mb4_unicode_ci NOT NULL DEFAULT 'published',
  `order` tinyint unsigned NOT NULL DEFAULT '0',
  `created_at` timestamp NULL DEFAULT NULL,
  `updated_at` timestamp NULL DEFAULT NULL,
  `use_image_from_product_variation` tinyint unsigned NOT NULL DEFAULT '0',
  PRIMARY KEY (`id`),
  KEY `idx_order_id` (`order`,`id`)
) ENGINE=InnoDB AUTO_INCREMENT=3 DEFAULT CHARSET=utf8mb4 COLLATE=utf8mb4_unicode_ci;

--
-- Dumping data for table `ec_product_attribute_sets`
--

INSERT INTO `ec_product_attribute_sets` VALUES (1,'Weight','weight','text',1,1,1,'published',0,'2025-09-11 01:45:37','2025-09-11 01:45:37',0),(2,'Boxes','boxes','text',1,1,1,'published',1,'2025-09-11 01:45:37','2025-09-11 01:45:37',0);

--
-- Table structure for table `ec_product_attribute_sets_translations`
--

CREATE TABLE `ec_product_attribute_sets_translations` (
  `lang_code` varchar(191) COLLATE utf8mb4_unicode_ci NOT NULL,
  `ec_product_attribute_sets_id` bigint unsigned NOT NULL,
  `title` varchar(191) COLLATE utf8mb4_unicode_ci DEFAULT NULL,
  PRIMARY KEY (`lang_code`,`ec_product_attribute_sets_id`)
) ENGINE=InnoDB DEFAULT CHARSET=utf8mb4 COLLATE=utf8mb4_unicode_ci;

--
-- Dumping data for table `ec_product_attribute_sets_translations`
--


--
-- Table structure for table `ec_product_attributes`
--

CREATE TABLE `ec_product_attributes` (
  `id` bigint unsigned NOT NULL AUTO_INCREMENT,
  `attribute_set_id` bigint unsigned NOT NULL,
  `title` varchar(120) COLLATE utf8mb4_unicode_ci NOT NULL,
  `slug` varchar(120) COLLATE utf8mb4_unicode_ci DEFAULT NULL,
  `color` varchar(120) COLLATE utf8mb4_unicode_ci DEFAULT NULL,
  `image` varchar(191) COLLATE utf8mb4_unicode_ci DEFAULT NULL,
  `is_default` tinyint unsigned NOT NULL DEFAULT '0',
  `order` tinyint unsigned NOT NULL DEFAULT '0',
  `created_at` timestamp NULL DEFAULT NULL,
  `updated_at` timestamp NULL DEFAULT NULL,
  PRIMARY KEY (`id`),
  KEY `attribute_set_status_index` (`attribute_set_id`),
  KEY `idx_attribute_set_id` (`attribute_set_id`),
  KEY `idx_attribute_set_order_id` (`attribute_set_id`,`order`,`id`)
) ENGINE=InnoDB AUTO_INCREMENT=11 DEFAULT CHARSET=utf8mb4 COLLATE=utf8mb4_unicode_ci;

--
-- Dumping data for table `ec_product_attributes`
--

INSERT INTO `ec_product_attributes` VALUES (1,1,'1KG','1kg',NULL,NULL,1,1,'2025-09-11 01:45:37','2025-09-11 01:45:37'),(2,1,'2KG','2kg',NULL,NULL,0,2,'2025-09-11 01:45:37','2025-09-11 01:45:37'),(3,1,'3KG','3kg',NULL,NULL,0,3,'2025-09-11 01:45:37','2025-09-11 01:45:37'),(4,1,'4KG','4kg',NULL,NULL,0,4,'2025-09-11 01:45:37','2025-09-11 01:45:37'),(5,1,'5KG','5kg',NULL,NULL,0,5,'2025-09-11 01:45:37','2025-09-11 01:45:37'),(6,2,'1 Box','1-box',NULL,NULL,1,1,'2025-09-11 01:45:37','2025-09-11 01:45:37'),(7,2,'2 Boxes','2-boxes',NULL,NULL,0,2,'2025-09-11 01:45:37','2025-09-11 01:45:37'),(8,2,'3 Boxes','3-boxes',NULL,NULL,0,3,'2025-09-11 01:45:37','2025-09-11 01:45:37'),(9,2,'4 Boxes','4-boxes',NULL,NULL,0,4,'2025-09-11 01:45:37','2025-09-11 01:45:37'),(10,2,'5 Boxes','5-boxes',NULL,NULL,0,5,'2025-09-11 01:45:37','2025-09-11 01:45:37');

--
-- Table structure for table `ec_product_attributes_translations`
--

CREATE TABLE `ec_product_attributes_translations` (
  `lang_code` varchar(191) COLLATE utf8mb4_unicode_ci NOT NULL,
  `ec_product_attributes_id` bigint unsigned NOT NULL,
  `title` varchar(191) COLLATE utf8mb4_unicode_ci DEFAULT NULL,
  PRIMARY KEY (`lang_code`,`ec_product_attributes_id`)
) ENGINE=InnoDB DEFAULT CHARSET=utf8mb4 COLLATE=utf8mb4_unicode_ci;

--
-- Dumping data for table `ec_product_attributes_translations`
--


--
-- Table structure for table `ec_product_categories`
--

CREATE TABLE `ec_product_categories` (
  `id` bigint unsigned NOT NULL AUTO_INCREMENT,
  `name` varchar(191) COLLATE utf8mb4_unicode_ci NOT NULL,
  `slug` varchar(191) COLLATE utf8mb4_unicode_ci DEFAULT NULL,
  `parent_id` bigint unsigned NOT NULL DEFAULT '0',
  `description` mediumtext COLLATE utf8mb4_unicode_ci,
  `status` varchar(60) COLLATE utf8mb4_unicode_ci NOT NULL DEFAULT 'published',
  `order` int unsigned NOT NULL DEFAULT '0',
  `image` varchar(191) COLLATE utf8mb4_unicode_ci DEFAULT NULL,
  `is_featured` tinyint unsigned NOT NULL DEFAULT '0',
  `created_at` timestamp NULL DEFAULT NULL,
  `updated_at` timestamp NULL DEFAULT NULL,
  `icon` varchar(191) COLLATE utf8mb4_unicode_ci DEFAULT NULL,
  `icon_image` varchar(191) COLLATE utf8mb4_unicode_ci DEFAULT NULL,
  PRIMARY KEY (`id`),
  KEY `ec_product_categories_parent_id_status_created_at_index` (`parent_id`,`status`,`created_at`),
  KEY `ec_product_categories_parent_id_status_index` (`parent_id`,`status`),
  KEY `idx_categories_status_order` (`status`,`order`),
  KEY `idx_categories_order` (`order`),
  KEY `ec_product_categories_slug_index` (`slug`)
) ENGINE=InnoDB AUTO_INCREMENT=15 DEFAULT CHARSET=utf8mb4 COLLATE=utf8mb4_unicode_ci;

--
-- Dumping data for table `ec_product_categories`
--

INSERT INTO `ec_product_categories` VALUES (1,'Milks and Dairies',NULL,0,NULL,'published',0,'product-categories/image-1.png',1,'2025-09-11 01:45:37','2025-09-11 01:45:37',NULL,'product-categories/icon-1.png'),(2,'Clothing & beauty',NULL,0,NULL,'published',1,'product-categories/image-2.png',1,'2025-09-11 01:45:37','2025-09-11 01:45:37',NULL,'product-categories/icon-2.png'),(3,'Pet Toy',NULL,0,NULL,'published',2,'product-categories/image-3.png',1,'2025-09-11 01:45:37','2025-09-11 01:45:37',NULL,'product-categories/icon-3.png'),(4,'Baking material',NULL,0,NULL,'published',3,'product-categories/image-4.png',1,'2025-09-11 01:45:37','2025-09-11 01:45:37',NULL,'product-categories/icon-4.png'),(5,'Fresh Fruit',NULL,0,NULL,'published',4,'product-categories/image-5.png',1,'2025-09-11 01:45:37','2025-09-11 01:45:37',NULL,'product-categories/icon-5.png'),(6,'Wines & Drinks',NULL,0,NULL,'published',5,'product-categories/image-6.png',1,'2025-09-11 01:45:37','2025-09-11 01:45:37',NULL,'product-categories/icon-6.png'),(7,'Fresh Seafood',NULL,0,NULL,'published',6,'product-categories/image-7.png',1,'2025-09-11 01:45:37','2025-09-11 01:45:37',NULL,'product-categories/icon-7.png'),(8,'Fast food',NULL,0,NULL,'published',7,'product-categories/image-8.png',1,'2025-09-11 01:45:37','2025-09-11 01:45:37',NULL,'product-categories/icon-8.png'),(9,'Vegetables',NULL,0,NULL,'published',8,'product-categories/image-9.png',1,'2025-09-11 01:45:37','2025-09-11 01:45:37',NULL,'product-categories/icon-9.png'),(10,'Bread and Juice',NULL,0,NULL,'published',9,'product-categories/image-10.png',1,'2025-09-11 01:45:37','2025-09-11 01:45:37',NULL,'product-categories/icon-10.png'),(11,'Cake & Milk',NULL,0,NULL,'published',10,'product-categories/image-11.png',1,'2025-09-11 01:45:37','2025-09-11 01:45:37',NULL,'product-categories/icon-11.png'),(12,'Coffee & Teas',NULL,0,NULL,'published',11,'product-categories/image-12.png',1,'2025-09-11 01:45:37','2025-09-11 01:45:37',NULL,'product-categories/icon-12.png'),(13,'Pet Foods',NULL,0,NULL,'published',12,'product-categories/image-13.png',0,'2025-09-11 01:45:37','2025-09-11 01:45:37',NULL,'product-categories/icon-13.png'),(14,'Diet Foods',NULL,0,NULL,'published',13,'product-categories/image-14.png',0,'2025-09-11 01:45:37','2025-09-11 01:45:37',NULL,'product-categories/icon-14.png');

--
-- Table structure for table `ec_product_categories_translations`
--

CREATE TABLE `ec_product_categories_translations` (
  `lang_code` varchar(191) COLLATE utf8mb4_unicode_ci NOT NULL,
  `ec_product_categories_id` bigint unsigned NOT NULL,
  `name` varchar(191) COLLATE utf8mb4_unicode_ci DEFAULT NULL,
  `slug` varchar(191) COLLATE utf8mb4_unicode_ci DEFAULT NULL,
  `description` mediumtext COLLATE utf8mb4_unicode_ci,
  PRIMARY KEY (`lang_code`,`ec_product_categories_id`)
) ENGINE=InnoDB DEFAULT CHARSET=utf8mb4 COLLATE=utf8mb4_unicode_ci;

--
-- Dumping data for table `ec_product_categories_translations`
--


--
-- Table structure for table `ec_product_categorizables`
--

CREATE TABLE `ec_product_categorizables` (
  `category_id` bigint unsigned NOT NULL,
  `reference_id` bigint unsigned NOT NULL,
  `reference_type` varchar(120) COLLATE utf8mb4_unicode_ci NOT NULL,
  PRIMARY KEY (`category_id`,`reference_id`,`reference_type`),
  KEY `ec_product_categorizables_category_id_index` (`category_id`),
  KEY `ec_product_categorizables_reference_id_index` (`reference_id`),
  KEY `ec_product_categorizables_reference_type_index` (`reference_type`)
) ENGINE=InnoDB DEFAULT CHARSET=utf8mb4 COLLATE=utf8mb4_unicode_ci;

--
-- Dumping data for table `ec_product_categorizables`
--


--
-- Table structure for table `ec_product_category_product`
--

CREATE TABLE `ec_product_category_product` (
  `category_id` bigint unsigned NOT NULL,
  `product_id` bigint unsigned NOT NULL,
  PRIMARY KEY (`product_id`,`category_id`),
  KEY `ec_product_category_product_category_id_index` (`category_id`),
  KEY `ec_product_category_product_product_id_index` (`product_id`),
  KEY `idx_product_category` (`product_id`,`category_id`),
  KEY `idx_product_category_composite` (`product_id`,`category_id`)
) ENGINE=InnoDB DEFAULT CHARSET=utf8mb4 COLLATE=utf8mb4_unicode_ci;

--
-- Dumping data for table `ec_product_category_product`
--

INSERT INTO `ec_product_category_product` VALUES (1,3),(1,11),(1,14),(1,17),(1,19),(1,21),(2,4),(2,5),(2,7),(2,10),(2,11),(2,13),(2,18),(2,20),(2,22),(2,24),(3,7),(3,10),(3,12),(3,15),(3,21),(3,24),(4,1),(4,2),(4,7),(4,9),(4,10),(4,13),(4,17),(4,20),(4,23),(5,4),(5,6),(5,8),(5,14),(5,15),(5,16),(5,21),(5,22),(6,3),(6,5),(6,6),(6,9),(6,18),(6,23),(7,3),(7,7),(7,9),(7,12),(7,14),(7,15),(7,16),(7,21),(7,23),(8,2),(8,11),(8,13),(8,16),(8,17),(8,22),(8,24),(9,4),(9,5),(9,8),(9,15),(9,19),(9,20),(10,2),(10,4),(10,8),(10,10),(10,16),(10,18),(10,19),(10,22),(10,23),(11,1),(11,6),(11,11),(11,13),(11,17),(11,18),(11,20),(12,1),(12,2),(12,12),(12,14),(13,1),(13,8),(13,9),(13,19),(13,24),(14,3),(14,5),(14,6),(14,12);

--
-- Table structure for table `ec_product_collection_products`
--

CREATE TABLE `ec_product_collection_products` (
  `product_collection_id` bigint unsigned NOT NULL,
  `product_id` bigint unsigned NOT NULL,
  PRIMARY KEY (`product_id`,`product_collection_id`),
  KEY `ec_product_collection_products_product_collection_id_index` (`product_collection_id`),
  KEY `ec_product_collection_products_product_id_index` (`product_id`)
) ENGINE=InnoDB DEFAULT CHARSET=utf8mb4 COLLATE=utf8mb4_unicode_ci;

--
-- Dumping data for table `ec_product_collection_products`
--

INSERT INTO `ec_product_collection_products` VALUES (1,2),(1,3),(1,6),(1,7),(1,10),(1,12),(1,16),(1,20),(1,22),(1,23),(2,1),(2,4),(2,5),(2,9),(2,18),(2,19),(2,21),(2,24),(3,8),(3,11),(3,13),(3,14),(3,15),(3,17);

--
-- Table structure for table `ec_product_collections`
--

CREATE TABLE `ec_product_collections` (
  `id` bigint unsigned NOT NULL AUTO_INCREMENT,
  `name` varchar(191) COLLATE utf8mb4_unicode_ci NOT NULL,
  `slug` varchar(191) COLLATE utf8mb4_unicode_ci NOT NULL,
  `description` varchar(400) COLLATE utf8mb4_unicode_ci DEFAULT NULL,
  `image` varchar(191) COLLATE utf8mb4_unicode_ci DEFAULT NULL,
  `status` varchar(60) COLLATE utf8mb4_unicode_ci NOT NULL DEFAULT 'published',
  `created_at` timestamp NULL DEFAULT NULL,
  `updated_at` timestamp NULL DEFAULT NULL,
  `is_featured` tinyint unsigned NOT NULL DEFAULT '0',
  PRIMARY KEY (`id`)
) ENGINE=InnoDB AUTO_INCREMENT=4 DEFAULT CHARSET=utf8mb4 COLLATE=utf8mb4_unicode_ci;

--
-- Dumping data for table `ec_product_collections`
--

INSERT INTO `ec_product_collections` VALUES (1,'New Arrival','new-arrival',NULL,NULL,'published','2025-09-11 01:45:37','2025-09-11 01:45:37',0),(2,'Best Sellers','best-sellers',NULL,NULL,'published','2025-09-11 01:45:37','2025-09-11 01:45:37',0),(3,'Special Offer','special-offer',NULL,NULL,'published','2025-09-11 01:45:37','2025-09-11 01:45:37',0);

--
-- Table structure for table `ec_product_collections_translations`
--

CREATE TABLE `ec_product_collections_translations` (
  `lang_code` varchar(191) COLLATE utf8mb4_unicode_ci NOT NULL,
  `ec_product_collections_id` bigint unsigned NOT NULL,
  `name` varchar(191) COLLATE utf8mb4_unicode_ci DEFAULT NULL,
  `description` varchar(400) COLLATE utf8mb4_unicode_ci DEFAULT NULL,
  PRIMARY KEY (`lang_code`,`ec_product_collections_id`)
) ENGINE=InnoDB DEFAULT CHARSET=utf8mb4 COLLATE=utf8mb4_unicode_ci;

--
-- Dumping data for table `ec_product_collections_translations`
--


--
-- Table structure for table `ec_product_cross_sale_relations`
--

CREATE TABLE `ec_product_cross_sale_relations` (
  `from_product_id` bigint unsigned NOT NULL,
  `to_product_id` bigint unsigned NOT NULL,
  `is_variant` tinyint(1) NOT NULL DEFAULT '0',
  `price` decimal(15,2) DEFAULT '0.00',
  `price_type` varchar(191) COLLATE utf8mb4_unicode_ci NOT NULL DEFAULT 'fixed',
  `apply_to_all_variations` tinyint(1) NOT NULL DEFAULT '1',
  PRIMARY KEY (`from_product_id`,`to_product_id`),
  KEY `ec_product_cross_sale_relations_from_product_id_index` (`from_product_id`),
  KEY `ec_product_cross_sale_relations_to_product_id_index` (`to_product_id`),
  KEY `idx_product_cross_sale` (`from_product_id`,`to_product_id`)
) ENGINE=InnoDB DEFAULT CHARSET=utf8mb4 COLLATE=utf8mb4_unicode_ci;

--
-- Dumping data for table `ec_product_cross_sale_relations`
--

INSERT INTO `ec_product_cross_sale_relations` VALUES (1,3,0,0.00,'fixed',1),(1,11,0,0.00,'fixed',1),(1,12,0,0.00,'fixed',1),(1,17,0,0.00,'fixed',1),(1,20,0,0.00,'fixed',1),(1,23,0,0.00,'fixed',1),(2,5,0,0.00,'fixed',1),(2,6,0,0.00,'fixed',1),(2,13,0,0.00,'fixed',1),(2,20,0,0.00,'fixed',1),(2,22,0,0.00,'fixed',1),(2,24,0,0.00,'fixed',1),(3,2,0,0.00,'fixed',1),(3,7,0,0.00,'fixed',1),(3,8,0,0.00,'fixed',1),(3,9,0,0.00,'fixed',1),(3,14,0,0.00,'fixed',1),(3,15,0,0.00,'fixed',1),(3,21,0,0.00,'fixed',1),(4,1,0,0.00,'fixed',1),(4,2,0,0.00,'fixed',1),(4,3,0,0.00,'fixed',1),(4,9,0,0.00,'fixed',1),(4,10,0,0.00,'fixed',1),(4,15,0,0.00,'fixed',1),(5,6,0,0.00,'fixed',1),(5,8,0,0.00,'fixed',1),(5,14,0,0.00,'fixed',1),(5,16,0,0.00,'fixed',1),(5,22,0,0.00,'fixed',1),(6,3,0,0.00,'fixed',1),(6,9,0,0.00,'fixed',1),(6,14,0,0.00,'fixed',1),(6,16,0,0.00,'fixed',1),(6,18,0,0.00,'fixed',1),(6,21,0,0.00,'fixed',1),(6,24,0,0.00,'fixed',1),(7,5,0,0.00,'fixed',1),(7,10,0,0.00,'fixed',1),(7,13,0,0.00,'fixed',1),(7,14,0,0.00,'fixed',1),(7,15,0,0.00,'fixed',1),(7,24,0,0.00,'fixed',1),(8,7,0,0.00,'fixed',1),(8,10,0,0.00,'fixed',1),(8,14,0,0.00,'fixed',1),(8,16,0,0.00,'fixed',1),(8,18,0,0.00,'fixed',1),(8,19,0,0.00,'fixed',1),(8,20,0,0.00,'fixed',1),(9,1,0,0.00,'fixed',1),(9,4,0,0.00,'fixed',1),(9,7,0,0.00,'fixed',1),(9,13,0,0.00,'fixed',1),(9,15,0,0.00,'fixed',1),(9,17,0,0.00,'fixed',1),(10,6,0,0.00,'fixed',1),(10,8,0,0.00,'fixed',1),(10,9,0,0.00,'fixed',1),(10,12,0,0.00,'fixed',1),(10,16,0,0.00,'fixed',1),(10,20,0,0.00,'fixed',1),(10,22,0,0.00,'fixed',1),(11,1,0,0.00,'fixed',1),(11,4,0,0.00,'fixed',1),(11,20,0,0.00,'fixed',1),(11,22,0,0.00,'fixed',1),(11,24,0,0.00,'fixed',1),(12,2,0,0.00,'fixed',1),(12,8,0,0.00,'fixed',1),(12,11,0,0.00,'fixed',1),(12,14,0,0.00,'fixed',1),(12,18,0,0.00,'fixed',1),(12,21,0,0.00,'fixed',1),(12,22,0,0.00,'fixed',1),(13,1,0,0.00,'fixed',1),(13,11,0,0.00,'fixed',1),(13,14,0,0.00,'fixed',1),(13,15,0,0.00,'fixed',1),(13,18,0,0.00,'fixed',1),(14,1,0,0.00,'fixed',1),(14,8,0,0.00,'fixed',1),(14,15,0,0.00,'fixed',1),(14,17,0,0.00,'fixed',1),(14,18,0,0.00,'fixed',1),(14,24,0,0.00,'fixed',1),(15,2,0,0.00,'fixed',1),(15,6,0,0.00,'fixed',1),(15,8,0,0.00,'fixed',1),(15,9,0,0.00,'fixed',1),(15,11,0,0.00,'fixed',1),(15,21,0,0.00,'fixed',1),(16,1,0,0.00,'fixed',1),(16,15,0,0.00,'fixed',1),(16,20,0,0.00,'fixed',1),(16,23,0,0.00,'fixed',1),(17,1,0,0.00,'fixed',1),(17,2,0,0.00,'fixed',1),(17,6,0,0.00,'fixed',1),(17,7,0,0.00,'fixed',1),(17,14,0,0.00,'fixed',1),(17,23,0,0.00,'fixed',1),(17,24,0,0.00,'fixed',1),(18,3,0,0.00,'fixed',1),(18,4,0,0.00,'fixed',1),(18,6,0,0.00,'fixed',1),(18,7,0,0.00,'fixed',1),(18,16,0,0.00,'fixed',1),(18,19,0,0.00,'fixed',1),(18,20,0,0.00,'fixed',1),(19,2,0,0.00,'fixed',1),(19,4,0,0.00,'fixed',1),(19,6,0,0.00,'fixed',1),(19,9,0,0.00,'fixed',1),(19,24,0,0.00,'fixed',1),(20,1,0,0.00,'fixed',1),(20,5,0,0.00,'fixed',1),(20,8,0,0.00,'fixed',1),(20,14,0,0.00,'fixed',1),(20,15,0,0.00,'fixed',1),(20,18,0,0.00,'fixed',1),(20,21,0,0.00,'fixed',1),(21,5,0,0.00,'fixed',1),(21,8,0,0.00,'fixed',1),(21,15,0,0.00,'fixed',1),(21,16,0,0.00,'fixed',1),(21,22,0,0.00,'fixed',1),(21,23,0,0.00,'fixed',1),(22,5,0,0.00,'fixed',1),(22,8,0,0.00,'fixed',1),(22,10,0,0.00,'fixed',1),(22,19,0,0.00,'fixed',1),(22,20,0,0.00,'fixed',1),(22,21,0,0.00,'fixed',1),(23,1,0,0.00,'fixed',1),(23,3,0,0.00,'fixed',1),(23,5,0,0.00,'fixed',1),(23,14,0,0.00,'fixed',1),(23,17,0,0.00,'fixed',1),(23,24,0,0.00,'fixed',1),(24,2,0,0.00,'fixed',1),(24,4,0,0.00,'fixed',1),(24,7,0,0.00,'fixed',1),(24,12,0,0.00,'fixed',1),(24,16,0,0.00,'fixed',1),(24,18,0,0.00,'fixed',1),(24,21,0,0.00,'fixed',1);

--
-- Table structure for table `ec_product_files`
--

CREATE TABLE `ec_product_files` (
  `id` bigint unsigned NOT NULL AUTO_INCREMENT,
  `product_id` bigint unsigned DEFAULT NULL,
  `url` varchar(400) COLLATE utf8mb4_unicode_ci DEFAULT NULL,
  `extras` mediumtext COLLATE utf8mb4_unicode_ci,
  `created_at` timestamp NULL DEFAULT NULL,
  `updated_at` timestamp NULL DEFAULT NULL,
  PRIMARY KEY (`id`),
  KEY `ec_product_files_product_id_index` (`product_id`)
) ENGINE=InnoDB AUTO_INCREMENT=15 DEFAULT CHARSET=utf8mb4 COLLATE=utf8mb4_unicode_ci;

--
-- Dumping data for table `ec_product_files`
--

INSERT INTO `ec_product_files` VALUES (1,4,'ecommerce/digital-product-files/4.jpg','{\"filename\":\"4.jpg\",\"url\":\"ecommerce\\/digital-product-files\\/4.jpg\",\"mime_type\":\"image\\/jpeg\",\"size\":9803,\"modified\":\"2025-09-11 08:45:55\",\"name\":\"4\",\"extension\":\"jpg\"}','2025-09-11 01:45:55','2025-09-11 01:45:55'),(2,4,'ecommerce/digital-product-files/4-1.jpg','{\"filename\":\"4-1.jpg\",\"url\":\"ecommerce\\/digital-product-files\\/4-1.jpg\",\"mime_type\":\"image\\/jpeg\",\"size\":9803,\"modified\":\"2025-09-11 08:45:55\",\"name\":\"4-1\",\"extension\":\"jpg\"}','2025-09-11 01:45:55','2025-09-11 01:45:55'),(3,8,'ecommerce/digital-product-files/8.jpg','{\"filename\":\"8.jpg\",\"url\":\"ecommerce\\/digital-product-files\\/8.jpg\",\"mime_type\":\"image\\/jpeg\",\"size\":9803,\"modified\":\"2025-09-11 08:45:55\",\"name\":\"8\",\"extension\":\"jpg\"}','2025-09-11 01:45:55','2025-09-11 01:45:55'),(4,8,'ecommerce/digital-product-files/8-1.jpg','{\"filename\":\"8-1.jpg\",\"url\":\"ecommerce\\/digital-product-files\\/8-1.jpg\",\"mime_type\":\"image\\/jpeg\",\"size\":9803,\"modified\":\"2025-09-11 08:45:55\",\"name\":\"8-1\",\"extension\":\"jpg\"}','2025-09-11 01:45:55','2025-09-11 01:45:55'),(5,12,'ecommerce/digital-product-files/12.jpg','{\"filename\":\"12.jpg\",\"url\":\"ecommerce\\/digital-product-files\\/12.jpg\",\"mime_type\":\"image\\/jpeg\",\"size\":9803,\"modified\":\"2025-09-11 08:45:55\",\"name\":\"12\",\"extension\":\"jpg\"}','2025-09-11 01:45:55','2025-09-11 01:45:55'),(6,12,'ecommerce/digital-product-files/12-1.jpg','{\"filename\":\"12-1.jpg\",\"url\":\"ecommerce\\/digital-product-files\\/12-1.jpg\",\"mime_type\":\"image\\/jpeg\",\"size\":9803,\"modified\":\"2025-09-11 08:45:55\",\"name\":\"12-1\",\"extension\":\"jpg\"}','2025-09-11 01:45:55','2025-09-11 01:45:55'),(7,16,'ecommerce/digital-product-files/16.jpg','{\"filename\":\"16.jpg\",\"url\":\"ecommerce\\/digital-product-files\\/16.jpg\",\"mime_type\":\"image\\/jpeg\",\"size\":9803,\"modified\":\"2025-09-11 08:45:55\",\"name\":\"16\",\"extension\":\"jpg\"}','2025-09-11 01:45:55','2025-09-11 01:45:55'),(8,16,'ecommerce/digital-product-files/16-1.jpg','{\"filename\":\"16-1.jpg\",\"url\":\"ecommerce\\/digital-product-files\\/16-1.jpg\",\"mime_type\":\"image\\/jpeg\",\"size\":9803,\"modified\":\"2025-09-11 08:45:55\",\"name\":\"16-1\",\"extension\":\"jpg\"}','2025-09-11 01:45:55','2025-09-11 01:45:55'),(9,20,'ecommerce/digital-product-files/20.jpg','{\"filename\":\"20.jpg\",\"url\":\"ecommerce\\/digital-product-files\\/20.jpg\",\"mime_type\":\"image\\/jpeg\",\"size\":9803,\"modified\":\"2025-09-11 08:45:55\",\"name\":\"20\",\"extension\":\"jpg\"}','2025-09-11 01:45:55','2025-09-11 01:45:55'),(10,20,'ecommerce/digital-product-files/20-1.jpg','{\"filename\":\"20-1.jpg\",\"url\":\"ecommerce\\/digital-product-files\\/20-1.jpg\",\"mime_type\":\"image\\/jpeg\",\"size\":9803,\"modified\":\"2025-09-11 08:45:55\",\"name\":\"20-1\",\"extension\":\"jpg\"}','2025-09-11 01:45:55','2025-09-11 01:45:55'),(11,24,'ecommerce/digital-product-files/24.jpg','{\"filename\":\"24.jpg\",\"url\":\"ecommerce\\/digital-product-files\\/24.jpg\",\"mime_type\":\"image\\/jpeg\",\"size\":9803,\"modified\":\"2025-09-11 08:45:55\",\"name\":\"24\",\"extension\":\"jpg\"}','2025-09-11 01:45:55','2025-09-11 01:45:55'),(12,24,'ecommerce/digital-product-files/24-1.jpg','{\"filename\":\"24-1.jpg\",\"url\":\"ecommerce\\/digital-product-files\\/24-1.jpg\",\"mime_type\":\"image\\/jpeg\",\"size\":9803,\"modified\":\"2025-09-11 08:45:55\",\"name\":\"24-1\",\"extension\":\"jpg\"}','2025-09-11 01:45:55','2025-09-11 01:45:55'),(13,29,'ecommerce/digital-product-files/12-1.jpg','{\"filename\":\"12-1.jpg\",\"url\":\"ecommerce\\/digital-product-files\\/12-1.jpg\",\"mime_type\":\"image\\/jpeg\",\"size\":9803,\"modified\":\"2025-09-11 08:45:55\",\"name\":\"12-1\",\"extension\":\"jpg\"}','2025-09-11 01:45:55','2025-09-11 01:45:55'),(14,30,'ecommerce/digital-product-files/12.jpg','{\"filename\":\"12.jpg\",\"url\":\"ecommerce\\/digital-product-files\\/12.jpg\",\"mime_type\":\"image\\/jpeg\",\"size\":9803,\"modified\":\"2025-09-11 08:45:55\",\"name\":\"12\",\"extension\":\"jpg\"}','2025-09-11 01:45:55','2025-09-11 01:45:55');

--
-- Table structure for table `ec_product_label_products`
--

CREATE TABLE `ec_product_label_products` (
  `product_label_id` bigint unsigned NOT NULL,
  `product_id` bigint unsigned NOT NULL,
  PRIMARY KEY (`product_label_id`,`product_id`),
  KEY `ec_product_label_products_product_label_id_index` (`product_label_id`),
  KEY `ec_product_label_products_product_id_index` (`product_id`)
) ENGINE=InnoDB DEFAULT CHARSET=utf8mb4 COLLATE=utf8mb4_unicode_ci;

--
-- Dumping data for table `ec_product_label_products`
--

INSERT INTO `ec_product_label_products` VALUES (1,3),(1,6),(1,9),(1,15),(1,18),(1,24),(2,12),(3,21);

--
-- Table structure for table `ec_product_labels`
--

CREATE TABLE `ec_product_labels` (
  `id` bigint unsigned NOT NULL AUTO_INCREMENT,
  `name` varchar(191) COLLATE utf8mb4_unicode_ci NOT NULL,
  `color` varchar(120) COLLATE utf8mb4_unicode_ci DEFAULT NULL,
  `status` varchar(60) COLLATE utf8mb4_unicode_ci NOT NULL DEFAULT 'published',
  `created_at` timestamp NULL DEFAULT NULL,
  `updated_at` timestamp NULL DEFAULT NULL,
  `text_color` varchar(120) COLLATE utf8mb4_unicode_ci DEFAULT NULL,
  PRIMARY KEY (`id`)
) ENGINE=InnoDB AUTO_INCREMENT=4 DEFAULT CHARSET=utf8mb4 COLLATE=utf8mb4_unicode_ci;

--
-- Dumping data for table `ec_product_labels`
--

INSERT INTO `ec_product_labels` VALUES (1,'Hot','#d71e2d','published','2025-09-11 01:45:37','2025-09-11 01:45:37',NULL),(2,'New','#02856e','published','2025-09-11 01:45:37','2025-09-11 01:45:37',NULL),(3,'Sale','#fe9931','published','2025-09-11 01:45:37','2025-09-11 01:45:37',NULL);

--
-- Table structure for table `ec_product_labels_translations`
--

CREATE TABLE `ec_product_labels_translations` (
  `lang_code` varchar(191) COLLATE utf8mb4_unicode_ci NOT NULL,
  `ec_product_labels_id` bigint unsigned NOT NULL,
  `name` varchar(191) COLLATE utf8mb4_unicode_ci DEFAULT NULL,
  `description` varchar(400) COLLATE utf8mb4_unicode_ci DEFAULT NULL,
  PRIMARY KEY (`lang_code`,`ec_product_labels_id`)
) ENGINE=InnoDB DEFAULT CHARSET=utf8mb4 COLLATE=utf8mb4_unicode_ci;

--
-- Dumping data for table `ec_product_labels_translations`
--


--
-- Table structure for table `ec_product_license_codes`
--

CREATE TABLE `ec_product_license_codes` (
  `id` bigint unsigned NOT NULL AUTO_INCREMENT,
  `product_id` bigint unsigned NOT NULL,
  `license_code` text COLLATE utf8mb4_unicode_ci NOT NULL,
  `status` varchar(60) COLLATE utf8mb4_unicode_ci NOT NULL DEFAULT 'available',
  `assigned_order_product_id` bigint unsigned DEFAULT NULL,
  `assigned_at` timestamp NULL DEFAULT NULL,
  `created_at` timestamp NULL DEFAULT NULL,
  `updated_at` timestamp NULL DEFAULT NULL,
  PRIMARY KEY (`id`),
  KEY `ec_product_license_codes_product_id_status_index` (`product_id`,`status`)
) ENGINE=InnoDB DEFAULT CHARSET=utf8mb4 COLLATE=utf8mb4_unicode_ci;

--
-- Dumping data for table `ec_product_license_codes`
--


--
-- Table structure for table `ec_product_related_relations`
--

CREATE TABLE `ec_product_related_relations` (
  `from_product_id` bigint unsigned NOT NULL,
  `to_product_id` bigint unsigned NOT NULL,
  PRIMARY KEY (`from_product_id`,`to_product_id`),
  KEY `ec_product_related_relations_from_product_id_index` (`from_product_id`),
  KEY `ec_product_related_relations_to_product_id_index` (`to_product_id`)
) ENGINE=InnoDB DEFAULT CHARSET=utf8mb4 COLLATE=utf8mb4_unicode_ci;

--
-- Dumping data for table `ec_product_related_relations`
--


--
-- Table structure for table `ec_product_specification_attribute`
--

CREATE TABLE `ec_product_specification_attribute` (
  `product_id` bigint unsigned NOT NULL,
  `attribute_id` bigint unsigned NOT NULL,
  `value` text COLLATE utf8mb4_unicode_ci,
  `hidden` tinyint(1) NOT NULL DEFAULT '0',
  `order` tinyint NOT NULL DEFAULT '0',
  PRIMARY KEY (`product_id`,`attribute_id`)
) ENGINE=InnoDB DEFAULT CHARSET=utf8mb4 COLLATE=utf8mb4_unicode_ci;

--
-- Dumping data for table `ec_product_specification_attribute`
--

INSERT INTO `ec_product_specification_attribute` VALUES (1,6,'82.04 cm',0,0),(1,7,'31.94 cm',0,0),(1,8,'2560x1440',0,0),(2,6,'7.68 cm',0,0),(2,7,'43.76 cm',0,0),(2,8,'2560x1440',0,0),(3,1,'18.03 cm',0,0),(3,2,'83.65 cm',0,0),(3,3,'49.22 cm',0,0),(3,4,'65.46 cm',0,0),(3,5,'50.82 cm',0,0),(4,6,'33.62 cm',0,0),(4,7,'90.2 cm',0,0),(4,8,'2560x1440',0,0),(5,1,'69.05 cm',0,0),(5,2,'85.94 cm',0,0),(5,3,'92.18 cm',0,0),(5,4,'99.49 cm',0,0),(5,5,'21.85 cm',0,0),(6,6,'64.74 cm',0,0),(6,7,'45.17 cm',0,0),(6,8,'1920x1080',0,0),(7,1,'17.64 cm',0,0),(7,2,'40.14 cm',0,0),(7,3,'73.06 cm',0,0),(7,4,'4.32 cm',0,0),(7,5,'98.11 cm',0,0),(8,6,'83.49 cm',0,0),(8,7,'87.67 cm',0,0),(8,8,'2560x1440',0,0),(9,6,'81.59 cm',0,0),(9,7,'40.81 cm',0,0),(9,8,'1920x1080',0,0),(10,6,'78.13 cm',0,0),(10,7,'99.67 cm',0,0),(10,8,'1920x1080',0,0),(11,1,'80.83 cm',0,0),(11,2,'35.4 cm',0,0),(11,3,'27.96 cm',0,0),(11,4,'95.83 cm',0,0),(11,5,'27.76 cm',0,0),(12,1,'78.35 cm',0,0),(12,2,'92.8 cm',0,0),(12,3,'30.94 cm',0,0),(12,4,'74.98 cm',0,0),(12,5,'62.71 cm',0,0),(13,6,'7.13 cm',0,0),(13,7,'20.43 cm',0,0),(13,8,'1920x1080',0,0),(14,6,'45.29 cm',0,0),(14,7,'40.38 cm',0,0),(14,8,'2560x1440',0,0),(15,1,'88.06 cm',0,0),(15,2,'20.23 cm',0,0),(15,3,'51.92 cm',0,0),(15,4,'98.19 cm',0,0),(15,5,'13.29 cm',0,0),(16,6,'65.36 cm',0,0),(16,7,'69.41 cm',0,0),(16,8,'2560x1440',0,0),(17,6,'87.84 cm',0,0),(17,7,'91.85 cm',0,0),(17,8,'2560x1440',0,0),(18,6,'95.25 cm',0,0),(18,7,'92.67 cm',0,0),(18,8,'2560x1440',0,0),(19,6,'97.41 cm',0,0),(19,7,'18.92 cm',0,0),(19,8,'1920x1080',0,0),(20,6,'21.51 cm',0,0),(20,7,'47.27 cm',0,0),(20,8,'3840x2160',0,0),(21,6,'16.01 cm',0,0),(21,7,'25.5 cm',0,0),(21,8,'1920x1080',0,0),(22,6,'88.78 cm',0,0),(22,7,'18.4 cm',0,0),(22,8,'1920x1080',0,0),(23,6,'92.41 cm',0,0),(23,7,'75.52 cm',0,0),(23,8,'3840x2160',0,0),(24,6,'28.92 cm',0,0),(24,7,'80.97 cm',0,0),(24,8,'1920x1080',0,0);

--
-- Table structure for table `ec_product_specification_attribute_translations`
--

CREATE TABLE `ec_product_specification_attribute_translations` (
  `id` bigint unsigned NOT NULL AUTO_INCREMENT,
  `product_id` bigint unsigned NOT NULL,
  `attribute_id` bigint unsigned NOT NULL,
  `lang_code` varchar(20) COLLATE utf8mb4_unicode_ci NOT NULL,
  `value` text COLLATE utf8mb4_unicode_ci,
  `created_at` timestamp NULL DEFAULT NULL,
  `updated_at` timestamp NULL DEFAULT NULL,
  PRIMARY KEY (`id`),
  UNIQUE KEY `psat_unique` (`product_id`,`attribute_id`,`lang_code`),
  KEY `psat_product_attribute_index` (`product_id`,`attribute_id`),
  KEY `psat_product_id_index` (`product_id`),
  KEY `psat_attribute_id_index` (`attribute_id`)
) ENGINE=InnoDB DEFAULT CHARSET=utf8mb4 COLLATE=utf8mb4_unicode_ci;

--
-- Dumping data for table `ec_product_specification_attribute_translations`
--


--
-- Table structure for table `ec_product_tag_product`
--

CREATE TABLE `ec_product_tag_product` (
  `product_id` bigint unsigned NOT NULL,
  `tag_id` bigint unsigned NOT NULL,
  PRIMARY KEY (`product_id`,`tag_id`),
  KEY `ec_product_tag_product_product_id_index` (`product_id`),
  KEY `ec_product_tag_product_tag_id_index` (`tag_id`)
) ENGINE=InnoDB DEFAULT CHARSET=utf8mb4 COLLATE=utf8mb4_unicode_ci;

--
-- Dumping data for table `ec_product_tag_product`
--

INSERT INTO `ec_product_tag_product` VALUES (1,1),(1,2),(1,5),(2,1),(2,4),(2,5),(3,2),(3,3),(3,4),(4,2),(4,3),(4,5),(5,2),(5,4),(5,5),(6,1),(6,3),(6,5),(7,2),(7,3),(7,4),(8,1),(8,2),(8,4),(9,1),(9,2),(9,5),(10,2),(10,3),(10,5),(11,1),(11,4),(11,5),(12,1),(12,3),(12,5),(13,1),(13,2),(13,4),(14,2),(14,4),(14,5),(15,1),(15,3),(15,5),(16,1),(16,3),(16,4),(17,2),(17,3),(17,4),(18,1),(18,2),(18,5),(19,3),(19,4),(19,5),(20,1),(20,4),(20,5),(21,2),(21,4),(21,5),(22,1),(22,4),(22,5),(23,2),(23,4),(23,5),(24,1),(24,3),(24,4);

--
-- Table structure for table `ec_product_tags`
--

CREATE TABLE `ec_product_tags` (
  `id` bigint unsigned NOT NULL AUTO_INCREMENT,
  `name` varchar(120) COLLATE utf8mb4_unicode_ci NOT NULL,
  `description` varchar(400) COLLATE utf8mb4_unicode_ci DEFAULT NULL,
  `status` varchar(60) COLLATE utf8mb4_unicode_ci NOT NULL DEFAULT 'published',
  `created_at` timestamp NULL DEFAULT NULL,
  `updated_at` timestamp NULL DEFAULT NULL,
  PRIMARY KEY (`id`)
) ENGINE=InnoDB AUTO_INCREMENT=6 DEFAULT CHARSET=utf8mb4 COLLATE=utf8mb4_unicode_ci;

--
-- Dumping data for table `ec_product_tags`
--

INSERT INTO `ec_product_tags` VALUES (1,'Wallet',NULL,'published','2025-09-11 01:45:37','2025-09-11 01:45:37'),(2,'Bags',NULL,'published','2025-09-11 01:45:37','2025-09-11 01:45:37'),(3,'Shoes',NULL,'published','2025-09-11 01:45:37','2025-09-11 01:45:37'),(4,'Clothes',NULL,'published','2025-09-11 01:45:37','2025-09-11 01:45:37'),(5,'Hand bag',NULL,'published','2025-09-11 01:45:37','2025-09-11 01:45:37');

--
-- Table structure for table `ec_product_tags_translations`
--

CREATE TABLE `ec_product_tags_translations` (
  `lang_code` varchar(191) COLLATE utf8mb4_unicode_ci NOT NULL,
  `ec_product_tags_id` bigint unsigned NOT NULL,
  `name` varchar(191) COLLATE utf8mb4_unicode_ci DEFAULT NULL,
  PRIMARY KEY (`lang_code`,`ec_product_tags_id`)
) ENGINE=InnoDB DEFAULT CHARSET=utf8mb4 COLLATE=utf8mb4_unicode_ci;

--
-- Dumping data for table `ec_product_tags_translations`
--


--
-- Table structure for table `ec_product_up_sale_relations`
--

CREATE TABLE `ec_product_up_sale_relations` (
  `from_product_id` bigint unsigned NOT NULL,
  `to_product_id` bigint unsigned NOT NULL,
  PRIMARY KEY (`from_product_id`,`to_product_id`),
  KEY `ec_product_up_sale_relations_from_product_id_index` (`from_product_id`),
  KEY `ec_product_up_sale_relations_to_product_id_index` (`to_product_id`)
) ENGINE=InnoDB DEFAULT CHARSET=utf8mb4 COLLATE=utf8mb4_unicode_ci;

--
-- Dumping data for table `ec_product_up_sale_relations`
--


--
-- Table structure for table `ec_product_variation_items`
--

CREATE TABLE `ec_product_variation_items` (
  `id` bigint unsigned NOT NULL AUTO_INCREMENT,
  `attribute_id` bigint unsigned NOT NULL,
  `variation_id` bigint unsigned NOT NULL,
  PRIMARY KEY (`id`),
  UNIQUE KEY `ec_product_variation_items_attribute_id_variation_id_unique` (`attribute_id`,`variation_id`),
  KEY `attribute_variation_index` (`attribute_id`,`variation_id`),
  KEY `idx_variation_id` (`variation_id`),
  KEY `idx_variation_attribute_covering` (`variation_id`,`attribute_id`)
) ENGINE=InnoDB AUTO_INCREMENT=47 DEFAULT CHARSET=utf8mb4 COLLATE=utf8mb4_unicode_ci;

--
-- Dumping data for table `ec_product_variation_items`
--

INSERT INTO `ec_product_variation_items` VALUES (21,1,11),(23,1,12),(35,1,18),(37,1,19),(1,2,1),(5,2,3),(17,2,9),(27,2,14),(31,2,16),(43,2,22),(3,3,2),(9,3,5),(11,3,6),(13,3,7),(25,3,13),(33,3,17),(41,3,21),(7,4,4),(19,4,10),(39,4,20),(15,5,8),(29,5,15),(45,5,23),(8,6,4),(16,6,8),(18,7,9),(34,7,17),(36,7,18),(4,8,2),(10,8,5),(12,8,6),(20,8,10),(32,8,16),(38,8,19),(40,8,20),(46,8,23),(2,9,1),(6,9,3),(14,9,7),(22,9,11),(24,9,12),(26,9,13),(30,9,15),(42,9,21),(44,9,22),(28,10,14);

--
-- Table structure for table `ec_product_variations`
--

CREATE TABLE `ec_product_variations` (
  `id` bigint unsigned NOT NULL AUTO_INCREMENT,
  `product_id` bigint unsigned DEFAULT NULL,
  `configurable_product_id` bigint unsigned NOT NULL,
  `is_default` tinyint NOT NULL DEFAULT '0',
  PRIMARY KEY (`id`),
  UNIQUE KEY `ec_product_variations_product_id_configurable_product_id_unique` (`product_id`,`configurable_product_id`),
  KEY `configurable_product_index` (`product_id`,`configurable_product_id`),
  KEY `idx_configurable_product_id` (`configurable_product_id`),
  KEY `idx_product_variations_config` (`configurable_product_id`,`is_default`)
) ENGINE=InnoDB AUTO_INCREMENT=24 DEFAULT CHARSET=utf8mb4 COLLATE=utf8mb4_unicode_ci;

--
-- Dumping data for table `ec_product_variations`
--

INSERT INTO `ec_product_variations` VALUES (1,25,5,1),(2,26,5,0),(3,27,7,1),(4,28,7,0),(5,29,12,1),(6,30,12,0),(7,31,14,1),(8,32,14,0),(9,33,14,0),(10,34,14,0),(11,35,14,0),(12,36,15,1),(13,37,15,0),(14,38,15,0),(15,39,17,1),(16,40,21,1),(17,41,21,0),(18,42,21,0),(19,43,23,1),(20,44,23,0),(21,45,23,0),(22,46,23,0),(23,47,23,0);

--
-- Table structure for table `ec_product_views`
--

CREATE TABLE `ec_product_views` (
  `id` bigint unsigned NOT NULL AUTO_INCREMENT,
  `product_id` bigint unsigned NOT NULL,
  `views` int NOT NULL DEFAULT '1',
  `date` date NOT NULL DEFAULT '2025-09-11',
  PRIMARY KEY (`id`),
  UNIQUE KEY `ec_product_views_product_id_date_unique` (`product_id`,`date`),
  KEY `ec_product_views_product_id_index` (`product_id`)
) ENGINE=InnoDB DEFAULT CHARSET=utf8mb4 COLLATE=utf8mb4_unicode_ci;

--
-- Dumping data for table `ec_product_views`
--


--
-- Table structure for table `ec_product_with_attribute_set`
--

CREATE TABLE `ec_product_with_attribute_set` (
  `attribute_set_id` bigint unsigned NOT NULL,
  `product_id` bigint unsigned NOT NULL,
  `order` tinyint unsigned NOT NULL DEFAULT '0',
  PRIMARY KEY (`product_id`,`attribute_set_id`)
) ENGINE=InnoDB DEFAULT CHARSET=utf8mb4 COLLATE=utf8mb4_unicode_ci;

--
-- Dumping data for table `ec_product_with_attribute_set`
--

INSERT INTO `ec_product_with_attribute_set` VALUES (1,5,0),(2,5,0),(1,7,0),(2,7,0),(1,12,0),(2,12,0),(1,14,0),(2,14,0),(1,15,0),(2,15,0),(1,17,0),(2,17,0),(1,21,0),(2,21,0),(1,23,0),(2,23,0);

--
-- Table structure for table `ec_products`
--

CREATE TABLE `ec_products` (
  `id` bigint unsigned NOT NULL AUTO_INCREMENT,
  `name` varchar(191) COLLATE utf8mb4_unicode_ci NOT NULL,
  `slug` varchar(191) COLLATE utf8mb4_unicode_ci DEFAULT NULL,
  `description` text COLLATE utf8mb4_unicode_ci,
  `content` longtext COLLATE utf8mb4_unicode_ci,
  `status` varchar(60) COLLATE utf8mb4_unicode_ci NOT NULL DEFAULT 'published',
  `images` text COLLATE utf8mb4_unicode_ci,
  `video_media` text COLLATE utf8mb4_unicode_ci,
  `sku` varchar(191) COLLATE utf8mb4_unicode_ci DEFAULT NULL,
  `order` int unsigned NOT NULL DEFAULT '0',
  `quantity` int unsigned DEFAULT NULL,
  `allow_checkout_when_out_of_stock` tinyint unsigned NOT NULL DEFAULT '0',
  `with_storehouse_management` tinyint unsigned NOT NULL DEFAULT '0',
  `stock_status` varchar(191) COLLATE utf8mb4_unicode_ci DEFAULT 'in_stock',
  `is_featured` tinyint unsigned NOT NULL DEFAULT '0',
  `brand_id` bigint unsigned DEFAULT NULL,
  `is_variation` tinyint NOT NULL DEFAULT '0',
  `variations_count` int unsigned NOT NULL DEFAULT '0',
  `reviews_count` int unsigned NOT NULL DEFAULT '0',
  `reviews_avg` decimal(3,2) NOT NULL DEFAULT '0.00',
  `sale_type` tinyint NOT NULL DEFAULT '0',
  `price` double unsigned DEFAULT NULL,
  `sale_price` double unsigned DEFAULT NULL,
  `start_date` timestamp NULL DEFAULT NULL,
  `end_date` timestamp NULL DEFAULT NULL,
  `length` double DEFAULT NULL,
  `wide` double DEFAULT NULL,
  `height` double DEFAULT NULL,
  `weight` double DEFAULT NULL,
  `tax_id` bigint unsigned DEFAULT NULL,
  `views` bigint NOT NULL DEFAULT '0',
  `created_at` timestamp NULL DEFAULT NULL,
  `updated_at` timestamp NULL DEFAULT NULL,
  `created_by_id` bigint unsigned DEFAULT '0',
  `created_by_type` varchar(191) COLLATE utf8mb4_unicode_ci NOT NULL DEFAULT 'Botble\\ACL\\Models\\User',
  `image` varchar(191) COLLATE utf8mb4_unicode_ci DEFAULT NULL,
  `product_type` varchar(60) COLLATE utf8mb4_unicode_ci DEFAULT 'physical',
  `barcode` varchar(150) COLLATE utf8mb4_unicode_ci DEFAULT NULL,
  `cost_per_item` double DEFAULT NULL,
  `generate_license_code` tinyint(1) NOT NULL DEFAULT '0',
  `license_code_type` enum('auto_generate','pick_from_list') COLLATE utf8mb4_unicode_ci NOT NULL DEFAULT 'auto_generate',
  `minimum_order_quantity` int unsigned DEFAULT '0',
  `maximum_order_quantity` int unsigned DEFAULT '0',
  `notify_attachment_updated` tinyint(1) NOT NULL DEFAULT '0',
  `specification_table_id` bigint unsigned DEFAULT NULL,
  `store_id` bigint unsigned DEFAULT NULL,
  `approved_by` bigint unsigned DEFAULT '0',
  PRIMARY KEY (`id`),
  KEY `ec_products_brand_id_status_is_variation_created_at_index` (`brand_id`,`status`,`is_variation`,`created_at`),
  KEY `sale_type_index` (`sale_type`),
  KEY `start_date_index` (`start_date`),
  KEY `end_date_index` (`end_date`),
  KEY `sale_price_index` (`sale_price`),
  KEY `is_variation_index` (`is_variation`),
  KEY `ec_products_sku_index` (`sku`),
  KEY `idx_products_export` (`id`,`is_variation`),
  KEY `idx_variation_name_id` (`is_variation`,`name`,`id`),
  KEY `ec_products_variations_count_index` (`variations_count`),
  KEY `ec_products_reviews_count_index` (`reviews_count`),
  KEY `ec_products_reviews_avg_index` (`reviews_avg`),
  KEY `ec_products_slug_index` (`slug`),
  KEY `idx_products_status_variation` (`status`,`is_variation`,`id`),
  KEY `idx_products_price_sale` (`sale_type`,`sale_price`,`price`),
  KEY `idx_products_order_created` (`order`,`created_at`),
  KEY `idx_products_stock` (`with_storehouse_management`,`stock_status`,`quantity`),
  KEY `idx_store_variation_status` (`store_id`,`is_variation`,`status`)
) ENGINE=InnoDB AUTO_INCREMENT=48 DEFAULT CHARSET=utf8mb4 COLLATE=utf8mb4_unicode_ci;

--
-- Dumping data for table `ec_products`
--

INSERT INTO `ec_products` VALUES (1,'Seeds of Change Organic Quinoe','seeds-of-change-organic-quinoe','<p>Short Hooded Coat features a straight body, large pockets with button flaps, ventilation air holes, and a string\n    detail along the hemline.</p>\n<p><img src=\"/storage/general/clock.png\" alt=\"icon\" style=\"height:15px;\">  1 Year AL Jazeera Brand Warranty\n</p>\n<p><img src=\"/storage/general/paper-plane.png\" alt=\"icon\" style=\"height:15px;\">   30 Day Return Policy</p>\n<p><img src=\"/storage/general/credit-card.png\" alt=\"icon\" style=\"height:15px;\">  Cash on Delivery available\n</p>\n','<p>Short Hooded Coat features a straight body, large pockets with button flaps, ventilation air holes, and a string\n    detail along the hemline. The style is completed with a drawstring hood, featuring Rains’ signature built-in\n    cap. Made from waterproof, matte PU, this lightweight unisex rain jacket is an ode to nostalgia through its classic\n    silhouette and utilitarian design details.</p>\n<p>- Casual unisex fit</p>\n\n<p>- 64% polyester, 36% polyurethane</p>\n\n<p>- Water column pressure: 4000 mm</p>\n\n<p>- Model is 187cm tall and wearing a size S / M</p>\n\n<p>- Unisex fit</p>\n\n<p>- Drawstring hood with built-in cap</p>\n\n<p>- Front placket with snap buttons</p>\n\n<p>- Ventilation under armpit</p>\n\n<p>- Adjustable cuffs</p>\n\n<p>- Double welted front pockets</p>\n\n<p>- Adjustable elastic string at hempen</p>\n\n<p>- Ultrasonically welded seams</p>\n\n<p>This is a unisex item, please check our clothing &amp; footwear sizing guide for specific Rains jacket sizing\n    information. RAINS comes from the rainy nation of Denmark at the edge of the European continent, close to the ocean\n    and with prevailing westerly winds; all factors that contribute to an average of 121 rain days each year. Arising\n    from these rainy weather conditions comes the attitude that a quick rain shower may be beautiful, as well as moody-\n    but first and foremost requires the right outfit. Rains focus on the whole experience of going outside on rainy\n    days, issuing an invitation to explore even in the most mercurial weather.</p>\n','published','[\"products\\/1.jpg\",\"products\\/1-1.jpg\"]',NULL,'AW-104',0,16,0,1,'in_stock',1,1,0,0,10,2.90,0,639,543,NULL,NULL,18,16,16,882,NULL,123348,'2025-09-11 01:45:50','2025-09-11 01:46:40',0,'Botble\\ACL\\Models\\User',NULL,'physical','7121691134034',NULL,0,'auto_generate',0,0,0,2,1,0),(2,'All Natural Italian-Style Chicken Meatballs','all-natural-italian-style-chicken-meatballs','<p>Short Hooded Coat features a straight body, large pockets with button flaps, ventilation air holes, and a string\n    detail along the hemline.</p>\n<p><img src=\"/storage/general/clock.png\" alt=\"icon\" style=\"height:15px;\">  1 Year AL Jazeera Brand Warranty\n</p>\n<p><img src=\"/storage/general/paper-plane.png\" alt=\"icon\" style=\"height:15px;\">   30 Day Return Policy</p>\n<p><img src=\"/storage/general/credit-card.png\" alt=\"icon\" style=\"height:15px;\">  Cash on Delivery available\n</p>\n','<p>Short Hooded Coat features a straight body, large pockets with button flaps, ventilation air holes, and a string\n    detail along the hemline. The style is completed with a drawstring hood, featuring Rains’ signature built-in\n    cap. Made from waterproof, matte PU, this lightweight unisex rain jacket is an ode to nostalgia through its classic\n    silhouette and utilitarian design details.</p>\n<p>- Casual unisex fit</p>\n\n<p>- 64% polyester, 36% polyurethane</p>\n\n<p>- Water column pressure: 4000 mm</p>\n\n<p>- Model is 187cm tall and wearing a size S / M</p>\n\n<p>- Unisex fit</p>\n\n<p>- Drawstring hood with built-in cap</p>\n\n<p>- Front placket with snap buttons</p>\n\n<p>- Ventilation under armpit</p>\n\n<p>- Adjustable cuffs</p>\n\n<p>- Double welted front pockets</p>\n\n<p>- Adjustable elastic string at hempen</p>\n\n<p>- Ultrasonically welded seams</p>\n\n<p>This is a unisex item, please check our clothing &amp; footwear sizing guide for specific Rains jacket sizing\n    information. RAINS comes from the rainy nation of Denmark at the edge of the European continent, close to the ocean\n    and with prevailing westerly winds; all factors that contribute to an average of 121 rain days each year. Arising\n    from these rainy weather conditions comes the attitude that a quick rain shower may be beautiful, as well as moody-\n    but first and foremost requires the right outfit. Rains focus on the whole experience of going outside on rainy\n    days, issuing an invitation to explore even in the most mercurial weather.</p>\n','published','[\"products\\/2.jpg\",\"products\\/2-1.jpg\"]',NULL,'KR-188',0,12,0,1,'in_stock',1,3,0,0,10,2.20,0,521,260,NULL,NULL,11,19,16,874,NULL,149750,'2025-09-11 01:45:51','2025-09-11 01:46:40',0,'Botble\\ACL\\Models\\User',NULL,'physical','0723375330397',NULL,0,'auto_generate',0,0,0,2,5,0),(3,'Angie’s Boomchickapop Sweet &amp; Salty Kettle Corn','angies-boomchickapop-sweet-salty-kettle-corn','<p>Short Hooded Coat features a straight body, large pockets with button flaps, ventilation air holes, and a string\n    detail along the hemline.</p>\n<p><img src=\"/storage/general/clock.png\" alt=\"icon\" style=\"height:15px;\">  1 Year AL Jazeera Brand Warranty\n</p>\n<p><img src=\"/storage/general/paper-plane.png\" alt=\"icon\" style=\"height:15px;\">   30 Day Return Policy</p>\n<p><img src=\"/storage/general/credit-card.png\" alt=\"icon\" style=\"height:15px;\">  Cash on Delivery available\n</p>\n','<p>Short Hooded Coat features a straight body, large pockets with button flaps, ventilation air holes, and a string\n    detail along the hemline. The style is completed with a drawstring hood, featuring Rains’ signature built-in\n    cap. Made from waterproof, matte PU, this lightweight unisex rain jacket is an ode to nostalgia through its classic\n    silhouette and utilitarian design details.</p>\n<p>- Casual unisex fit</p>\n\n<p>- 64% polyester, 36% polyurethane</p>\n\n<p>- Water column pressure: 4000 mm</p>\n\n<p>- Model is 187cm tall and wearing a size S / M</p>\n\n<p>- Unisex fit</p>\n\n<p>- Drawstring hood with built-in cap</p>\n\n<p>- Front placket with snap buttons</p>\n\n<p>- Ventilation under armpit</p>\n\n<p>- Adjustable cuffs</p>\n\n<p>- Double welted front pockets</p>\n\n<p>- Adjustable elastic string at hempen</p>\n\n<p>- Ultrasonically welded seams</p>\n\n<p>This is a unisex item, please check our clothing &amp; footwear sizing guide for specific Rains jacket sizing\n    information. RAINS comes from the rainy nation of Denmark at the edge of the European continent, close to the ocean\n    and with prevailing westerly winds; all factors that contribute to an average of 121 rain days each year. Arising\n    from these rainy weather conditions comes the attitude that a quick rain shower may be beautiful, as well as moody-\n    but first and foremost requires the right outfit. Rains focus on the whole experience of going outside on rainy\n    days, issuing an invitation to explore even in the most mercurial weather.</p>\n','published','[\"products\\/3.jpg\",\"products\\/3-1.jpg\"]',NULL,'IP-150',0,13,0,1,'in_stock',1,7,0,0,10,3.50,0,707,151,NULL,NULL,12,17,13,650,NULL,48344,'2025-09-11 01:45:51','2025-09-11 01:46:41',0,'Botble\\ACL\\Models\\User',NULL,'physical','9305450163536',NULL,0,'auto_generate',0,0,0,1,2,0),(4,'Foster Farms Takeout Crispy Classic (Digital)','foster-farms-takeout-crispy-classic','<p>Short Hooded Coat features a straight body, large pockets with button flaps, ventilation air holes, and a string\n    detail along the hemline.</p>\n<p><img src=\"/storage/general/clock.png\" alt=\"icon\" style=\"height:15px;\">  1 Year AL Jazeera Brand Warranty\n</p>\n<p><img src=\"/storage/general/paper-plane.png\" alt=\"icon\" style=\"height:15px;\">   30 Day Return Policy</p>\n<p><img src=\"/storage/general/credit-card.png\" alt=\"icon\" style=\"height:15px;\">  Cash on Delivery available\n</p>\n','<p>Short Hooded Coat features a straight body, large pockets with button flaps, ventilation air holes, and a string\n    detail along the hemline. The style is completed with a drawstring hood, featuring Rains’ signature built-in\n    cap. Made from waterproof, matte PU, this lightweight unisex rain jacket is an ode to nostalgia through its classic\n    silhouette and utilitarian design details.</p>\n<p>- Casual unisex fit</p>\n\n<p>- 64% polyester, 36% polyurethane</p>\n\n<p>- Water column pressure: 4000 mm</p>\n\n<p>- Model is 187cm tall and wearing a size S / M</p>\n\n<p>- Unisex fit</p>\n\n<p>- Drawstring hood with built-in cap</p>\n\n<p>- Front placket with snap buttons</p>\n\n<p>- Ventilation under armpit</p>\n\n<p>- Adjustable cuffs</p>\n\n<p>- Double welted front pockets</p>\n\n<p>- Adjustable elastic string at hempen</p>\n\n<p>- Ultrasonically welded seams</p>\n\n<p>This is a unisex item, please check our clothing &amp; footwear sizing guide for specific Rains jacket sizing\n    information. RAINS comes from the rainy nation of Denmark at the edge of the European continent, close to the ocean\n    and with prevailing westerly winds; all factors that contribute to an average of 121 rain days each year. Arising\n    from these rainy weather conditions comes the attitude that a quick rain shower may be beautiful, as well as moody-\n    but first and foremost requires the right outfit. Rains focus on the whole experience of going outside on rainy\n    days, issuing an invitation to explore even in the most mercurial weather.</p>\n','published','[\"products\\/4.jpg\",\"products\\/4-1.jpg\"]',NULL,'DX-101',0,14,0,1,'in_stock',1,4,0,0,10,3.20,0,1275,523,NULL,NULL,10,19,19,890,NULL,57743,'2025-09-11 01:45:51','2025-09-11 01:46:41',0,'Botble\\ACL\\Models\\User',NULL,'digital','5610140691140',NULL,0,'auto_generate',0,0,0,2,5,0),(5,'Blue Diamond Almonds Lightly','blue-diamond-almonds-lightly','<p>Short Hooded Coat features a straight body, large pockets with button flaps, ventilation air holes, and a string\n    detail along the hemline.</p>\n<p><img src=\"/storage/general/clock.png\" alt=\"icon\" style=\"height:15px;\">  1 Year AL Jazeera Brand Warranty\n</p>\n<p><img src=\"/storage/general/paper-plane.png\" alt=\"icon\" style=\"height:15px;\">   30 Day Return Policy</p>\n<p><img src=\"/storage/general/credit-card.png\" alt=\"icon\" style=\"height:15px;\">  Cash on Delivery available\n</p>\n','<p>Short Hooded Coat features a straight body, large pockets with button flaps, ventilation air holes, and a string\n    detail along the hemline. The style is completed with a drawstring hood, featuring Rains’ signature built-in\n    cap. Made from waterproof, matte PU, this lightweight unisex rain jacket is an ode to nostalgia through its classic\n    silhouette and utilitarian design details.</p>\n<p>- Casual unisex fit</p>\n\n<p>- 64% polyester, 36% polyurethane</p>\n\n<p>- Water column pressure: 4000 mm</p>\n\n<p>- Model is 187cm tall and wearing a size S / M</p>\n\n<p>- Unisex fit</p>\n\n<p>- Drawstring hood with built-in cap</p>\n\n<p>- Front placket with snap buttons</p>\n\n<p>- Ventilation under armpit</p>\n\n<p>- Adjustable cuffs</p>\n\n<p>- Double welted front pockets</p>\n\n<p>- Adjustable elastic string at hempen</p>\n\n<p>- Ultrasonically welded seams</p>\n\n<p>This is a unisex item, please check our clothing &amp; footwear sizing guide for specific Rains jacket sizing\n    information. RAINS comes from the rainy nation of Denmark at the edge of the European continent, close to the ocean\n    and with prevailing westerly winds; all factors that contribute to an average of 121 rain days each year. Arising\n    from these rainy weather conditions comes the attitude that a quick rain shower may be beautiful, as well as moody-\n    but first and foremost requires the right outfit. Rains focus on the whole experience of going outside on rainy\n    days, issuing an invitation to explore even in the most mercurial weather.</p>\n','published','[\"products\\/5.jpg\",\"products\\/5-1.jpg\"]',NULL,'VR-135-A1',0,17,0,1,'in_stock',1,5,0,2,10,2.30,0,1695,NULL,NULL,NULL,16,17,17,654,NULL,59792,'2025-09-11 01:45:51','2025-09-11 01:46:41',0,'Botble\\ACL\\Models\\User',NULL,'physical','8658888163465',NULL,0,'auto_generate',0,0,0,1,1,0),(6,'Chobani Complete Vanilla Greek','chobani-complete-vanilla-greek','<p>Short Hooded Coat features a straight body, large pockets with button flaps, ventilation air holes, and a string\n    detail along the hemline.</p>\n<p><img src=\"/storage/general/clock.png\" alt=\"icon\" style=\"height:15px;\">  1 Year AL Jazeera Brand Warranty\n</p>\n<p><img src=\"/storage/general/paper-plane.png\" alt=\"icon\" style=\"height:15px;\">   30 Day Return Policy</p>\n<p><img src=\"/storage/general/credit-card.png\" alt=\"icon\" style=\"height:15px;\">  Cash on Delivery available\n</p>\n','<p>Short Hooded Coat features a straight body, large pockets with button flaps, ventilation air holes, and a string\n    detail along the hemline. The style is completed with a drawstring hood, featuring Rains’ signature built-in\n    cap. Made from waterproof, matte PU, this lightweight unisex rain jacket is an ode to nostalgia through its classic\n    silhouette and utilitarian design details.</p>\n<p>- Casual unisex fit</p>\n\n<p>- 64% polyester, 36% polyurethane</p>\n\n<p>- Water column pressure: 4000 mm</p>\n\n<p>- Model is 187cm tall and wearing a size S / M</p>\n\n<p>- Unisex fit</p>\n\n<p>- Drawstring hood with built-in cap</p>\n\n<p>- Front placket with snap buttons</p>\n\n<p>- Ventilation under armpit</p>\n\n<p>- Adjustable cuffs</p>\n\n<p>- Double welted front pockets</p>\n\n<p>- Adjustable elastic string at hempen</p>\n\n<p>- Ultrasonically welded seams</p>\n\n<p>This is a unisex item, please check our clothing &amp; footwear sizing guide for specific Rains jacket sizing\n    information. RAINS comes from the rainy nation of Denmark at the edge of the European continent, close to the ocean\n    and with prevailing westerly winds; all factors that contribute to an average of 121 rain days each year. Arising\n    from these rainy weather conditions comes the attitude that a quick rain shower may be beautiful, as well as moody-\n    but first and foremost requires the right outfit. Rains focus on the whole experience of going outside on rainy\n    days, issuing an invitation to explore even in the most mercurial weather.</p>\n','published','[\"products\\/6.jpg\",\"products\\/6-1.jpg\"]',NULL,'96-146',0,20,0,1,'in_stock',1,3,0,0,10,3.50,0,1129,30,NULL,NULL,12,19,13,865,NULL,142152,'2025-09-11 01:45:51','2025-09-11 01:46:41',0,'Botble\\ACL\\Models\\User',NULL,'physical','5512957183828',NULL,0,'auto_generate',0,0,0,2,3,0),(7,'Canada Dry Ginger Ale – 2 L Bottle','canada-dry-ginger-ale-2-l-bottle','<p>Short Hooded Coat features a straight body, large pockets with button flaps, ventilation air holes, and a string\n    detail along the hemline.</p>\n<p><img src=\"/storage/general/clock.png\" alt=\"icon\" style=\"height:15px;\">  1 Year AL Jazeera Brand Warranty\n</p>\n<p><img src=\"/storage/general/paper-plane.png\" alt=\"icon\" style=\"height:15px;\">   30 Day Return Policy</p>\n<p><img src=\"/storage/general/credit-card.png\" alt=\"icon\" style=\"height:15px;\">  Cash on Delivery available\n</p>\n','<p>Short Hooded Coat features a straight body, large pockets with button flaps, ventilation air holes, and a string\n    detail along the hemline. The style is completed with a drawstring hood, featuring Rains’ signature built-in\n    cap. Made from waterproof, matte PU, this lightweight unisex rain jacket is an ode to nostalgia through its classic\n    silhouette and utilitarian design details.</p>\n<p>- Casual unisex fit</p>\n\n<p>- 64% polyester, 36% polyurethane</p>\n\n<p>- Water column pressure: 4000 mm</p>\n\n<p>- Model is 187cm tall and wearing a size S / M</p>\n\n<p>- Unisex fit</p>\n\n<p>- Drawstring hood with built-in cap</p>\n\n<p>- Front placket with snap buttons</p>\n\n<p>- Ventilation under armpit</p>\n\n<p>- Adjustable cuffs</p>\n\n<p>- Double welted front pockets</p>\n\n<p>- Adjustable elastic string at hempen</p>\n\n<p>- Ultrasonically welded seams</p>\n\n<p>This is a unisex item, please check our clothing &amp; footwear sizing guide for specific Rains jacket sizing\n    information. RAINS comes from the rainy nation of Denmark at the edge of the European continent, close to the ocean\n    and with prevailing westerly winds; all factors that contribute to an average of 121 rain days each year. Arising\n    from these rainy weather conditions comes the attitude that a quick rain shower may be beautiful, as well as moody-\n    but first and foremost requires the right outfit. Rains focus on the whole experience of going outside on rainy\n    days, issuing an invitation to explore even in the most mercurial weather.</p>\n','published','[\"products\\/7.jpg\",\"products\\/7-1.jpg\"]',NULL,'GZ-156-A1',0,19,0,1,'in_stock',1,1,0,2,9,3.33,0,947,NULL,NULL,NULL,14,15,12,590,NULL,82388,'2025-09-11 01:45:51','2025-09-11 01:46:41',0,'Botble\\ACL\\Models\\User',NULL,'physical','5218048846596',NULL,0,'auto_generate',0,0,0,1,2,0),(8,'Encore Seafoods Stuffed Alaskan (Digital)','encore-seafoods-stuffed-alaskan','<p>Short Hooded Coat features a straight body, large pockets with button flaps, ventilation air holes, and a string\n    detail along the hemline.</p>\n<p><img src=\"/storage/general/clock.png\" alt=\"icon\" style=\"height:15px;\">  1 Year AL Jazeera Brand Warranty\n</p>\n<p><img src=\"/storage/general/paper-plane.png\" alt=\"icon\" style=\"height:15px;\">   30 Day Return Policy</p>\n<p><img src=\"/storage/general/credit-card.png\" alt=\"icon\" style=\"height:15px;\">  Cash on Delivery available\n</p>\n','<p>Short Hooded Coat features a straight body, large pockets with button flaps, ventilation air holes, and a string\n    detail along the hemline. The style is completed with a drawstring hood, featuring Rains’ signature built-in\n    cap. Made from waterproof, matte PU, this lightweight unisex rain jacket is an ode to nostalgia through its classic\n    silhouette and utilitarian design details.</p>\n<p>- Casual unisex fit</p>\n\n<p>- 64% polyester, 36% polyurethane</p>\n\n<p>- Water column pressure: 4000 mm</p>\n\n<p>- Model is 187cm tall and wearing a size S / M</p>\n\n<p>- Unisex fit</p>\n\n<p>- Drawstring hood with built-in cap</p>\n\n<p>- Front placket with snap buttons</p>\n\n<p>- Ventilation under armpit</p>\n\n<p>- Adjustable cuffs</p>\n\n<p>- Double welted front pockets</p>\n\n<p>- Adjustable elastic string at hempen</p>\n\n<p>- Ultrasonically welded seams</p>\n\n<p>This is a unisex item, please check our clothing &amp; footwear sizing guide for specific Rains jacket sizing\n    information. RAINS comes from the rainy nation of Denmark at the edge of the European continent, close to the ocean\n    and with prevailing westerly winds; all factors that contribute to an average of 121 rain days each year. Arising\n    from these rainy weather conditions comes the attitude that a quick rain shower may be beautiful, as well as moody-\n    but first and foremost requires the right outfit. Rains focus on the whole experience of going outside on rainy\n    days, issuing an invitation to explore even in the most mercurial weather.</p>\n','published','[\"products\\/8.jpg\",\"products\\/8-1.jpg\"]',NULL,'SA-179',0,14,0,1,'in_stock',1,1,0,0,10,2.80,0,584,282,NULL,NULL,10,12,14,745,NULL,148033,'2025-09-11 01:45:51','2025-09-11 01:46:41',0,'Botble\\ACL\\Models\\User',NULL,'digital','4269903994267',NULL,0,'auto_generate',0,0,0,2,1,0),(9,'Gorton’s Beer Battered Fish Fillets','gortons-beer-battered-fish-fillets','<p>Short Hooded Coat features a straight body, large pockets with button flaps, ventilation air holes, and a string\n    detail along the hemline.</p>\n<p><img src=\"/storage/general/clock.png\" alt=\"icon\" style=\"height:15px;\">  1 Year AL Jazeera Brand Warranty\n</p>\n<p><img src=\"/storage/general/paper-plane.png\" alt=\"icon\" style=\"height:15px;\">   30 Day Return Policy</p>\n<p><img src=\"/storage/general/credit-card.png\" alt=\"icon\" style=\"height:15px;\">  Cash on Delivery available\n</p>\n','<p>Short Hooded Coat features a straight body, large pockets with button flaps, ventilation air holes, and a string\n    detail along the hemline. The style is completed with a drawstring hood, featuring Rains’ signature built-in\n    cap. Made from waterproof, matte PU, this lightweight unisex rain jacket is an ode to nostalgia through its classic\n    silhouette and utilitarian design details.</p>\n<p>- Casual unisex fit</p>\n\n<p>- 64% polyester, 36% polyurethane</p>\n\n<p>- Water column pressure: 4000 mm</p>\n\n<p>- Model is 187cm tall and wearing a size S / M</p>\n\n<p>- Unisex fit</p>\n\n<p>- Drawstring hood with built-in cap</p>\n\n<p>- Front placket with snap buttons</p>\n\n<p>- Ventilation under armpit</p>\n\n<p>- Adjustable cuffs</p>\n\n<p>- Double welted front pockets</p>\n\n<p>- Adjustable elastic string at hempen</p>\n\n<p>- Ultrasonically welded seams</p>\n\n<p>This is a unisex item, please check our clothing &amp; footwear sizing guide for specific Rains jacket sizing\n    information. RAINS comes from the rainy nation of Denmark at the edge of the European continent, close to the ocean\n    and with prevailing westerly winds; all factors that contribute to an average of 121 rain days each year. Arising\n    from these rainy weather conditions comes the attitude that a quick rain shower may be beautiful, as well as moody-\n    but first and foremost requires the right outfit. Rains focus on the whole experience of going outside on rainy\n    days, issuing an invitation to explore even in the most mercurial weather.</p>\n','published','[\"products\\/9.jpg\",\"products\\/9-1.jpg\"]',NULL,'UG-168',0,20,0,1,'in_stock',1,2,0,0,10,2.60,0,1508,573,NULL,NULL,18,12,20,561,NULL,130196,'2025-09-11 01:45:51','2025-09-11 01:46:41',0,'Botble\\ACL\\Models\\User',NULL,'physical','4905199058169',NULL,0,'auto_generate',0,0,0,2,2,0),(10,'Haagen-Dazs Caramel Cone Ice Cream','haagen-dazs-caramel-cone-ice-cream','<p>Short Hooded Coat features a straight body, large pockets with button flaps, ventilation air holes, and a string\n    detail along the hemline.</p>\n<p><img src=\"/storage/general/clock.png\" alt=\"icon\" style=\"height:15px;\">  1 Year AL Jazeera Brand Warranty\n</p>\n<p><img src=\"/storage/general/paper-plane.png\" alt=\"icon\" style=\"height:15px;\">   30 Day Return Policy</p>\n<p><img src=\"/storage/general/credit-card.png\" alt=\"icon\" style=\"height:15px;\">  Cash on Delivery available\n</p>\n','<p>Short Hooded Coat features a straight body, large pockets with button flaps, ventilation air holes, and a string\n    detail along the hemline. The style is completed with a drawstring hood, featuring Rains’ signature built-in\n    cap. Made from waterproof, matte PU, this lightweight unisex rain jacket is an ode to nostalgia through its classic\n    silhouette and utilitarian design details.</p>\n<p>- Casual unisex fit</p>\n\n<p>- 64% polyester, 36% polyurethane</p>\n\n<p>- Water column pressure: 4000 mm</p>\n\n<p>- Model is 187cm tall and wearing a size S / M</p>\n\n<p>- Unisex fit</p>\n\n<p>- Drawstring hood with built-in cap</p>\n\n<p>- Front placket with snap buttons</p>\n\n<p>- Ventilation under armpit</p>\n\n<p>- Adjustable cuffs</p>\n\n<p>- Double welted front pockets</p>\n\n<p>- Adjustable elastic string at hempen</p>\n\n<p>- Ultrasonically welded seams</p>\n\n<p>This is a unisex item, please check our clothing &amp; footwear sizing guide for specific Rains jacket sizing\n    information. RAINS comes from the rainy nation of Denmark at the edge of the European continent, close to the ocean\n    and with prevailing westerly winds; all factors that contribute to an average of 121 rain days each year. Arising\n    from these rainy weather conditions comes the attitude that a quick rain shower may be beautiful, as well as moody-\n    but first and foremost requires the right outfit. Rains focus on the whole experience of going outside on rainy\n    days, issuing an invitation to explore even in the most mercurial weather.</p>\n','published','[\"products\\/10.jpg\",\"products\\/10-1.jpg\"]',NULL,'GZ-132',0,13,0,1,'in_stock',1,7,0,0,10,3.30,0,1908,1834,NULL,NULL,18,14,20,676,NULL,131104,'2025-09-11 01:45:51','2025-09-11 01:46:41',0,'Botble\\ACL\\Models\\User',NULL,'physical','3751630113062',NULL,0,'auto_generate',0,0,0,2,2,0),(11,'Nestle Original Coffee-Mate Coffee Creamer','nestle-original-coffee-mate-coffee-creamer','<p>Short Hooded Coat features a straight body, large pockets with button flaps, ventilation air holes, and a string\n    detail along the hemline.</p>\n<p><img src=\"/storage/general/clock.png\" alt=\"icon\" style=\"height:15px;\">  1 Year AL Jazeera Brand Warranty\n</p>\n<p><img src=\"/storage/general/paper-plane.png\" alt=\"icon\" style=\"height:15px;\">   30 Day Return Policy</p>\n<p><img src=\"/storage/general/credit-card.png\" alt=\"icon\" style=\"height:15px;\">  Cash on Delivery available\n</p>\n','<p>Short Hooded Coat features a straight body, large pockets with button flaps, ventilation air holes, and a string\n    detail along the hemline. The style is completed with a drawstring hood, featuring Rains’ signature built-in\n    cap. Made from waterproof, matte PU, this lightweight unisex rain jacket is an ode to nostalgia through its classic\n    silhouette and utilitarian design details.</p>\n<p>- Casual unisex fit</p>\n\n<p>- 64% polyester, 36% polyurethane</p>\n\n<p>- Water column pressure: 4000 mm</p>\n\n<p>- Model is 187cm tall and wearing a size S / M</p>\n\n<p>- Unisex fit</p>\n\n<p>- Drawstring hood with built-in cap</p>\n\n<p>- Front placket with snap buttons</p>\n\n<p>- Ventilation under armpit</p>\n\n<p>- Adjustable cuffs</p>\n\n<p>- Double welted front pockets</p>\n\n<p>- Adjustable elastic string at hempen</p>\n\n<p>- Ultrasonically welded seams</p>\n\n<p>This is a unisex item, please check our clothing &amp; footwear sizing guide for specific Rains jacket sizing\n    information. RAINS comes from the rainy nation of Denmark at the edge of the European continent, close to the ocean\n    and with prevailing westerly winds; all factors that contribute to an average of 121 rain days each year. Arising\n    from these rainy weather conditions comes the attitude that a quick rain shower may be beautiful, as well as moody-\n    but first and foremost requires the right outfit. Rains focus on the whole experience of going outside on rainy\n    days, issuing an invitation to explore even in the most mercurial weather.</p>\n','published','[\"products\\/11.jpg\",\"products\\/11-1.jpg\"]',NULL,'TN-151',0,12,0,1,'in_stock',1,4,0,0,10,3.00,0,1407,279,NULL,NULL,13,16,16,523,NULL,17628,'2025-09-11 01:45:51','2025-09-11 01:46:41',0,'Botble\\ACL\\Models\\User',NULL,'physical','5301541131013',NULL,0,'auto_generate',0,0,0,1,3,0),(12,'Naturally Flavored Cinnamon Vanilla Light Roast Coffee (Digital)','naturally-flavored-cinnamon-vanilla-light-roast-coffee','<p>Short Hooded Coat features a straight body, large pockets with button flaps, ventilation air holes, and a string\n    detail along the hemline.</p>\n<p><img src=\"/storage/general/clock.png\" alt=\"icon\" style=\"height:15px;\">  1 Year AL Jazeera Brand Warranty\n</p>\n<p><img src=\"/storage/general/paper-plane.png\" alt=\"icon\" style=\"height:15px;\">   30 Day Return Policy</p>\n<p><img src=\"/storage/general/credit-card.png\" alt=\"icon\" style=\"height:15px;\">  Cash on Delivery available\n</p>\n','<p>Short Hooded Coat features a straight body, large pockets with button flaps, ventilation air holes, and a string\n    detail along the hemline. The style is completed with a drawstring hood, featuring Rains’ signature built-in\n    cap. Made from waterproof, matte PU, this lightweight unisex rain jacket is an ode to nostalgia through its classic\n    silhouette and utilitarian design details.</p>\n<p>- Casual unisex fit</p>\n\n<p>- 64% polyester, 36% polyurethane</p>\n\n<p>- Water column pressure: 4000 mm</p>\n\n<p>- Model is 187cm tall and wearing a size S / M</p>\n\n<p>- Unisex fit</p>\n\n<p>- Drawstring hood with built-in cap</p>\n\n<p>- Front placket with snap buttons</p>\n\n<p>- Ventilation under armpit</p>\n\n<p>- Adjustable cuffs</p>\n\n<p>- Double welted front pockets</p>\n\n<p>- Adjustable elastic string at hempen</p>\n\n<p>- Ultrasonically welded seams</p>\n\n<p>This is a unisex item, please check our clothing &amp; footwear sizing guide for specific Rains jacket sizing\n    information. RAINS comes from the rainy nation of Denmark at the edge of the European continent, close to the ocean\n    and with prevailing westerly winds; all factors that contribute to an average of 121 rain days each year. Arising\n    from these rainy weather conditions comes the attitude that a quick rain shower may be beautiful, as well as moody-\n    but first and foremost requires the right outfit. Rains focus on the whole experience of going outside on rainy\n    days, issuing an invitation to explore even in the most mercurial weather.</p>\n','published','[\"products\\/12.jpg\",\"products\\/12-1.jpg\"]',NULL,'KZ-123-A1',0,11,0,1,'in_stock',1,2,0,2,10,3.60,0,1789,1520.65,NULL,NULL,16,20,20,510,NULL,161807,'2025-09-11 01:45:51','2025-09-11 01:46:41',0,'Botble\\ACL\\Models\\User',NULL,'digital','5447884111104',NULL,0,'auto_generate',0,0,0,1,5,0),(13,'Pepperidge Farm Farmhouse Hearty White Bread','pepperidge-farm-farmhouse-hearty-white-bread','<p>Short Hooded Coat features a straight body, large pockets with button flaps, ventilation air holes, and a string\n    detail along the hemline.</p>\n<p><img src=\"/storage/general/clock.png\" alt=\"icon\" style=\"height:15px;\">  1 Year AL Jazeera Brand Warranty\n</p>\n<p><img src=\"/storage/general/paper-plane.png\" alt=\"icon\" style=\"height:15px;\">   30 Day Return Policy</p>\n<p><img src=\"/storage/general/credit-card.png\" alt=\"icon\" style=\"height:15px;\">  Cash on Delivery available\n</p>\n','<p>Short Hooded Coat features a straight body, large pockets with button flaps, ventilation air holes, and a string\n    detail along the hemline. The style is completed with a drawstring hood, featuring Rains’ signature built-in\n    cap. Made from waterproof, matte PU, this lightweight unisex rain jacket is an ode to nostalgia through its classic\n    silhouette and utilitarian design details.</p>\n<p>- Casual unisex fit</p>\n\n<p>- 64% polyester, 36% polyurethane</p>\n\n<p>- Water column pressure: 4000 mm</p>\n\n<p>- Model is 187cm tall and wearing a size S / M</p>\n\n<p>- Unisex fit</p>\n\n<p>- Drawstring hood with built-in cap</p>\n\n<p>- Front placket with snap buttons</p>\n\n<p>- Ventilation under armpit</p>\n\n<p>- Adjustable cuffs</p>\n\n<p>- Double welted front pockets</p>\n\n<p>- Adjustable elastic string at hempen</p>\n\n<p>- Ultrasonically welded seams</p>\n\n<p>This is a unisex item, please check our clothing &amp; footwear sizing guide for specific Rains jacket sizing\n    information. RAINS comes from the rainy nation of Denmark at the edge of the European continent, close to the ocean\n    and with prevailing westerly winds; all factors that contribute to an average of 121 rain days each year. Arising\n    from these rainy weather conditions comes the attitude that a quick rain shower may be beautiful, as well as moody-\n    but first and foremost requires the right outfit. Rains focus on the whole experience of going outside on rainy\n    days, issuing an invitation to explore even in the most mercurial weather.</p>\n','published','[\"products\\/13.jpg\",\"products\\/13-1.jpg\"]',NULL,'UN-131',0,19,0,1,'in_stock',1,6,0,0,10,3.20,0,989,24,NULL,NULL,10,14,12,566,NULL,37008,'2025-09-11 01:45:52','2025-09-11 01:46:41',0,'Botble\\ACL\\Models\\User',NULL,'physical','7788435163530',NULL,0,'auto_generate',0,0,0,2,3,0),(14,'Organic Frozen Triple Berry Blend','organic-frozen-triple-berry-blend','<p>Short Hooded Coat features a straight body, large pockets with button flaps, ventilation air holes, and a string\n    detail along the hemline.</p>\n<p><img src=\"/storage/general/clock.png\" alt=\"icon\" style=\"height:15px;\">  1 Year AL Jazeera Brand Warranty\n</p>\n<p><img src=\"/storage/general/paper-plane.png\" alt=\"icon\" style=\"height:15px;\">   30 Day Return Policy</p>\n<p><img src=\"/storage/general/credit-card.png\" alt=\"icon\" style=\"height:15px;\">  Cash on Delivery available\n</p>\n','<p>Short Hooded Coat features a straight body, large pockets with button flaps, ventilation air holes, and a string\n    detail along the hemline. The style is completed with a drawstring hood, featuring Rains’ signature built-in\n    cap. Made from waterproof, matte PU, this lightweight unisex rain jacket is an ode to nostalgia through its classic\n    silhouette and utilitarian design details.</p>\n<p>- Casual unisex fit</p>\n\n<p>- 64% polyester, 36% polyurethane</p>\n\n<p>- Water column pressure: 4000 mm</p>\n\n<p>- Model is 187cm tall and wearing a size S / M</p>\n\n<p>- Unisex fit</p>\n\n<p>- Drawstring hood with built-in cap</p>\n\n<p>- Front placket with snap buttons</p>\n\n<p>- Ventilation under armpit</p>\n\n<p>- Adjustable cuffs</p>\n\n<p>- Double welted front pockets</p>\n\n<p>- Adjustable elastic string at hempen</p>\n\n<p>- Ultrasonically welded seams</p>\n\n<p>This is a unisex item, please check our clothing &amp; footwear sizing guide for specific Rains jacket sizing\n    information. RAINS comes from the rainy nation of Denmark at the edge of the European continent, close to the ocean\n    and with prevailing westerly winds; all factors that contribute to an average of 121 rain days each year. Arising\n    from these rainy weather conditions comes the attitude that a quick rain shower may be beautiful, as well as moody-\n    but first and foremost requires the right outfit. Rains focus on the whole experience of going outside on rainy\n    days, issuing an invitation to explore even in the most mercurial weather.</p>\n','published','[\"products\\/14.jpg\",\"products\\/14-1.jpg\"]',NULL,'GK-136-A1',0,16,0,1,'in_stock',1,3,0,5,10,3.90,0,1375,NULL,NULL,NULL,20,12,12,827,NULL,20921,'2025-09-11 01:45:52','2025-09-11 01:46:41',0,'Botble\\ACL\\Models\\User',NULL,'physical','5777981375698',NULL,0,'auto_generate',0,0,0,2,3,0),(15,'Oroweat Country Buttermilk Bread','oroweat-country-buttermilk-bread','<p>Short Hooded Coat features a straight body, large pockets with button flaps, ventilation air holes, and a string\n    detail along the hemline.</p>\n<p><img src=\"/storage/general/clock.png\" alt=\"icon\" style=\"height:15px;\">  1 Year AL Jazeera Brand Warranty\n</p>\n<p><img src=\"/storage/general/paper-plane.png\" alt=\"icon\" style=\"height:15px;\">   30 Day Return Policy</p>\n<p><img src=\"/storage/general/credit-card.png\" alt=\"icon\" style=\"height:15px;\">  Cash on Delivery available\n</p>\n','<p>Short Hooded Coat features a straight body, large pockets with button flaps, ventilation air holes, and a string\n    detail along the hemline. The style is completed with a drawstring hood, featuring Rains’ signature built-in\n    cap. Made from waterproof, matte PU, this lightweight unisex rain jacket is an ode to nostalgia through its classic\n    silhouette and utilitarian design details.</p>\n<p>- Casual unisex fit</p>\n\n<p>- 64% polyester, 36% polyurethane</p>\n\n<p>- Water column pressure: 4000 mm</p>\n\n<p>- Model is 187cm tall and wearing a size S / M</p>\n\n<p>- Unisex fit</p>\n\n<p>- Drawstring hood with built-in cap</p>\n\n<p>- Front placket with snap buttons</p>\n\n<p>- Ventilation under armpit</p>\n\n<p>- Adjustable cuffs</p>\n\n<p>- Double welted front pockets</p>\n\n<p>- Adjustable elastic string at hempen</p>\n\n<p>- Ultrasonically welded seams</p>\n\n<p>This is a unisex item, please check our clothing &amp; footwear sizing guide for specific Rains jacket sizing\n    information. RAINS comes from the rainy nation of Denmark at the edge of the European continent, close to the ocean\n    and with prevailing westerly winds; all factors that contribute to an average of 121 rain days each year. Arising\n    from these rainy weather conditions comes the attitude that a quick rain shower may be beautiful, as well as moody-\n    but first and foremost requires the right outfit. Rains focus on the whole experience of going outside on rainy\n    days, issuing an invitation to explore even in the most mercurial weather.</p>\n','published','[\"products\\/15.jpg\",\"products\\/15-1.jpg\"]',NULL,'RP-105-A1',0,15,0,1,'in_stock',1,4,0,3,8,2.88,0,1907,NULL,NULL,NULL,12,14,15,875,NULL,72581,'2025-09-11 01:45:52','2025-09-11 01:46:42',0,'Botble\\ACL\\Models\\User',NULL,'physical','1031343007394',NULL,0,'auto_generate',0,0,0,1,6,0),(16,'Foster Farms Takeout Crispy Classic Buffalo Wings (Digital)','foster-farms-takeout-crispy-classic-buffalo-wings','<p>Short Hooded Coat features a straight body, large pockets with button flaps, ventilation air holes, and a string\n    detail along the hemline.</p>\n<p><img src=\"/storage/general/clock.png\" alt=\"icon\" style=\"height:15px;\">  1 Year AL Jazeera Brand Warranty\n</p>\n<p><img src=\"/storage/general/paper-plane.png\" alt=\"icon\" style=\"height:15px;\">   30 Day Return Policy</p>\n<p><img src=\"/storage/general/credit-card.png\" alt=\"icon\" style=\"height:15px;\">  Cash on Delivery available\n</p>\n','<p>Short Hooded Coat features a straight body, large pockets with button flaps, ventilation air holes, and a string\n    detail along the hemline. The style is completed with a drawstring hood, featuring Rains’ signature built-in\n    cap. Made from waterproof, matte PU, this lightweight unisex rain jacket is an ode to nostalgia through its classic\n    silhouette and utilitarian design details.</p>\n<p>- Casual unisex fit</p>\n\n<p>- 64% polyester, 36% polyurethane</p>\n\n<p>- Water column pressure: 4000 mm</p>\n\n<p>- Model is 187cm tall and wearing a size S / M</p>\n\n<p>- Unisex fit</p>\n\n<p>- Drawstring hood with built-in cap</p>\n\n<p>- Front placket with snap buttons</p>\n\n<p>- Ventilation under armpit</p>\n\n<p>- Adjustable cuffs</p>\n\n<p>- Double welted front pockets</p>\n\n<p>- Adjustable elastic string at hempen</p>\n\n<p>- Ultrasonically welded seams</p>\n\n<p>This is a unisex item, please check our clothing &amp; footwear sizing guide for specific Rains jacket sizing\n    information. RAINS comes from the rainy nation of Denmark at the edge of the European continent, close to the ocean\n    and with prevailing westerly winds; all factors that contribute to an average of 121 rain days each year. Arising\n    from these rainy weather conditions comes the attitude that a quick rain shower may be beautiful, as well as moody-\n    but first and foremost requires the right outfit. Rains focus on the whole experience of going outside on rainy\n    days, issuing an invitation to explore even in the most mercurial weather.</p>\n','published','[\"products\\/16.jpg\",\"products\\/16-1.jpg\",\"products\\/16-2.jpg\",\"products\\/16-3.jpg\",\"products\\/16-4.jpg\",\"products\\/16-5.jpg\",\"products\\/16-6.jpg\"]',NULL,'XU-115',0,14,0,1,'in_stock',1,1,0,0,10,2.10,0,2248,1802,NULL,NULL,18,18,15,609,NULL,9156,'2025-09-11 01:45:52','2025-09-11 01:46:42',0,'Botble\\ACL\\Models\\User',NULL,'digital','0546604969126',NULL,0,'auto_generate',0,0,0,2,6,0),(17,'Angie’s Boomchickapop Sweet &amp; Salty Kettle Corn','angies-boomchickapop-sweet-salty-kettle-corn','<p>Short Hooded Coat features a straight body, large pockets with button flaps, ventilation air holes, and a string\n    detail along the hemline.</p>\n<p><img src=\"/storage/general/clock.png\" alt=\"icon\" style=\"height:15px;\">  1 Year AL Jazeera Brand Warranty\n</p>\n<p><img src=\"/storage/general/paper-plane.png\" alt=\"icon\" style=\"height:15px;\">   30 Day Return Policy</p>\n<p><img src=\"/storage/general/credit-card.png\" alt=\"icon\" style=\"height:15px;\">  Cash on Delivery available\n</p>\n','<p>Short Hooded Coat features a straight body, large pockets with button flaps, ventilation air holes, and a string\n    detail along the hemline. The style is completed with a drawstring hood, featuring Rains’ signature built-in\n    cap. Made from waterproof, matte PU, this lightweight unisex rain jacket is an ode to nostalgia through its classic\n    silhouette and utilitarian design details.</p>\n<p>- Casual unisex fit</p>\n\n<p>- 64% polyester, 36% polyurethane</p>\n\n<p>- Water column pressure: 4000 mm</p>\n\n<p>- Model is 187cm tall and wearing a size S / M</p>\n\n<p>- Unisex fit</p>\n\n<p>- Drawstring hood with built-in cap</p>\n\n<p>- Front placket with snap buttons</p>\n\n<p>- Ventilation under armpit</p>\n\n<p>- Adjustable cuffs</p>\n\n<p>- Double welted front pockets</p>\n\n<p>- Adjustable elastic string at hempen</p>\n\n<p>- Ultrasonically welded seams</p>\n\n<p>This is a unisex item, please check our clothing &amp; footwear sizing guide for specific Rains jacket sizing\n    information. RAINS comes from the rainy nation of Denmark at the edge of the European continent, close to the ocean\n    and with prevailing westerly winds; all factors that contribute to an average of 121 rain days each year. Arising\n    from these rainy weather conditions comes the attitude that a quick rain shower may be beautiful, as well as moody-\n    but first and foremost requires the right outfit. Rains focus on the whole experience of going outside on rainy\n    days, issuing an invitation to explore even in the most mercurial weather.</p>\n','published','[\"products\\/17.jpg\",\"products\\/17-1.jpg\"]',NULL,'OL-107-A1',0,20,0,1,'in_stock',1,3,0,1,10,2.80,0,1804,NULL,NULL,NULL,10,15,12,678,NULL,53237,'2025-09-11 01:45:52','2025-09-11 01:46:42',0,'Botble\\ACL\\Models\\User',NULL,'physical','2281254208048',NULL,0,'auto_generate',0,0,0,2,3,0),(18,'All Natural Italian-Style Chicken Meatballs','all-natural-italian-style-chicken-meatballs','<p>Short Hooded Coat features a straight body, large pockets with button flaps, ventilation air holes, and a string\n    detail along the hemline.</p>\n<p><img src=\"/storage/general/clock.png\" alt=\"icon\" style=\"height:15px;\">  1 Year AL Jazeera Brand Warranty\n</p>\n<p><img src=\"/storage/general/paper-plane.png\" alt=\"icon\" style=\"height:15px;\">   30 Day Return Policy</p>\n<p><img src=\"/storage/general/credit-card.png\" alt=\"icon\" style=\"height:15px;\">  Cash on Delivery available\n</p>\n','<p>Short Hooded Coat features a straight body, large pockets with button flaps, ventilation air holes, and a string\n    detail along the hemline. The style is completed with a drawstring hood, featuring Rains’ signature built-in\n    cap. Made from waterproof, matte PU, this lightweight unisex rain jacket is an ode to nostalgia through its classic\n    silhouette and utilitarian design details.</p>\n<p>- Casual unisex fit</p>\n\n<p>- 64% polyester, 36% polyurethane</p>\n\n<p>- Water column pressure: 4000 mm</p>\n\n<p>- Model is 187cm tall and wearing a size S / M</p>\n\n<p>- Unisex fit</p>\n\n<p>- Drawstring hood with built-in cap</p>\n\n<p>- Front placket with snap buttons</p>\n\n<p>- Ventilation under armpit</p>\n\n<p>- Adjustable cuffs</p>\n\n<p>- Double welted front pockets</p>\n\n<p>- Adjustable elastic string at hempen</p>\n\n<p>- Ultrasonically welded seams</p>\n\n<p>This is a unisex item, please check our clothing &amp; footwear sizing guide for specific Rains jacket sizing\n    information. RAINS comes from the rainy nation of Denmark at the edge of the European continent, close to the ocean\n    and with prevailing westerly winds; all factors that contribute to an average of 121 rain days each year. Arising\n    from these rainy weather conditions comes the attitude that a quick rain shower may be beautiful, as well as moody-\n    but first and foremost requires the right outfit. Rains focus on the whole experience of going outside on rainy\n    days, issuing an invitation to explore even in the most mercurial weather.</p>\n','published','[\"products\\/18.jpg\",\"products\\/18-1.jpg\"]',NULL,'J3-146',0,11,0,1,'in_stock',1,3,0,0,9,3.56,0,754,734,NULL,NULL,20,14,13,695,NULL,112652,'2025-09-11 01:45:52','2025-09-11 01:46:42',0,'Botble\\ACL\\Models\\User',NULL,'physical','4641728967938',NULL,0,'auto_generate',0,0,0,2,3,0),(19,'Simply Lemonade with Raspberry Juice','simply-lemonade-with-raspberry-juice','<p>Short Hooded Coat features a straight body, large pockets with button flaps, ventilation air holes, and a string\n    detail along the hemline.</p>\n<p><img src=\"/storage/general/clock.png\" alt=\"icon\" style=\"height:15px;\">  1 Year AL Jazeera Brand Warranty\n</p>\n<p><img src=\"/storage/general/paper-plane.png\" alt=\"icon\" style=\"height:15px;\">   30 Day Return Policy</p>\n<p><img src=\"/storage/general/credit-card.png\" alt=\"icon\" style=\"height:15px;\">  Cash on Delivery available\n</p>\n','<p>Short Hooded Coat features a straight body, large pockets with button flaps, ventilation air holes, and a string\n    detail along the hemline. The style is completed with a drawstring hood, featuring Rains’ signature built-in\n    cap. Made from waterproof, matte PU, this lightweight unisex rain jacket is an ode to nostalgia through its classic\n    silhouette and utilitarian design details.</p>\n<p>- Casual unisex fit</p>\n\n<p>- 64% polyester, 36% polyurethane</p>\n\n<p>- Water column pressure: 4000 mm</p>\n\n<p>- Model is 187cm tall and wearing a size S / M</p>\n\n<p>- Unisex fit</p>\n\n<p>- Drawstring hood with built-in cap</p>\n\n<p>- Front placket with snap buttons</p>\n\n<p>- Ventilation under armpit</p>\n\n<p>- Adjustable cuffs</p>\n\n<p>- Double welted front pockets</p>\n\n<p>- Adjustable elastic string at hempen</p>\n\n<p>- Ultrasonically welded seams</p>\n\n<p>This is a unisex item, please check our clothing &amp; footwear sizing guide for specific Rains jacket sizing\n    information. RAINS comes from the rainy nation of Denmark at the edge of the European continent, close to the ocean\n    and with prevailing westerly winds; all factors that contribute to an average of 121 rain days each year. Arising\n    from these rainy weather conditions comes the attitude that a quick rain shower may be beautiful, as well as moody-\n    but first and foremost requires the right outfit. Rains focus on the whole experience of going outside on rainy\n    days, issuing an invitation to explore even in the most mercurial weather.</p>\n','published','[\"products\\/19.jpg\",\"products\\/19-1.jpg\"]',NULL,'1Q-123',0,20,0,1,'in_stock',1,5,0,0,10,2.20,0,1317,232,NULL,NULL,15,20,12,679,NULL,181321,'2025-09-11 01:45:52','2025-09-11 01:46:42',0,'Botble\\ACL\\Models\\User',NULL,'physical','7079610435307',NULL,0,'auto_generate',0,0,0,2,6,0),(20,'Perdue Simply Smart Organics Gluten Free (Digital)','perdue-simply-smart-organics-gluten-free','<p>Short Hooded Coat features a straight body, large pockets with button flaps, ventilation air holes, and a string\n    detail along the hemline.</p>\n<p><img src=\"/storage/general/clock.png\" alt=\"icon\" style=\"height:15px;\">  1 Year AL Jazeera Brand Warranty\n</p>\n<p><img src=\"/storage/general/paper-plane.png\" alt=\"icon\" style=\"height:15px;\">   30 Day Return Policy</p>\n<p><img src=\"/storage/general/credit-card.png\" alt=\"icon\" style=\"height:15px;\">  Cash on Delivery available\n</p>\n','<p>Short Hooded Coat features a straight body, large pockets with button flaps, ventilation air holes, and a string\n    detail along the hemline. The style is completed with a drawstring hood, featuring Rains’ signature built-in\n    cap. Made from waterproof, matte PU, this lightweight unisex rain jacket is an ode to nostalgia through its classic\n    silhouette and utilitarian design details.</p>\n<p>- Casual unisex fit</p>\n\n<p>- 64% polyester, 36% polyurethane</p>\n\n<p>- Water column pressure: 4000 mm</p>\n\n<p>- Model is 187cm tall and wearing a size S / M</p>\n\n<p>- Unisex fit</p>\n\n<p>- Drawstring hood with built-in cap</p>\n\n<p>- Front placket with snap buttons</p>\n\n<p>- Ventilation under armpit</p>\n\n<p>- Adjustable cuffs</p>\n\n<p>- Double welted front pockets</p>\n\n<p>- Adjustable elastic string at hempen</p>\n\n<p>- Ultrasonically welded seams</p>\n\n<p>This is a unisex item, please check our clothing &amp; footwear sizing guide for specific Rains jacket sizing\n    information. RAINS comes from the rainy nation of Denmark at the edge of the European continent, close to the ocean\n    and with prevailing westerly winds; all factors that contribute to an average of 121 rain days each year. Arising\n    from these rainy weather conditions comes the attitude that a quick rain shower may be beautiful, as well as moody-\n    but first and foremost requires the right outfit. Rains focus on the whole experience of going outside on rainy\n    days, issuing an invitation to explore even in the most mercurial weather.</p>\n','published','[\"products\\/20.jpg\",\"products\\/20-1.jpg\"]',NULL,'OF-170',0,14,0,1,'in_stock',1,3,0,0,10,3.10,0,1579,567,NULL,NULL,10,13,12,758,NULL,191032,'2025-09-11 01:45:52','2025-09-11 01:46:42',0,'Botble\\ACL\\Models\\User',NULL,'digital','9795488634069',NULL,0,'auto_generate',0,0,0,2,1,0),(21,'Chen Watermelon','chen-watermelon','<p>Short Hooded Coat features a straight body, large pockets with button flaps, ventilation air holes, and a string\n    detail along the hemline.</p>\n<p><img src=\"/storage/general/clock.png\" alt=\"icon\" style=\"height:15px;\">  1 Year AL Jazeera Brand Warranty\n</p>\n<p><img src=\"/storage/general/paper-plane.png\" alt=\"icon\" style=\"height:15px;\">   30 Day Return Policy</p>\n<p><img src=\"/storage/general/credit-card.png\" alt=\"icon\" style=\"height:15px;\">  Cash on Delivery available\n</p>\n','<p>Short Hooded Coat features a straight body, large pockets with button flaps, ventilation air holes, and a string\n    detail along the hemline. The style is completed with a drawstring hood, featuring Rains’ signature built-in\n    cap. Made from waterproof, matte PU, this lightweight unisex rain jacket is an ode to nostalgia through its classic\n    silhouette and utilitarian design details.</p>\n<p>- Casual unisex fit</p>\n\n<p>- 64% polyester, 36% polyurethane</p>\n\n<p>- Water column pressure: 4000 mm</p>\n\n<p>- Model is 187cm tall and wearing a size S / M</p>\n\n<p>- Unisex fit</p>\n\n<p>- Drawstring hood with built-in cap</p>\n\n<p>- Front placket with snap buttons</p>\n\n<p>- Ventilation under armpit</p>\n\n<p>- Adjustable cuffs</p>\n\n<p>- Double welted front pockets</p>\n\n<p>- Adjustable elastic string at hempen</p>\n\n<p>- Ultrasonically welded seams</p>\n\n<p>This is a unisex item, please check our clothing &amp; footwear sizing guide for specific Rains jacket sizing\n    information. RAINS comes from the rainy nation of Denmark at the edge of the European continent, close to the ocean\n    and with prevailing westerly winds; all factors that contribute to an average of 121 rain days each year. Arising\n    from these rainy weather conditions comes the attitude that a quick rain shower may be beautiful, as well as moody-\n    but first and foremost requires the right outfit. Rains focus on the whole experience of going outside on rainy\n    days, issuing an invitation to explore even in the most mercurial weather.</p>\n','published','[\"products\\/21.jpg\",\"products\\/21-1.jpg\"]',NULL,'96-119-A1',0,14,0,1,'in_stock',1,5,0,3,10,3.00,0,968,NULL,NULL,NULL,18,19,17,848,NULL,24460,'2025-09-11 01:45:52','2025-09-11 01:46:42',0,'Botble\\ACL\\Models\\User',NULL,'physical','3939577010334',NULL,0,'auto_generate',0,0,0,2,3,0),(22,'Organic Cage-Free Grade A Large Brown Eggs','organic-cage-free-grade-a-large-brown-eggs','<p>Short Hooded Coat features a straight body, large pockets with button flaps, ventilation air holes, and a string\n    detail along the hemline.</p>\n<p><img src=\"/storage/general/clock.png\" alt=\"icon\" style=\"height:15px;\">  1 Year AL Jazeera Brand Warranty\n</p>\n<p><img src=\"/storage/general/paper-plane.png\" alt=\"icon\" style=\"height:15px;\">   30 Day Return Policy</p>\n<p><img src=\"/storage/general/credit-card.png\" alt=\"icon\" style=\"height:15px;\">  Cash on Delivery available\n</p>\n','<p>Short Hooded Coat features a straight body, large pockets with button flaps, ventilation air holes, and a string\n    detail along the hemline. The style is completed with a drawstring hood, featuring Rains’ signature built-in\n    cap. Made from waterproof, matte PU, this lightweight unisex rain jacket is an ode to nostalgia through its classic\n    silhouette and utilitarian design details.</p>\n<p>- Casual unisex fit</p>\n\n<p>- 64% polyester, 36% polyurethane</p>\n\n<p>- Water column pressure: 4000 mm</p>\n\n<p>- Model is 187cm tall and wearing a size S / M</p>\n\n<p>- Unisex fit</p>\n\n<p>- Drawstring hood with built-in cap</p>\n\n<p>- Front placket with snap buttons</p>\n\n<p>- Ventilation under armpit</p>\n\n<p>- Adjustable cuffs</p>\n\n<p>- Double welted front pockets</p>\n\n<p>- Adjustable elastic string at hempen</p>\n\n<p>- Ultrasonically welded seams</p>\n\n<p>This is a unisex item, please check our clothing &amp; footwear sizing guide for specific Rains jacket sizing\n    information. RAINS comes from the rainy nation of Denmark at the edge of the European continent, close to the ocean\n    and with prevailing westerly winds; all factors that contribute to an average of 121 rain days each year. Arising\n    from these rainy weather conditions comes the attitude that a quick rain shower may be beautiful, as well as moody-\n    but first and foremost requires the right outfit. Rains focus on the whole experience of going outside on rainy\n    days, issuing an invitation to explore even in the most mercurial weather.</p>\n','published','[\"products\\/22.jpg\",\"products\\/22-1.jpg\"]',NULL,'BP-150',0,11,0,1,'in_stock',1,5,0,0,10,2.90,0,1478,52,NULL,NULL,20,17,14,724,NULL,82030,'2025-09-11 01:45:52','2025-09-11 01:46:42',0,'Botble\\ACL\\Models\\User',NULL,'physical','6238664771231',NULL,0,'auto_generate',0,0,0,2,1,0),(23,'Colorful Banana','colorful-banana','<p>Short Hooded Coat features a straight body, large pockets with button flaps, ventilation air holes, and a string\n    detail along the hemline.</p>\n<p><img src=\"/storage/general/clock.png\" alt=\"icon\" style=\"height:15px;\">  1 Year AL Jazeera Brand Warranty\n</p>\n<p><img src=\"/storage/general/paper-plane.png\" alt=\"icon\" style=\"height:15px;\">   30 Day Return Policy</p>\n<p><img src=\"/storage/general/credit-card.png\" alt=\"icon\" style=\"height:15px;\">  Cash on Delivery available\n</p>\n','<p>Short Hooded Coat features a straight body, large pockets with button flaps, ventilation air holes, and a string\n    detail along the hemline. The style is completed with a drawstring hood, featuring Rains’ signature built-in\n    cap. Made from waterproof, matte PU, this lightweight unisex rain jacket is an ode to nostalgia through its classic\n    silhouette and utilitarian design details.</p>\n<p>- Casual unisex fit</p>\n\n<p>- 64% polyester, 36% polyurethane</p>\n\n<p>- Water column pressure: 4000 mm</p>\n\n<p>- Model is 187cm tall and wearing a size S / M</p>\n\n<p>- Unisex fit</p>\n\n<p>- Drawstring hood with built-in cap</p>\n\n<p>- Front placket with snap buttons</p>\n\n<p>- Ventilation under armpit</p>\n\n<p>- Adjustable cuffs</p>\n\n<p>- Double welted front pockets</p>\n\n<p>- Adjustable elastic string at hempen</p>\n\n<p>- Ultrasonically welded seams</p>\n\n<p>This is a unisex item, please check our clothing &amp; footwear sizing guide for specific Rains jacket sizing\n    information. RAINS comes from the rainy nation of Denmark at the edge of the European continent, close to the ocean\n    and with prevailing westerly winds; all factors that contribute to an average of 121 rain days each year. Arising\n    from these rainy weather conditions comes the attitude that a quick rain shower may be beautiful, as well as moody-\n    but first and foremost requires the right outfit. Rains focus on the whole experience of going outside on rainy\n    days, issuing an invitation to explore even in the most mercurial weather.</p>\n','published','[\"products\\/23.jpg\",\"products\\/23-1.jpg\"]',NULL,'GS-186-A1',0,16,0,1,'in_stock',1,3,0,5,10,2.70,0,377,NULL,NULL,NULL,13,13,13,657,NULL,29936,'2025-09-11 01:45:53','2025-09-11 01:46:42',0,'Botble\\ACL\\Models\\User',NULL,'physical','4703380322637',NULL,0,'auto_generate',0,0,0,2,6,0),(24,'Signature Wood-Fired Mushroom and Caramelized (Digital)','signature-wood-fired-mushroom-and-caramelized','<p>Short Hooded Coat features a straight body, large pockets with button flaps, ventilation air holes, and a string\n    detail along the hemline.</p>\n<p><img src=\"/storage/general/clock.png\" alt=\"icon\" style=\"height:15px;\">  1 Year AL Jazeera Brand Warranty\n</p>\n<p><img src=\"/storage/general/paper-plane.png\" alt=\"icon\" style=\"height:15px;\">   30 Day Return Policy</p>\n<p><img src=\"/storage/general/credit-card.png\" alt=\"icon\" style=\"height:15px;\">  Cash on Delivery available\n</p>\n','<p>Short Hooded Coat features a straight body, large pockets with button flaps, ventilation air holes, and a string\n    detail along the hemline. The style is completed with a drawstring hood, featuring Rains’ signature built-in\n    cap. Made from waterproof, matte PU, this lightweight unisex rain jacket is an ode to nostalgia through its classic\n    silhouette and utilitarian design details.</p>\n<p>- Casual unisex fit</p>\n\n<p>- 64% polyester, 36% polyurethane</p>\n\n<p>- Water column pressure: 4000 mm</p>\n\n<p>- Model is 187cm tall and wearing a size S / M</p>\n\n<p>- Unisex fit</p>\n\n<p>- Drawstring hood with built-in cap</p>\n\n<p>- Front placket with snap buttons</p>\n\n<p>- Ventilation under armpit</p>\n\n<p>- Adjustable cuffs</p>\n\n<p>- Double welted front pockets</p>\n\n<p>- Adjustable elastic string at hempen</p>\n\n<p>- Ultrasonically welded seams</p>\n\n<p>This is a unisex item, please check our clothing &amp; footwear sizing guide for specific Rains jacket sizing\n    information. RAINS comes from the rainy nation of Denmark at the edge of the European continent, close to the ocean\n    and with prevailing westerly winds; all factors that contribute to an average of 121 rain days each year. Arising\n    from these rainy weather conditions comes the attitude that a quick rain shower may be beautiful, as well as moody-\n    but first and foremost requires the right outfit. Rains focus on the whole experience of going outside on rainy\n    days, issuing an invitation to explore even in the most mercurial weather.</p>\n','published','[\"products\\/24.jpg\",\"products\\/24-1.jpg\"]',NULL,'UX-166',0,14,0,1,'in_stock',1,2,0,0,10,3.10,0,871,376,NULL,NULL,18,13,20,695,NULL,190789,'2025-09-11 01:45:53','2025-09-11 01:46:42',0,'Botble\\ACL\\Models\\User',NULL,'digital','0668866510080',NULL,0,'auto_generate',0,0,0,2,3,0),(25,'Blue Diamond Almonds Lightly',NULL,NULL,NULL,'published','[\"products\\/5-1.jpg\"]',NULL,'VR-135-A1',0,17,0,1,'in_stock',0,5,1,0,0,0.00,0,1695,NULL,NULL,NULL,16,17,17,654,NULL,0,'2025-09-11 01:45:53','2025-09-11 01:46:41',0,'Botble\\ACL\\Models\\User',NULL,'physical','9385103986279',NULL,0,'auto_generate',0,0,0,NULL,NULL,0),(26,'Blue Diamond Almonds Lightly',NULL,NULL,NULL,'published','[\"products\\/5.jpg\"]',NULL,'VR-135-A1-A2',0,17,0,1,'in_stock',0,5,1,0,0,0.00,0,1695,NULL,NULL,NULL,16,17,17,654,NULL,0,'2025-09-11 01:45:53','2025-09-11 01:46:41',0,'Botble\\ACL\\Models\\User',NULL,'physical','5829474626289',NULL,0,'auto_generate',0,0,0,NULL,NULL,0),(27,'Canada Dry Ginger Ale – 2 L Bottle',NULL,NULL,NULL,'published','[\"products\\/7-1.jpg\"]',NULL,'GZ-156-A1',0,19,0,1,'in_stock',0,1,1,0,0,0.00,0,947,NULL,NULL,NULL,14,15,12,590,NULL,0,'2025-09-11 01:45:53','2025-09-11 01:46:41',0,'Botble\\ACL\\Models\\User',NULL,'physical','3931329820666',NULL,0,'auto_generate',0,0,0,NULL,NULL,0),(28,'Canada Dry Ginger Ale – 2 L Bottle',NULL,NULL,NULL,'published','[\"products\\/7.jpg\"]',NULL,'GZ-156-A1-A2',0,19,0,1,'in_stock',0,1,1,0,0,0.00,0,947,NULL,NULL,NULL,14,15,12,590,NULL,0,'2025-09-11 01:45:53','2025-09-11 01:46:41',0,'Botble\\ACL\\Models\\User',NULL,'physical','2252848196836',NULL,0,'auto_generate',0,0,0,NULL,NULL,0),(29,'Naturally Flavored Cinnamon Vanilla Light Roast Coffee (Digital)',NULL,NULL,NULL,'published','[\"products\\/12-1.jpg\"]',NULL,'KZ-123-A1',0,11,0,1,'in_stock',0,2,1,0,0,0.00,0,1789,1520.65,NULL,NULL,16,20,20,510,NULL,0,'2025-09-11 01:45:53','2025-09-11 01:46:41',0,'Botble\\ACL\\Models\\User',NULL,'digital','9968187740526',NULL,0,'auto_generate',0,0,0,NULL,NULL,0),(30,'Naturally Flavored Cinnamon Vanilla Light Roast Coffee (Digital)',NULL,NULL,NULL,'published','[\"products\\/12.jpg\"]',NULL,'KZ-123-A1-A2',0,11,0,1,'in_stock',0,2,1,0,0,0.00,0,1789,1449.09,NULL,NULL,16,20,20,510,NULL,0,'2025-09-11 01:45:53','2025-09-11 01:46:41',0,'Botble\\ACL\\Models\\User',NULL,'digital','3897791066172',NULL,0,'auto_generate',0,0,0,NULL,NULL,0),(31,'Organic Frozen Triple Berry Blend',NULL,NULL,NULL,'published','[\"products\\/14-1.jpg\"]',NULL,'GK-136-A1',0,16,0,1,'in_stock',0,3,1,0,0,0.00,0,1375,NULL,NULL,NULL,20,12,12,827,NULL,0,'2025-09-11 01:45:53','2025-09-11 01:46:41',0,'Botble\\ACL\\Models\\User',NULL,'physical','5936951318961',NULL,0,'auto_generate',0,0,0,NULL,NULL,0),(32,'Organic Frozen Triple Berry Blend',NULL,NULL,NULL,'published','[\"products\\/14.jpg\"]',NULL,'GK-136-A1-A2',0,16,0,1,'in_stock',0,3,1,0,0,0.00,0,1375,NULL,NULL,NULL,20,12,12,827,NULL,0,'2025-09-11 01:45:53','2025-09-11 01:46:41',0,'Botble\\ACL\\Models\\User',NULL,'physical','1860874865933',NULL,0,'auto_generate',0,0,0,NULL,NULL,0),(33,'Organic Frozen Triple Berry Blend',NULL,NULL,NULL,'published','[\"products\\/14.jpg\"]',NULL,'GK-136-A1-A3',0,16,0,1,'in_stock',0,3,1,0,0,0.00,0,1375,NULL,NULL,NULL,20,12,12,827,NULL,0,'2025-09-11 01:45:53','2025-09-11 01:46:41',0,'Botble\\ACL\\Models\\User',NULL,'physical','0111146326135',NULL,0,'auto_generate',0,0,0,NULL,NULL,0),(34,'Organic Frozen Triple Berry Blend',NULL,NULL,NULL,'published','[\"products\\/14.jpg\"]',NULL,'GK-136-A1-A4',0,16,0,1,'in_stock',0,3,1,0,0,0.00,0,1375,NULL,NULL,NULL,20,12,12,827,NULL,0,'2025-09-11 01:45:53','2025-09-11 01:46:41',0,'Botble\\ACL\\Models\\User',NULL,'physical','5484992204632',NULL,0,'auto_generate',0,0,0,NULL,NULL,0),(35,'Organic Frozen Triple Berry Blend',NULL,NULL,NULL,'published','[\"products\\/14.jpg\"]',NULL,'GK-136-A1-A5',0,16,0,1,'in_stock',0,3,1,0,0,0.00,0,1375,NULL,NULL,NULL,20,12,12,827,NULL,0,'2025-09-11 01:45:54','2025-09-11 01:46:41',0,'Botble\\ACL\\Models\\User',NULL,'physical','3849171119916',NULL,0,'auto_generate',0,0,0,NULL,NULL,0),(36,'Oroweat Country Buttermilk Bread',NULL,NULL,NULL,'published','[\"products\\/15-1.jpg\"]',NULL,'RP-105-A1',0,15,0,1,'in_stock',0,4,1,0,0,0.00,0,1907,NULL,NULL,NULL,12,14,15,875,NULL,0,'2025-09-11 01:45:54','2025-09-11 01:46:42',0,'Botble\\ACL\\Models\\User',NULL,'physical','5882237291964',NULL,0,'auto_generate',0,0,0,NULL,NULL,0),(37,'Oroweat Country Buttermilk Bread',NULL,NULL,NULL,'published','[\"products\\/15.jpg\"]',NULL,'RP-105-A1-A2',0,15,0,1,'in_stock',0,4,1,0,0,0.00,0,1907,NULL,NULL,NULL,12,14,15,875,NULL,0,'2025-09-11 01:45:54','2025-09-11 01:46:42',0,'Botble\\ACL\\Models\\User',NULL,'physical','1202706724337',NULL,0,'auto_generate',0,0,0,NULL,NULL,0),(38,'Oroweat Country Buttermilk Bread',NULL,NULL,NULL,'published','[\"products\\/15.jpg\"]',NULL,'RP-105-A1-A3',0,15,0,1,'in_stock',0,4,1,0,0,0.00,0,1907,NULL,NULL,NULL,12,14,15,875,NULL,0,'2025-09-11 01:45:54','2025-09-11 01:46:42',0,'Botble\\ACL\\Models\\User',NULL,'physical','4254857823435',NULL,0,'auto_generate',0,0,0,NULL,NULL,0),(39,'Angie’s Boomchickapop Sweet & Salty Kettle Corn',NULL,NULL,NULL,'published','[\"products\\/17-1.jpg\"]',NULL,'OL-107-A1',0,20,0,1,'in_stock',0,3,1,0,0,0.00,0,1804,NULL,NULL,NULL,10,15,12,678,NULL,0,'2025-09-11 01:45:54','2025-09-11 01:46:42',0,'Botble\\ACL\\Models\\User',NULL,'physical','6694508623836',NULL,0,'auto_generate',0,0,0,NULL,NULL,0),(40,'Chen Watermelon',NULL,NULL,NULL,'published','[\"products\\/21-1.jpg\"]',NULL,'96-119-A1',0,14,0,1,'in_stock',0,5,1,0,0,0.00,0,968,NULL,NULL,NULL,18,19,17,848,NULL,0,'2025-09-11 01:45:54','2025-09-11 01:46:42',0,'Botble\\ACL\\Models\\User',NULL,'physical','2921651660932',NULL,0,'auto_generate',0,0,0,NULL,NULL,0),(41,'Chen Watermelon',NULL,NULL,NULL,'published','[\"products\\/21.jpg\"]',NULL,'96-119-A1-A2',0,14,0,1,'in_stock',0,5,1,0,0,0.00,0,968,NULL,NULL,NULL,18,19,17,848,NULL,0,'2025-09-11 01:45:54','2025-09-11 01:46:42',0,'Botble\\ACL\\Models\\User',NULL,'physical','5640037862865',NULL,0,'auto_generate',0,0,0,NULL,NULL,0),(42,'Chen Watermelon',NULL,NULL,NULL,'published','[\"products\\/21.jpg\"]',NULL,'96-119-A1-A3',0,14,0,1,'in_stock',0,5,1,0,0,0.00,0,968,NULL,NULL,NULL,18,19,17,848,NULL,0,'2025-09-11 01:45:54','2025-09-11 01:46:42',0,'Botble\\ACL\\Models\\User',NULL,'physical','6871550057615',NULL,0,'auto_generate',0,0,0,NULL,NULL,0),(43,'Colorful Banana',NULL,NULL,NULL,'published','[\"products\\/23-1.jpg\"]',NULL,'GS-186-A1',0,16,0,1,'in_stock',0,3,1,0,0,0.00,0,377,NULL,NULL,NULL,13,13,13,657,NULL,0,'2025-09-11 01:45:54','2025-09-11 01:46:42',0,'Botble\\ACL\\Models\\User',NULL,'physical','4150772752365',NULL,0,'auto_generate',0,0,0,NULL,NULL,0),(44,'Colorful Banana',NULL,NULL,NULL,'published','[\"products\\/23.jpg\"]',NULL,'GS-186-A1-A2',0,16,0,1,'in_stock',0,3,1,0,0,0.00,0,377,NULL,NULL,NULL,13,13,13,657,NULL,0,'2025-09-11 01:45:54','2025-09-11 01:46:42',0,'Botble\\ACL\\Models\\User',NULL,'physical','4009499000337',NULL,0,'auto_generate',0,0,0,NULL,NULL,0),(45,'Colorful Banana',NULL,NULL,NULL,'published','[\"products\\/23.jpg\"]',NULL,'GS-186-A1-A3',0,16,0,1,'in_stock',0,3,1,0,0,0.00,0,377,NULL,NULL,NULL,13,13,13,657,NULL,0,'2025-09-11 01:45:54','2025-09-11 01:46:42',0,'Botble\\ACL\\Models\\User',NULL,'physical','5139121730994',NULL,0,'auto_generate',0,0,0,NULL,NULL,0),(46,'Colorful Banana',NULL,NULL,NULL,'published','[\"products\\/23.jpg\"]',NULL,'GS-186-A1-A4',0,16,0,1,'in_stock',0,3,1,0,0,0.00,0,377,NULL,NULL,NULL,13,13,13,657,NULL,0,'2025-09-11 01:45:54','2025-09-11 01:46:42',0,'Botble\\ACL\\Models\\User',NULL,'physical','4899838204935',NULL,0,'auto_generate',0,0,0,NULL,NULL,0),(47,'Colorful Banana',NULL,NULL,NULL,'published','[\"products\\/23.jpg\"]',NULL,'GS-186-A1-A5',0,16,0,1,'in_stock',0,3,1,0,0,0.00,0,377,NULL,NULL,NULL,13,13,13,657,NULL,0,'2025-09-11 01:45:54','2025-09-11 01:46:42',0,'Botble\\ACL\\Models\\User',NULL,'physical','2442524794368',NULL,0,'auto_generate',0,0,0,NULL,NULL,0);

--
-- Table structure for table `ec_products_translations`
--

CREATE TABLE `ec_products_translations` (
  `lang_code` varchar(191) COLLATE utf8mb4_unicode_ci NOT NULL,
  `ec_products_id` bigint unsigned NOT NULL,
  `name` varchar(191) COLLATE utf8mb4_unicode_ci DEFAULT NULL,
  `slug` varchar(191) COLLATE utf8mb4_unicode_ci DEFAULT NULL,
  `description` text COLLATE utf8mb4_unicode_ci,
  `content` text COLLATE utf8mb4_unicode_ci,
  PRIMARY KEY (`lang_code`,`ec_products_id`)
) ENGINE=InnoDB DEFAULT CHARSET=utf8mb4 COLLATE=utf8mb4_unicode_ci;

--
-- Dumping data for table `ec_products_translations`
--


--
-- Table structure for table `ec_review_replies`
--

CREATE TABLE `ec_review_replies` (
  `id` bigint unsigned NOT NULL AUTO_INCREMENT,
  `user_id` bigint unsigned NOT NULL,
  `review_id` bigint unsigned NOT NULL,
  `message` text COLLATE utf8mb4_unicode_ci NOT NULL,
  `created_at` timestamp NULL DEFAULT NULL,
  `updated_at` timestamp NULL DEFAULT NULL,
  PRIMARY KEY (`id`),
  UNIQUE KEY `ec_review_replies_review_id_user_id_unique` (`review_id`,`user_id`)
) ENGINE=InnoDB DEFAULT CHARSET=utf8mb4 COLLATE=utf8mb4_unicode_ci;

--
-- Dumping data for table `ec_review_replies`
--


--
-- Table structure for table `ec_reviews`
--

CREATE TABLE `ec_reviews` (
  `id` bigint unsigned NOT NULL AUTO_INCREMENT,
  `customer_id` bigint unsigned DEFAULT NULL,
  `customer_name` varchar(191) COLLATE utf8mb4_unicode_ci DEFAULT NULL,
  `customer_email` varchar(191) COLLATE utf8mb4_unicode_ci DEFAULT NULL,
  `product_id` bigint unsigned NOT NULL,
  `star` double NOT NULL,
  `comment` text COLLATE utf8mb4_unicode_ci NOT NULL,
  `status` varchar(60) COLLATE utf8mb4_unicode_ci NOT NULL DEFAULT 'published',
  `created_at` timestamp NULL DEFAULT NULL,
  `updated_at` timestamp NULL DEFAULT NULL,
  `images` text COLLATE utf8mb4_unicode_ci,
  PRIMARY KEY (`id`),
  UNIQUE KEY `ec_reviews_product_id_customer_id_unique` (`product_id`,`customer_id`),
  KEY `ec_reviews_product_id_customer_id_status_created_at_index` (`product_id`,`customer_id`,`status`,`created_at`),
  KEY `review_relation_index` (`product_id`,`customer_id`,`status`)
) ENGINE=InnoDB AUTO_INCREMENT=1001 DEFAULT CHARSET=utf8mb4 COLLATE=utf8mb4_unicode_ci;

--
-- Dumping data for table `ec_reviews`
--

INSERT INTO `ec_reviews` VALUES (1,9,NULL,NULL,9,4,'I Love this Script. I also found how to add other fees. Now I just wait the BIG update for the Marketplace with the Bulk Import. Just do not forget to make it to be Multi-language for us the Botble Fans.','published','2025-09-11 01:46:03','2025-09-11 01:46:03','[\"products\\/24-1.jpg\"]'),(2,1,NULL,NULL,5,3,'Cool template. Excellent code quality. The support responds very quickly, which is very rare on themeforest and codecanyon.net, I buy a lot of templates, and everyone will have a response from technical support for two or three days. Thanks to tech support. I recommend to buy.','published','2025-09-11 01:46:03','2025-09-11 01:46:03','[\"products\\/14-1.jpg\",\"products\\/14.jpg\",\"products\\/24.jpg\"]'),(3,10,NULL,NULL,20,4,'Great system, great support, good job Botble. I\'m looking forward to more great functional plugins.','published','2025-09-11 01:46:03','2025-09-11 01:46:03','[\"products\\/3-1.jpg\",\"products\\/6.jpg\",\"products\\/23.jpg\",\"products\\/24-1.jpg\"]'),(4,9,NULL,NULL,19,1,'This script is well coded and is super fast. The support is pretty quick. Very patient and helpful team. I strongly recommend it and they deserve more than 5 stars.','published','2025-09-11 01:46:03','2025-09-11 01:46:03','[\"products\\/2.jpg\",\"products\\/4-1.jpg\",\"products\\/16-1.jpg\"]'),(5,7,NULL,NULL,12,4,'Amazing code, amazing support. Overall, im really confident in Botble and im happy I made the right choice! Thank you so much guys for coding this masterpiece','published','2025-09-11 01:46:03','2025-09-11 01:46:03','[\"products\\/9-1.jpg\",\"products\\/13-1.jpg\",\"products\\/16-2.jpg\"]'),(6,7,NULL,NULL,15,3,'We have received brilliant service support and will be expanding the features with the developer. Nice product!','published','2025-09-11 01:46:03','2025-09-11 01:46:03','[\"products\\/1.jpg\",\"products\\/16-3.jpg\",\"products\\/23.jpg\"]'),(7,2,NULL,NULL,2,3,'The best ecommerce CMS! Excellent coding! best support service! Thank you so much..... I really like your hard work.','published','2025-09-11 01:46:03','2025-09-11 01:46:03','[\"products\\/2-1.jpg\",\"products\\/4.jpg\",\"products\\/13.jpg\",\"products\\/17.jpg\"]'),(8,1,NULL,NULL,6,2,'The script is the best of its class, fast, easy to implement and work with , and the most important thing is the great support team , Recommend with no doubt.','published','2025-09-11 01:46:03','2025-09-11 01:46:03','[\"products\\/3-1.jpg\",\"products\\/6-1.jpg\",\"products\\/11.jpg\"]'),(9,6,NULL,NULL,1,2,'Amazing code, amazing support. Overall, im really confident in Botble and im happy I made the right choice! Thank you so much guys for coding this masterpiece','published','2025-09-11 01:46:03','2025-09-11 01:46:03','[\"products\\/13.jpg\"]'),(10,4,NULL,NULL,23,5,'We have received brilliant service support and will be expanding the features with the developer. Nice product!','published','2025-09-11 01:46:03','2025-09-11 01:46:03','[\"products\\/1.jpg\",\"products\\/12-1.jpg\",\"products\\/19.jpg\"]'),(11,10,NULL,NULL,9,1,'Best ecommerce CMS online store!','published','2025-09-11 01:46:03','2025-09-11 01:46:03','[\"products\\/16.jpg\",\"products\\/20-1.jpg\"]'),(13,2,NULL,NULL,24,3,'Very enthusiastic support! Excellent code is written. It\'s a true pleasure working with.','published','2025-09-11 01:46:03','2025-09-11 01:46:03','[\"products\\/10.jpg\",\"products\\/12-1.jpg\"]'),(14,7,NULL,NULL,5,1,'Great E-commerce system. And much more : Wonderful Customer Support.','published','2025-09-11 01:46:03','2025-09-11 01:46:03','[\"products\\/1.jpg\",\"products\\/7.jpg\",\"products\\/11.jpg\",\"products\\/17-1.jpg\"]'),(15,1,NULL,NULL,20,4,'Solution is too robust for our purpose so we didn\'t use it at the end. But I appreciate customer support during initial configuration.','published','2025-09-11 01:46:03','2025-09-11 01:46:03','[\"products\\/6-1.jpg\"]'),(16,6,NULL,NULL,13,5,'The code is good, in general, if you like it, can you give it 5 stars?','published','2025-09-11 01:46:03','2025-09-11 01:46:03','[\"products\\/21-1.jpg\"]'),(17,8,NULL,NULL,23,3,'Second or third time that I buy a Botble product, happy with the products and support. You guys do a good job :)','published','2025-09-11 01:46:03','2025-09-11 01:46:03','[\"products\\/6.jpg\",\"products\\/10-1.jpg\",\"products\\/15-1.jpg\",\"products\\/16.jpg\"]'),(18,7,NULL,NULL,1,2,'We have received brilliant service support and will be expanding the features with the developer. Nice product!','published','2025-09-11 01:46:03','2025-09-11 01:46:03','[\"products\\/8.jpg\",\"products\\/15-1.jpg\",\"products\\/15.jpg\",\"products\\/16-4.jpg\"]'),(19,1,NULL,NULL,17,4,'It\'s not my first experience here on Codecanyon and I can honestly tell you all that Botble puts a LOT of effort into the support. They answer so fast, they helped me tons of times. REALLY by far THE BEST EXPERIENCE on Codecanyon. Those guys at Botble are so good that they deserve 5 stars. I recommend them, I trust them and I can\'t wait to see what they will sell in a near future. Thank you Botble :)','published','2025-09-11 01:46:03','2025-09-11 01:46:03','[\"products\\/15-1.jpg\"]'),(20,3,NULL,NULL,13,2,'Great system, great support, good job Botble. I\'m looking forward to more great functional plugins.','published','2025-09-11 01:46:03','2025-09-11 01:46:03','[\"products\\/4.jpg\",\"products\\/6.jpg\",\"products\\/16-2.jpg\",\"products\\/16.jpg\"]'),(21,7,NULL,NULL,11,2,'For me the best eCommerce script on Envato at this moment: modern, clean code, a lot of great features. The customer support is great too: I always get an answer within hours!','published','2025-09-11 01:46:03','2025-09-11 01:46:03','[\"products\\/3-1.jpg\",\"products\\/8.jpg\",\"products\\/12.jpg\"]'),(22,2,NULL,NULL,23,2,'The best store template! Excellent coding! Very good support! Thank you so much for all the help, I really appreciated.','published','2025-09-11 01:46:03','2025-09-11 01:46:03','[\"products\\/14.jpg\",\"products\\/16-1.jpg\",\"products\\/22-1.jpg\"]'),(23,10,NULL,NULL,3,1,'Good app, good backup service and support. Good documentation.','published','2025-09-11 01:46:03','2025-09-11 01:46:03','[\"products\\/3.jpg\",\"products\\/16-4.jpg\",\"products\\/24.jpg\"]'),(24,7,NULL,NULL,4,3,'The code is good, in general, if you like it, can you give it 5 stars?','published','2025-09-11 01:46:03','2025-09-11 01:46:03','[\"products\\/10.jpg\",\"products\\/11-1.jpg\",\"products\\/19-1.jpg\"]'),(25,8,NULL,NULL,9,4,'Solution is too robust for our purpose so we didn\'t use it at the end. But I appreciate customer support during initial configuration.','published','2025-09-11 01:46:03','2025-09-11 01:46:03','[\"products\\/3-1.jpg\",\"products\\/6.jpg\",\"products\\/7.jpg\",\"products\\/22.jpg\"]'),(26,4,NULL,NULL,17,2,'Clean & perfect source code','published','2025-09-11 01:46:03','2025-09-11 01:46:03','[\"products\\/3-1.jpg\",\"products\\/7.jpg\",\"products\\/16-3.jpg\",\"products\\/18-1.jpg\"]'),(28,5,NULL,NULL,11,3,'The code is good, in general, if you like it, can you give it 5 stars?','published','2025-09-11 01:46:03','2025-09-11 01:46:03','[\"products\\/10.jpg\",\"products\\/16-2.jpg\",\"products\\/20.jpg\"]'),(29,1,NULL,NULL,12,4,'It\'s not my first experience here on Codecanyon and I can honestly tell you all that Botble puts a LOT of effort into the support. They answer so fast, they helped me tons of times. REALLY by far THE BEST EXPERIENCE on Codecanyon. Those guys at Botble are so good that they deserve 5 stars. I recommend them, I trust them and I can\'t wait to see what they will sell in a near future. Thank you Botble :)','published','2025-09-11 01:46:03','2025-09-11 01:46:03','[\"products\\/24-1.jpg\"]'),(30,4,NULL,NULL,14,4,'I Love this Script. I also found how to add other fees. Now I just wait the BIG update for the Marketplace with the Bulk Import. Just do not forget to make it to be Multi-language for us the Botble Fans.','published','2025-09-11 01:46:03','2025-09-11 01:46:03','[\"products\\/16-4.jpg\",\"products\\/21.jpg\"]'),(31,4,NULL,NULL,22,2,'Perfect +++++++++ i love it really also i get to fast ticket answers... Thanks Lot BOTBLE Teams','published','2025-09-11 01:46:03','2025-09-11 01:46:03','[\"products\\/12-1.jpg\"]'),(32,2,NULL,NULL,19,1,'Good app, good backup service and support. Good documentation.','published','2025-09-11 01:46:03','2025-09-11 01:46:03','[\"products\\/13-1.jpg\",\"products\\/19-1.jpg\",\"products\\/22-1.jpg\"]'),(33,3,NULL,NULL,9,4,'Ok good product. I have some issues in customizations. But its not correct to blame the developer. The product is good. Good luck for your business.','published','2025-09-11 01:46:03','2025-09-11 01:46:03','[\"products\\/7.jpg\",\"products\\/8-1.jpg\",\"products\\/10.jpg\",\"products\\/19.jpg\"]'),(34,10,NULL,NULL,16,1,'These guys are amazing! Responses immediately, amazing support and help... I immediately feel at ease after Purchasing..','published','2025-09-11 01:46:03','2025-09-11 01:46:03','[\"products\\/5-1.jpg\",\"products\\/6-1.jpg\",\"products\\/17.jpg\"]'),(35,2,NULL,NULL,13,5,'Perfect +++++++++ i love it really also i get to fast ticket answers... Thanks Lot BOTBLE Teams','published','2025-09-11 01:46:03','2025-09-11 01:46:03','[\"products\\/2-1.jpg\",\"products\\/6-1.jpg\",\"products\\/16-6.jpg\"]'),(36,5,NULL,NULL,7,2,'Those guys now what they are doing, the release such a good product that it\'s a pleasure to work with ! Even when I was stuck on the project, I created a ticket and the next day it was replied by the team. GOOD JOB guys. I love working with them :)','published','2025-09-11 01:46:03','2025-09-11 01:46:03','[\"products\\/12-1.jpg\",\"products\\/16-1.jpg\",\"products\\/24.jpg\"]'),(37,2,NULL,NULL,3,3,'Those guys now what they are doing, the release such a good product that it\'s a pleasure to work with ! Even when I was stuck on the project, I created a ticket and the next day it was replied by the team. GOOD JOB guys. I love working with them :)','published','2025-09-11 01:46:03','2025-09-11 01:46:03','[\"products\\/3-1.jpg\",\"products\\/12-1.jpg\",\"products\\/21.jpg\",\"products\\/22-1.jpg\"]'),(38,2,NULL,NULL,16,4,'The code is good, in general, if you like it, can you give it 5 stars?','published','2025-09-11 01:46:03','2025-09-11 01:46:03','[\"products\\/11.jpg\",\"products\\/18.jpg\",\"products\\/20.jpg\",\"products\\/24.jpg\"]'),(39,9,NULL,NULL,15,5,'Those guys now what they are doing, the release such a good product that it\'s a pleasure to work with ! Even when I was stuck on the project, I created a ticket and the next day it was replied by the team. GOOD JOB guys. I love working with them :)','published','2025-09-11 01:46:03','2025-09-11 01:46:03','[\"products\\/8.jpg\",\"products\\/13.jpg\",\"products\\/17-1.jpg\",\"products\\/21.jpg\"]'),(41,10,NULL,NULL,13,4,'Ok good product. I have some issues in customizations. But its not correct to blame the developer. The product is good. Good luck for your business.','published','2025-09-11 01:46:03','2025-09-11 01:46:03','[\"products\\/7-1.jpg\"]'),(42,10,NULL,NULL,4,5,'This web app is really good in design, code quality & features. Besides, the customer support provided by the Botble team was really fast & helpful. You guys are awesome!','published','2025-09-11 01:46:03','2025-09-11 01:46:03','[\"products\\/9-1.jpg\"]'),(43,10,NULL,NULL,12,2,'The script is the best of its class, fast, easy to implement and work with , and the most important thing is the great support team , Recommend with no doubt.','published','2025-09-11 01:46:03','2025-09-11 01:46:03','[\"products\\/4.jpg\",\"products\\/10-1.jpg\",\"products\\/12.jpg\"]'),(44,6,NULL,NULL,4,4,'Cool template. Excellent code quality. The support responds very quickly, which is very rare on themeforest and codecanyon.net, I buy a lot of templates, and everyone will have a response from technical support for two or three days. Thanks to tech support. I recommend to buy.','published','2025-09-11 01:46:03','2025-09-11 01:46:03','[\"products\\/12-1.jpg\",\"products\\/18.jpg\"]'),(45,1,NULL,NULL,16,3,'Cool template. Excellent code quality. The support responds very quickly, which is very rare on themeforest and codecanyon.net, I buy a lot of templates, and everyone will have a response from technical support for two or three days. Thanks to tech support. I recommend to buy.','published','2025-09-11 01:46:03','2025-09-11 01:46:03','[\"products\\/7-1.jpg\",\"products\\/24.jpg\"]'),(46,5,NULL,NULL,13,1,'We have received brilliant service support and will be expanding the features with the developer. Nice product!','published','2025-09-11 01:46:03','2025-09-11 01:46:03','[\"products\\/17.jpg\"]'),(47,3,NULL,NULL,23,5,'For me the best eCommerce script on Envato at this moment: modern, clean code, a lot of great features. The customer support is great too: I always get an answer within hours!','published','2025-09-11 01:46:03','2025-09-11 01:46:03','[\"products\\/2-1.jpg\",\"products\\/8.jpg\",\"products\\/16-1.jpg\",\"products\\/24-1.jpg\"]'),(49,7,NULL,NULL,23,1,'The code is good, in general, if you like it, can you give it 5 stars?','published','2025-09-11 01:46:03','2025-09-11 01:46:03','[\"products\\/24.jpg\"]'),(50,4,NULL,NULL,2,1,'Customer Support are grade (A*), however the code is a way too over engineered for it\'s purpose.','published','2025-09-11 01:46:03','2025-09-11 01:46:03','[\"products\\/4-1.jpg\",\"products\\/10.jpg\",\"products\\/16-2.jpg\",\"products\\/18.jpg\"]'),(51,9,NULL,NULL,17,1,'The best store template! Excellent coding! Very good support! Thank you so much for all the help, I really appreciated.','published','2025-09-11 01:46:03','2025-09-11 01:46:03','[\"products\\/7-1.jpg\",\"products\\/8-1.jpg\",\"products\\/16-4.jpg\",\"products\\/22.jpg\"]'),(52,3,NULL,NULL,3,1,'Solution is too robust for our purpose so we didn\'t use it at the end. But I appreciate customer support during initial configuration.','published','2025-09-11 01:46:03','2025-09-11 01:46:03','[\"products\\/5-1.jpg\",\"products\\/17.jpg\"]'),(53,10,NULL,NULL,10,1,'The code is good, in general, if you like it, can you give it 5 stars?','published','2025-09-11 01:46:03','2025-09-11 01:46:03','[\"products\\/2-1.jpg\",\"products\\/6-1.jpg\",\"products\\/11-1.jpg\",\"products\\/16-2.jpg\"]'),(55,10,NULL,NULL,2,2,'Good app, good backup service and support. Good documentation.','published','2025-09-11 01:46:03','2025-09-11 01:46:03','[\"products\\/1-1.jpg\",\"products\\/3-1.jpg\",\"products\\/10.jpg\"]'),(56,9,NULL,NULL,14,3,'The best ecommerce CMS! Excellent coding! best support service! Thank you so much..... I really like your hard work.','published','2025-09-11 01:46:03','2025-09-11 01:46:03','[\"products\\/7.jpg\",\"products\\/18-1.jpg\"]'),(58,1,NULL,NULL,3,5,'Customer Support are grade (A*), however the code is a way too over engineered for it\'s purpose.','published','2025-09-11 01:46:03','2025-09-11 01:46:03','[\"products\\/2-1.jpg\",\"products\\/9.jpg\"]'),(60,7,NULL,NULL,2,3,'Second or third time that I buy a Botble product, happy with the products and support. You guys do a good job :)','published','2025-09-11 01:46:03','2025-09-11 01:46:03','[\"products\\/9.jpg\"]'),(61,5,NULL,NULL,6,5,'This script is well coded and is super fast. The support is pretty quick. Very patient and helpful team. I strongly recommend it and they deserve more than 5 stars.','published','2025-09-11 01:46:03','2025-09-11 01:46:03','[\"products\\/2-1.jpg\",\"products\\/21.jpg\"]'),(63,2,NULL,NULL,17,2,'The best store template! Excellent coding! Very good support! Thank you so much for all the help, I really appreciated.','published','2025-09-11 01:46:03','2025-09-11 01:46:03','[\"products\\/22-1.jpg\"]'),(64,1,NULL,NULL,7,3,'Clean & perfect source code','published','2025-09-11 01:46:03','2025-09-11 01:46:03','[\"products\\/2-1.jpg\",\"products\\/13.jpg\",\"products\\/14-1.jpg\",\"products\\/20.jpg\"]'),(65,1,NULL,NULL,18,5,'This script is well coded and is super fast. The support is pretty quick. Very patient and helpful team. I strongly recommend it and they deserve more than 5 stars.','published','2025-09-11 01:46:03','2025-09-11 01:46:03','[\"products\\/1.jpg\",\"products\\/16-2.jpg\",\"products\\/16-4.jpg\",\"products\\/18.jpg\"]'),(66,5,NULL,NULL,20,5,'Perfect +++++++++ i love it really also i get to fast ticket answers... Thanks Lot BOTBLE Teams','published','2025-09-11 01:46:03','2025-09-11 01:46:03','[\"products\\/1.jpg\",\"products\\/5-1.jpg\",\"products\\/9.jpg\",\"products\\/16.jpg\"]'),(67,9,NULL,NULL,5,1,'Best ecommerce CMS online store!','published','2025-09-11 01:46:03','2025-09-11 01:46:03','[\"products\\/12-1.jpg\",\"products\\/16-5.jpg\",\"products\\/20.jpg\",\"products\\/23-1.jpg\"]'),(68,1,NULL,NULL,10,5,'The best store template! Excellent coding! Very good support! Thank you so much for all the help, I really appreciated.','published','2025-09-11 01:46:03','2025-09-11 01:46:03','[\"products\\/19-1.jpg\"]'),(69,10,NULL,NULL,23,1,'Perfect +++++++++ i love it really also i get to fast ticket answers... Thanks Lot BOTBLE Teams','published','2025-09-11 01:46:03','2025-09-11 01:46:03','[\"products\\/12-1.jpg\",\"products\\/15-1.jpg\",\"products\\/22-1.jpg\"]'),(70,5,NULL,NULL,22,4,'Cool template. Excellent code quality. The support responds very quickly, which is very rare on themeforest and codecanyon.net, I buy a lot of templates, and everyone will have a response from technical support for two or three days. Thanks to tech support. I recommend to buy.','published','2025-09-11 01:46:03','2025-09-11 01:46:03','[\"products\\/1-1.jpg\",\"products\\/12-1.jpg\",\"products\\/13.jpg\",\"products\\/22.jpg\"]'),(71,8,NULL,NULL,4,4,'Great E-commerce system. And much more : Wonderful Customer Support.','published','2025-09-11 01:46:03','2025-09-11 01:46:03','[\"products\\/6.jpg\",\"products\\/11-1.jpg\",\"products\\/15-1.jpg\"]'),(72,5,NULL,NULL,2,3,'Ok good product. I have some issues in customizations. But its not correct to blame the developer. The product is good. Good luck for your business.','published','2025-09-11 01:46:03','2025-09-11 01:46:03','[\"products\\/18.jpg\"]'),(74,3,NULL,NULL,16,2,'For me the best eCommerce script on Envato at this moment: modern, clean code, a lot of great features. The customer support is great too: I always get an answer within hours!','published','2025-09-11 01:46:03','2025-09-11 01:46:03','[\"products\\/3.jpg\",\"products\\/16-1.jpg\",\"products\\/21-1.jpg\"]'),(75,1,NULL,NULL,21,2,'The code is good, in general, if you like it, can you give it 5 stars?','published','2025-09-11 01:46:03','2025-09-11 01:46:03','[\"products\\/13.jpg\",\"products\\/17-1.jpg\"]'),(77,6,NULL,NULL,11,3,'As a developer I reviewed this script. This is really awesome ecommerce script. I have convinced when I noticed that it\'s built on fully WordPress concept.','published','2025-09-11 01:46:03','2025-09-11 01:46:03','[\"products\\/8-1.jpg\",\"products\\/8.jpg\",\"products\\/18.jpg\"]'),(78,3,NULL,NULL,11,4,'Very enthusiastic support! Excellent code is written. It\'s a true pleasure working with.','published','2025-09-11 01:46:03','2025-09-11 01:46:03','[\"products\\/16-5.jpg\",\"products\\/20.jpg\"]'),(79,6,NULL,NULL,24,5,'Second or third time that I buy a Botble product, happy with the products and support. You guys do a good job :)','published','2025-09-11 01:46:03','2025-09-11 01:46:03','[\"products\\/19.jpg\"]'),(80,4,NULL,NULL,15,1,'The code is good, in general, if you like it, can you give it 5 stars?','published','2025-09-11 01:46:03','2025-09-11 01:46:03','[\"products\\/15-1.jpg\",\"products\\/17-1.jpg\",\"products\\/17.jpg\",\"products\\/22.jpg\"]'),(82,3,NULL,NULL,24,5,'Solution is too robust for our purpose so we didn\'t use it at the end. But I appreciate customer support during initial configuration.','published','2025-09-11 01:46:03','2025-09-11 01:46:03','[\"products\\/17-1.jpg\",\"products\\/18.jpg\"]'),(83,2,NULL,NULL,4,2,'These guys are amazing! Responses immediately, amazing support and help... I immediately feel at ease after Purchasing..','published','2025-09-11 01:46:03','2025-09-11 01:46:03','[\"products\\/2-1.jpg\",\"products\\/7-1.jpg\",\"products\\/12.jpg\",\"products\\/16-6.jpg\"]'),(84,10,NULL,NULL,18,5,'For me the best eCommerce script on Envato at this moment: modern, clean code, a lot of great features. The customer support is great too: I always get an answer within hours!','published','2025-09-11 01:46:03','2025-09-11 01:46:03','[\"products\\/6.jpg\",\"products\\/19.jpg\",\"products\\/24.jpg\"]'),(87,4,NULL,NULL,13,1,'Perfect +++++++++ i love it really also i get to fast ticket answers... Thanks Lot BOTBLE Teams','published','2025-09-11 01:46:03','2025-09-11 01:46:03','[\"products\\/5-1.jpg\",\"products\\/9-1.jpg\",\"products\\/14-1.jpg\",\"products\\/21.jpg\"]'),(89,6,NULL,NULL,12,1,'Those guys now what they are doing, the release such a good product that it\'s a pleasure to work with ! Even when I was stuck on the project, I created a ticket and the next day it was replied by the team. GOOD JOB guys. I love working with them :)','published','2025-09-11 01:46:03','2025-09-11 01:46:03','[\"products\\/4-1.jpg\",\"products\\/11-1.jpg\"]'),(90,8,NULL,NULL,10,5,'Great system, great support, good job Botble. I\'m looking forward to more great functional plugins.','published','2025-09-11 01:46:03','2025-09-11 01:46:03','[\"products\\/6-1.jpg\",\"products\\/12-1.jpg\",\"products\\/23-1.jpg\"]'),(91,9,NULL,NULL,13,2,'Ok good product. I have some issues in customizations. But its not correct to blame the developer. The product is good. Good luck for your business.','published','2025-09-11 01:46:03','2025-09-11 01:46:03','[\"products\\/6.jpg\",\"products\\/11.jpg\",\"products\\/14-1.jpg\"]'),(93,4,NULL,NULL,21,1,'Great E-commerce system. And much more : Wonderful Customer Support.','published','2025-09-11 01:46:03','2025-09-11 01:46:03','[\"products\\/9-1.jpg\",\"products\\/17-1.jpg\",\"products\\/22.jpg\"]'),(94,9,NULL,NULL,3,5,'Second or third time that I buy a Botble product, happy with the products and support. You guys do a good job :)','published','2025-09-11 01:46:03','2025-09-11 01:46:03','[\"products\\/5-1.jpg\",\"products\\/18.jpg\"]'),(96,9,NULL,NULL,23,4,'Ok good product. I have some issues in customizations. But its not correct to blame the developer. The product is good. Good luck for your business.','published','2025-09-11 01:46:03','2025-09-11 01:46:03','[\"products\\/5.jpg\",\"products\\/7-1.jpg\",\"products\\/8-1.jpg\",\"products\\/16-4.jpg\"]'),(97,7,NULL,NULL,16,1,'Second or third time that I buy a Botble product, happy with the products and support. You guys do a good job :)','published','2025-09-11 01:46:03','2025-09-11 01:46:03','[\"products\\/15-1.jpg\",\"products\\/17-1.jpg\"]'),(99,8,NULL,NULL,18,1,'Very enthusiastic support! Excellent code is written. It\'s a true pleasure working with.','published','2025-09-11 01:46:03','2025-09-11 01:46:03','[\"products\\/21-1.jpg\"]'),(100,9,NULL,NULL,12,4,'Solution is too robust for our purpose so we didn\'t use it at the end. But I appreciate customer support during initial configuration.','published','2025-09-11 01:46:03','2025-09-11 01:46:03','[\"products\\/1.jpg\",\"products\\/4.jpg\",\"products\\/18.jpg\",\"products\\/23-1.jpg\"]'),(101,10,NULL,NULL,11,2,'This web app is really good in design, code quality & features. Besides, the customer support provided by the Botble team was really fast & helpful. You guys are awesome!','published','2025-09-11 01:46:03','2025-09-11 01:46:03','[\"products\\/24.jpg\"]'),(102,5,NULL,NULL,19,3,'The best store template! Excellent coding! Very good support! Thank you so much for all the help, I really appreciated.','published','2025-09-11 01:46:03','2025-09-11 01:46:03','[\"products\\/8-1.jpg\",\"products\\/16-6.jpg\"]'),(104,6,NULL,NULL,10,5,'For me the best eCommerce script on Envato at this moment: modern, clean code, a lot of great features. The customer support is great too: I always get an answer within hours!','published','2025-09-11 01:46:03','2025-09-11 01:46:03','[\"products\\/11-1.jpg\",\"products\\/12-1.jpg\",\"products\\/12.jpg\",\"products\\/16.jpg\"]'),(107,10,NULL,NULL,8,1,'It\'s not my first experience here on Codecanyon and I can honestly tell you all that Botble puts a LOT of effort into the support. They answer so fast, they helped me tons of times. REALLY by far THE BEST EXPERIENCE on Codecanyon. Those guys at Botble are so good that they deserve 5 stars. I recommend them, I trust them and I can\'t wait to see what they will sell in a near future. Thank you Botble :)','published','2025-09-11 01:46:03','2025-09-11 01:46:03','[\"products\\/11-1.jpg\"]'),(110,2,NULL,NULL,1,1,'The script is the best of its class, fast, easy to implement and work with , and the most important thing is the great support team , Recommend with no doubt.','published','2025-09-11 01:46:03','2025-09-11 01:46:03','[\"products\\/7.jpg\",\"products\\/14-1.jpg\"]'),(112,3,NULL,NULL,18,2,'Good app, good backup service and support. Good documentation.','published','2025-09-11 01:46:03','2025-09-11 01:46:03','[\"products\\/4-1.jpg\",\"products\\/22.jpg\"]'),(116,3,NULL,NULL,22,5,'I Love this Script. I also found how to add other fees. Now I just wait the BIG update for the Marketplace with the Bulk Import. Just do not forget to make it to be Multi-language for us the Botble Fans.','published','2025-09-11 01:46:03','2025-09-11 01:46:03','[\"products\\/1.jpg\",\"products\\/16-4.jpg\"]'),(117,1,NULL,NULL,23,1,'For me the best eCommerce script on Envato at this moment: modern, clean code, a lot of great features. The customer support is great too: I always get an answer within hours!','published','2025-09-11 01:46:03','2025-09-11 01:46:03','[\"products\\/3-1.jpg\",\"products\\/11.jpg\",\"products\\/18.jpg\",\"products\\/21-1.jpg\"]'),(118,8,NULL,NULL,5,3,'These guys are amazing! Responses immediately, amazing support and help... I immediately feel at ease after Purchasing..','published','2025-09-11 01:46:03','2025-09-11 01:46:03','[\"products\\/22.jpg\"]'),(121,1,NULL,NULL,1,4,'Customer Support are grade (A*), however the code is a way too over engineered for it\'s purpose.','published','2025-09-11 01:46:03','2025-09-11 01:46:03','[\"products\\/16-1.jpg\",\"products\\/16-2.jpg\"]'),(122,5,NULL,NULL,4,2,'The script is the best of its class, fast, easy to implement and work with , and the most important thing is the great support team , Recommend with no doubt.','published','2025-09-11 01:46:03','2025-09-11 01:46:03','[\"products\\/8.jpg\",\"products\\/11.jpg\",\"products\\/16-5.jpg\",\"products\\/24-1.jpg\"]'),(123,4,NULL,NULL,3,2,'Perfect +++++++++ i love it really also i get to fast ticket answers... Thanks Lot BOTBLE Teams','published','2025-09-11 01:46:03','2025-09-11 01:46:03','[\"products\\/2.jpg\",\"products\\/17.jpg\",\"products\\/20-1.jpg\"]'),(124,4,NULL,NULL,11,4,'For me the best eCommerce script on Envato at this moment: modern, clean code, a lot of great features. The customer support is great too: I always get an answer within hours!','published','2025-09-11 01:46:03','2025-09-11 01:46:03','[\"products\\/7.jpg\",\"products\\/21-1.jpg\"]'),(126,3,NULL,NULL,8,1,'The code is good, in general, if you like it, can you give it 5 stars?','published','2025-09-11 01:46:03','2025-09-11 01:46:03','[\"products\\/2-1.jpg\",\"products\\/24.jpg\"]'),(127,1,NULL,NULL,9,2,'Amazing code, amazing support. Overall, im really confident in Botble and im happy I made the right choice! Thank you so much guys for coding this masterpiece','published','2025-09-11 01:46:03','2025-09-11 01:46:03','[\"products\\/7.jpg\",\"products\\/23.jpg\"]'),(130,4,NULL,NULL,7,1,'Perfect +++++++++ i love it really also i get to fast ticket answers... Thanks Lot BOTBLE Teams','published','2025-09-11 01:46:03','2025-09-11 01:46:03','[\"products\\/11.jpg\"]'),(131,10,NULL,NULL,21,3,'Great E-commerce system. And much more : Wonderful Customer Support.','published','2025-09-11 01:46:03','2025-09-11 01:46:03','[\"products\\/7.jpg\",\"products\\/17-1.jpg\"]'),(133,7,NULL,NULL,22,1,'Good app, good backup service and support. Good documentation.','published','2025-09-11 01:46:03','2025-09-11 01:46:03','[\"products\\/3.jpg\",\"products\\/9.jpg\",\"products\\/18.jpg\"]'),(134,8,NULL,NULL,20,2,'Amazing code, amazing support. Overall, im really confident in Botble and im happy I made the right choice! Thank you so much guys for coding this masterpiece','published','2025-09-11 01:46:03','2025-09-11 01:46:03','[\"products\\/16.jpg\"]'),(135,6,NULL,NULL,9,1,'This script is well coded and is super fast. The support is pretty quick. Very patient and helpful team. I strongly recommend it and they deserve more than 5 stars.','published','2025-09-11 01:46:03','2025-09-11 01:46:03','[\"products\\/7-1.jpg\",\"products\\/9.jpg\"]'),(137,5,NULL,NULL,10,3,'Best ecommerce CMS online store!','published','2025-09-11 01:46:03','2025-09-11 01:46:03','[\"products\\/6-1.jpg\",\"products\\/7-1.jpg\",\"products\\/13-1.jpg\",\"products\\/16-2.jpg\"]'),(143,2,NULL,NULL,10,1,'Solution is too robust for our purpose so we didn\'t use it at the end. But I appreciate customer support during initial configuration.','published','2025-09-11 01:46:03','2025-09-11 01:46:03','[\"products\\/9-1.jpg\",\"products\\/16.jpg\",\"products\\/22-1.jpg\"]'),(144,8,NULL,NULL,11,4,'Solution is too robust for our purpose so we didn\'t use it at the end. But I appreciate customer support during initial configuration.','published','2025-09-11 01:46:03','2025-09-11 01:46:03','[\"products\\/4.jpg\",\"products\\/9.jpg\"]'),(145,3,NULL,NULL,21,4,'Second or third time that I buy a Botble product, happy with the products and support. You guys do a good job :)','published','2025-09-11 01:46:03','2025-09-11 01:46:03','[\"products\\/7.jpg\",\"products\\/16-2.jpg\",\"products\\/22.jpg\"]'),(146,3,NULL,NULL,10,2,'The code is good, in general, if you like it, can you give it 5 stars?','published','2025-09-11 01:46:03','2025-09-11 01:46:03','[\"products\\/17.jpg\"]'),(147,10,NULL,NULL,6,5,'Solution is too robust for our purpose so we didn\'t use it at the end. But I appreciate customer support during initial configuration.','published','2025-09-11 01:46:03','2025-09-11 01:46:03','[\"products\\/9-1.jpg\",\"products\\/10-1.jpg\",\"products\\/10.jpg\",\"products\\/21.jpg\"]'),(149,2,NULL,NULL,20,1,'Amazing code, amazing support. Overall, im really confident in Botble and im happy I made the right choice! Thank you so much guys for coding this masterpiece','published','2025-09-11 01:46:03','2025-09-11 01:46:03','[\"products\\/13-1.jpg\"]'),(150,8,NULL,NULL,15,2,'The script is the best of its class, fast, easy to implement and work with , and the most important thing is the great support team , Recommend with no doubt.','published','2025-09-11 01:46:03','2025-09-11 01:46:03','[\"products\\/6-1.jpg\",\"products\\/15-1.jpg\",\"products\\/18.jpg\",\"products\\/19.jpg\"]'),(153,5,NULL,NULL,17,3,'The best store template! Excellent coding! Very good support! Thank you so much for all the help, I really appreciated.','published','2025-09-11 01:46:03','2025-09-11 01:46:03','[\"products\\/5.jpg\",\"products\\/7.jpg\",\"products\\/16-3.jpg\",\"products\\/19.jpg\"]'),(154,5,NULL,NULL,23,3,'For me the best eCommerce script on Envato at this moment: modern, clean code, a lot of great features. The customer support is great too: I always get an answer within hours!','published','2025-09-11 01:46:03','2025-09-11 01:46:03','[\"products\\/1-1.jpg\",\"products\\/7.jpg\"]'),(155,3,NULL,NULL,20,1,'Best ecommerce CMS online store!','published','2025-09-11 01:46:03','2025-09-11 01:46:03','[\"products\\/5.jpg\",\"products\\/8-1.jpg\",\"products\\/21-1.jpg\"]'),(158,4,NULL,NULL,20,5,'Clean & perfect source code','published','2025-09-11 01:46:03','2025-09-11 01:46:03','[\"products\\/15-1.jpg\",\"products\\/16-4.jpg\"]'),(160,1,NULL,NULL,19,1,'For me the best eCommerce script on Envato at this moment: modern, clean code, a lot of great features. The customer support is great too: I always get an answer within hours!','published','2025-09-11 01:46:03','2025-09-11 01:46:03','[\"products\\/4.jpg\",\"products\\/13-1.jpg\",\"products\\/24-1.jpg\"]'),(161,6,NULL,NULL,5,2,'These guys are amazing! Responses immediately, amazing support and help... I immediately feel at ease after Purchasing..','published','2025-09-11 01:46:03','2025-09-11 01:46:03','[\"products\\/16-3.jpg\"]'),(163,8,NULL,NULL,24,1,'Second or third time that I buy a Botble product, happy with the products and support. You guys do a good job :)','published','2025-09-11 01:46:03','2025-09-11 01:46:03','[\"products\\/16-3.jpg\",\"products\\/17-1.jpg\",\"products\\/22.jpg\"]'),(164,6,NULL,NULL,8,3,'The best store template! Excellent coding! Very good support! Thank you so much for all the help, I really appreciated.','published','2025-09-11 01:46:03','2025-09-11 01:46:03','[\"products\\/4-1.jpg\",\"products\\/16-5.jpg\",\"products\\/16-6.jpg\",\"products\\/17-1.jpg\"]'),(166,6,NULL,NULL,22,1,'Second or third time that I buy a Botble product, happy with the products and support. You guys do a good job :)','published','2025-09-11 01:46:03','2025-09-11 01:46:03','[\"products\\/16-6.jpg\",\"products\\/19-1.jpg\"]'),(167,8,NULL,NULL,22,1,'Best ecommerce CMS online store!','published','2025-09-11 01:46:03','2025-09-11 01:46:03','[\"products\\/1.jpg\",\"products\\/16-3.jpg\",\"products\\/22-1.jpg\"]'),(168,5,NULL,NULL,8,4,'Perfect +++++++++ i love it really also i get to fast ticket answers... Thanks Lot BOTBLE Teams','published','2025-09-11 01:46:03','2025-09-11 01:46:03','[\"products\\/12-1.jpg\",\"products\\/21-1.jpg\"]'),(169,4,NULL,NULL,12,5,'For me the best eCommerce script on Envato at this moment: modern, clean code, a lot of great features. The customer support is great too: I always get an answer within hours!','published','2025-09-11 01:46:03','2025-09-11 01:46:03','[\"products\\/21-1.jpg\"]'),(170,3,NULL,NULL,17,4,'We have received brilliant service support and will be expanding the features with the developer. Nice product!','published','2025-09-11 01:46:03','2025-09-11 01:46:03','[\"products\\/16-6.jpg\"]'),(171,5,NULL,NULL,16,3,'Those guys now what they are doing, the release such a good product that it\'s a pleasure to work with ! Even when I was stuck on the project, I created a ticket and the next day it was replied by the team. GOOD JOB guys. I love working with them :)','published','2025-09-11 01:46:03','2025-09-11 01:46:03','[\"products\\/16-3.jpg\"]'),(177,4,NULL,NULL,24,4,'Cool template. Excellent code quality. The support responds very quickly, which is very rare on themeforest and codecanyon.net, I buy a lot of templates, and everyone will have a response from technical support for two or three days. Thanks to tech support. I recommend to buy.','published','2025-09-11 01:46:03','2025-09-11 01:46:03','[\"products\\/18.jpg\"]'),(180,9,NULL,NULL,21,5,'This script is well coded and is super fast. The support is pretty quick. Very patient and helpful team. I strongly recommend it and they deserve more than 5 stars.','published','2025-09-11 01:46:03','2025-09-11 01:46:03','[\"products\\/9-1.jpg\",\"products\\/9.jpg\",\"products\\/10-1.jpg\"]'),(182,7,NULL,NULL,8,4,'Cool template. Excellent code quality. The support responds very quickly, which is very rare on themeforest and codecanyon.net, I buy a lot of templates, and everyone will have a response from technical support for two or three days. Thanks to tech support. I recommend to buy.','published','2025-09-11 01:46:03','2025-09-11 01:46:03','[\"products\\/16-4.jpg\",\"products\\/24-1.jpg\"]'),(183,2,NULL,NULL,15,5,'The script is the best of its class, fast, easy to implement and work with , and the most important thing is the great support team , Recommend with no doubt.','published','2025-09-11 01:46:03','2025-09-11 01:46:03','[\"products\\/4-1.jpg\"]'),(184,6,NULL,NULL,19,1,'We have received brilliant service support and will be expanding the features with the developer. Nice product!','published','2025-09-11 01:46:03','2025-09-11 01:46:03','[\"products\\/13-1.jpg\",\"products\\/13.jpg\",\"products\\/15-1.jpg\",\"products\\/16-5.jpg\"]'),(185,5,NULL,NULL,21,2,'The code is good, in general, if you like it, can you give it 5 stars?','published','2025-09-11 01:46:03','2025-09-11 01:46:03','[\"products\\/3.jpg\"]'),(188,1,NULL,NULL,13,4,'Customer Support are grade (A*), however the code is a way too over engineered for it\'s purpose.','published','2025-09-11 01:46:03','2025-09-11 01:46:03','[\"products\\/1.jpg\",\"products\\/15.jpg\"]'),(190,2,NULL,NULL,8,2,'Solution is too robust for our purpose so we didn\'t use it at the end. But I appreciate customer support during initial configuration.','published','2025-09-11 01:46:03','2025-09-11 01:46:03','[\"products\\/1-1.jpg\",\"products\\/2.jpg\",\"products\\/5.jpg\"]'),(191,4,NULL,NULL,16,1,'Perfect +++++++++ i love it really also i get to fast ticket answers... Thanks Lot BOTBLE Teams','published','2025-09-11 01:46:03','2025-09-11 01:46:03','[\"products\\/7-1.jpg\"]'),(194,5,NULL,NULL,14,4,'Clean & perfect source code','published','2025-09-11 01:46:03','2025-09-11 01:46:03','[\"products\\/10-1.jpg\",\"products\\/14.jpg\",\"products\\/23-1.jpg\"]'),(197,7,NULL,NULL,3,5,'Those guys now what they are doing, the release such a good product that it\'s a pleasure to work with ! Even when I was stuck on the project, I created a ticket and the next day it was replied by the team. GOOD JOB guys. I love working with them :)','published','2025-09-11 01:46:03','2025-09-11 01:46:03','[\"products\\/2.jpg\",\"products\\/8-1.jpg\",\"products\\/11.jpg\"]'),(198,2,NULL,NULL,18,5,'These guys are amazing! Responses immediately, amazing support and help... I immediately feel at ease after Purchasing..','published','2025-09-11 01:46:03','2025-09-11 01:46:03','[\"products\\/14.jpg\"]'),(199,10,NULL,NULL,19,5,'It\'s not my first experience here on Codecanyon and I can honestly tell you all that Botble puts a LOT of effort into the support. They answer so fast, they helped me tons of times. REALLY by far THE BEST EXPERIENCE on Codecanyon. Those guys at Botble are so good that they deserve 5 stars. I recommend them, I trust them and I can\'t wait to see what they will sell in a near future. Thank you Botble :)','published','2025-09-11 01:46:03','2025-09-11 01:46:03','[\"products\\/18-1.jpg\",\"products\\/21.jpg\",\"products\\/24-1.jpg\",\"products\\/24.jpg\"]'),(201,3,NULL,NULL,12,5,'Perfect +++++++++ i love it really also i get to fast ticket answers... Thanks Lot BOTBLE Teams','published','2025-09-11 01:46:03','2025-09-11 01:46:03','[\"products\\/1-1.jpg\"]'),(204,9,NULL,NULL,2,1,'Ok good product. I have some issues in customizations. But its not correct to blame the developer. The product is good. Good luck for your business.','published','2025-09-11 01:46:03','2025-09-11 01:46:03','[\"products\\/5-1.jpg\",\"products\\/5.jpg\",\"products\\/13-1.jpg\"]'),(205,6,NULL,NULL,18,3,'I Love this Script. I also found how to add other fees. Now I just wait the BIG update for the Marketplace with the Bulk Import. Just do not forget to make it to be Multi-language for us the Botble Fans.','published','2025-09-11 01:46:03','2025-09-11 01:46:03','[\"products\\/11.jpg\",\"products\\/19.jpg\"]'),(208,3,NULL,NULL,14,5,'Those guys now what they are doing, the release such a good product that it\'s a pleasure to work with ! Even when I was stuck on the project, I created a ticket and the next day it was replied by the team. GOOD JOB guys. I love working with them :)','published','2025-09-11 01:46:03','2025-09-11 01:46:03','[\"products\\/12-1.jpg\",\"products\\/19-1.jpg\"]'),(216,3,NULL,NULL,6,5,'Those guys now what they are doing, the release such a good product that it\'s a pleasure to work with ! Even when I was stuck on the project, I created a ticket and the next day it was replied by the team. GOOD JOB guys. I love working with them :)','published','2025-09-11 01:46:03','2025-09-11 01:46:03','[\"products\\/6.jpg\",\"products\\/7.jpg\",\"products\\/24-1.jpg\"]'),(217,4,NULL,NULL,5,1,'Clean & perfect source code','published','2025-09-11 01:46:03','2025-09-11 01:46:03','[\"products\\/3-1.jpg\",\"products\\/8-1.jpg\",\"products\\/16-2.jpg\"]'),(219,8,NULL,NULL,17,5,'Best ecommerce CMS online store!','published','2025-09-11 01:46:03','2025-09-11 01:46:03','[\"products\\/3.jpg\",\"products\\/23.jpg\",\"products\\/24.jpg\"]'),(222,7,NULL,NULL,10,2,'Good app, good backup service and support. Good documentation.','published','2025-09-11 01:46:03','2025-09-11 01:46:03','[\"products\\/9.jpg\",\"products\\/11.jpg\",\"products\\/14.jpg\",\"products\\/16-1.jpg\"]'),(223,1,NULL,NULL,24,2,'Great system, great support, good job Botble. I\'m looking forward to more great functional plugins.','published','2025-09-11 01:46:03','2025-09-11 01:46:03','[\"products\\/14.jpg\"]'),(224,5,NULL,NULL,12,4,'Solution is too robust for our purpose so we didn\'t use it at the end. But I appreciate customer support during initial configuration.','published','2025-09-11 01:46:03','2025-09-11 01:46:03','[\"products\\/3.jpg\",\"products\\/4.jpg\",\"products\\/9-1.jpg\",\"products\\/10.jpg\"]'),(225,10,NULL,NULL,17,3,'Those guys now what they are doing, the release such a good product that it\'s a pleasure to work with ! Even when I was stuck on the project, I created a ticket and the next day it was replied by the team. GOOD JOB guys. I love working with them :)','published','2025-09-11 01:46:03','2025-09-11 01:46:03','[\"products\\/6-1.jpg\",\"products\\/14.jpg\"]'),(230,6,NULL,NULL,6,4,'Best ecommerce CMS online store!','published','2025-09-11 01:46:03','2025-09-11 01:46:03','[\"products\\/12-1.jpg\"]'),(232,4,NULL,NULL,18,3,'Good app, good backup service and support. Good documentation.','published','2025-09-11 01:46:03','2025-09-11 01:46:03','[\"products\\/4-1.jpg\",\"products\\/7.jpg\",\"products\\/16-1.jpg\"]'),(233,7,NULL,NULL,18,4,'Great system, great support, good job Botble. I\'m looking forward to more great functional plugins.','published','2025-09-11 01:46:03','2025-09-11 01:46:03','[\"products\\/11-1.jpg\",\"products\\/24-1.jpg\"]'),(235,7,NULL,NULL,7,2,'Clean & perfect source code','published','2025-09-11 01:46:03','2025-09-11 01:46:03','[\"products\\/1.jpg\",\"products\\/4-1.jpg\",\"products\\/6-1.jpg\",\"products\\/12.jpg\"]'),(236,3,NULL,NULL,1,5,'Those guys now what they are doing, the release such a good product that it\'s a pleasure to work with ! Even when I was stuck on the project, I created a ticket and the next day it was replied by the team. GOOD JOB guys. I love working with them :)','published','2025-09-11 01:46:03','2025-09-11 01:46:03','[\"products\\/18-1.jpg\"]'),(240,9,NULL,NULL,1,1,'Ok good product. I have some issues in customizations. But its not correct to blame the developer. The product is good. Good luck for your business.','published','2025-09-11 01:46:03','2025-09-11 01:46:03','[\"products\\/1.jpg\",\"products\\/2.jpg\",\"products\\/5.jpg\",\"products\\/16.jpg\"]'),(246,8,NULL,NULL,16,2,'Clean & perfect source code','published','2025-09-11 01:46:03','2025-09-11 01:46:03','[\"products\\/15.jpg\",\"products\\/19.jpg\",\"products\\/20.jpg\"]'),(248,9,NULL,NULL,22,5,'Great system, great support, good job Botble. I\'m looking forward to more great functional plugins.','published','2025-09-11 01:46:03','2025-09-11 01:46:03','[\"products\\/3.jpg\",\"products\\/13.jpg\",\"products\\/15-1.jpg\"]'),(257,9,NULL,NULL,4,5,'Those guys now what they are doing, the release such a good product that it\'s a pleasure to work with ! Even when I was stuck on the project, I created a ticket and the next day it was replied by the team. GOOD JOB guys. I love working with them :)','published','2025-09-11 01:46:03','2025-09-11 01:46:03','[\"products\\/14-1.jpg\",\"products\\/14.jpg\",\"products\\/16.jpg\"]'),(259,7,NULL,NULL,13,5,'Cool template. Excellent code quality. The support responds very quickly, which is very rare on themeforest and codecanyon.net, I buy a lot of templates, and everyone will have a response from technical support for two or three days. Thanks to tech support. I recommend to buy.','published','2025-09-11 01:46:03','2025-09-11 01:46:03','[\"products\\/2.jpg\"]'),(262,6,NULL,NULL,21,1,'For me the best eCommerce script on Envato at this moment: modern, clean code, a lot of great features. The customer support is great too: I always get an answer within hours!','published','2025-09-11 01:46:03','2025-09-11 01:46:03','[\"products\\/7-1.jpg\",\"products\\/11-1.jpg\"]'),(265,9,NULL,NULL,7,5,'We have received brilliant service support and will be expanding the features with the developer. Nice product!','published','2025-09-11 01:46:03','2025-09-11 01:46:03','[\"products\\/3.jpg\",\"products\\/8-1.jpg\",\"products\\/13-1.jpg\"]'),(268,8,NULL,NULL,7,4,'Cool template. Excellent code quality. The support responds very quickly, which is very rare on themeforest and codecanyon.net, I buy a lot of templates, and everyone will have a response from technical support for two or three days. Thanks to tech support. I recommend to buy.','published','2025-09-11 01:46:03','2025-09-11 01:46:03','[\"products\\/16.jpg\"]'),(270,8,NULL,NULL,21,5,'This script is well coded and is super fast. The support is pretty quick. Very patient and helpful team. I strongly recommend it and they deserve more than 5 stars.','published','2025-09-11 01:46:03','2025-09-11 01:46:03','[\"products\\/2-1.jpg\",\"products\\/13-1.jpg\",\"products\\/16-3.jpg\",\"products\\/19-1.jpg\"]'),(271,10,NULL,NULL,24,4,'Cool template. Excellent code quality. The support responds very quickly, which is very rare on themeforest and codecanyon.net, I buy a lot of templates, and everyone will have a response from technical support for two or three days. Thanks to tech support. I recommend to buy.','published','2025-09-11 01:46:03','2025-09-11 01:46:03','[\"products\\/1.jpg\",\"products\\/7-1.jpg\",\"products\\/15-1.jpg\"]'),(275,2,NULL,NULL,22,1,'I Love this Script. I also found how to add other fees. Now I just wait the BIG update for the Marketplace with the Bulk Import. Just do not forget to make it to be Multi-language for us the Botble Fans.','published','2025-09-11 01:46:03','2025-09-11 01:46:03','[\"products\\/17.jpg\",\"products\\/18-1.jpg\"]'),(284,1,NULL,NULL,2,1,'Best ecommerce CMS online store!','published','2025-09-11 01:46:03','2025-09-11 01:46:03','[\"products\\/2-1.jpg\",\"products\\/9.jpg\",\"products\\/16-2.jpg\",\"products\\/16-3.jpg\"]'),(285,4,NULL,NULL,1,3,'Those guys now what they are doing, the release such a good product that it\'s a pleasure to work with ! Even when I was stuck on the project, I created a ticket and the next day it was replied by the team. GOOD JOB guys. I love working with them :)','published','2025-09-11 01:46:03','2025-09-11 01:46:03','[\"products\\/15-1.jpg\"]'),(286,6,NULL,NULL,17,1,'These guys are amazing! Responses immediately, amazing support and help... I immediately feel at ease after Purchasing..','published','2025-09-11 01:46:03','2025-09-11 01:46:03','[\"products\\/7-1.jpg\",\"products\\/16-1.jpg\",\"products\\/16-3.jpg\",\"products\\/18-1.jpg\"]'),(287,7,NULL,NULL,20,3,'Cool template. Excellent code quality. The support responds very quickly, which is very rare on themeforest and codecanyon.net, I buy a lot of templates, and everyone will have a response from technical support for two or three days. Thanks to tech support. I recommend to buy.','published','2025-09-11 01:46:03','2025-09-11 01:46:03','[\"products\\/20-1.jpg\",\"products\\/21-1.jpg\",\"products\\/23-1.jpg\",\"products\\/24-1.jpg\"]'),(289,5,NULL,NULL,18,4,'It\'s not my first experience here on Codecanyon and I can honestly tell you all that Botble puts a LOT of effort into the support. They answer so fast, they helped me tons of times. REALLY by far THE BEST EXPERIENCE on Codecanyon. Those guys at Botble are so good that they deserve 5 stars. I recommend them, I trust them and I can\'t wait to see what they will sell in a near future. Thank you Botble :)','published','2025-09-11 01:46:03','2025-09-11 01:46:03','[\"products\\/16-1.jpg\",\"products\\/16.jpg\"]'),(290,8,NULL,NULL,6,2,'This script is well coded and is super fast. The support is pretty quick. Very patient and helpful team. I strongly recommend it and they deserve more than 5 stars.','published','2025-09-11 01:46:03','2025-09-11 01:46:03','[\"products\\/3-1.jpg\"]'),(292,6,NULL,NULL,14,4,'Great E-commerce system. And much more : Wonderful Customer Support.','published','2025-09-11 01:46:03','2025-09-11 01:46:03','[\"products\\/18.jpg\"]'),(294,5,NULL,NULL,3,5,'It\'s not my first experience here on Codecanyon and I can honestly tell you all that Botble puts a LOT of effort into the support. They answer so fast, they helped me tons of times. REALLY by far THE BEST EXPERIENCE on Codecanyon. Those guys at Botble are so good that they deserve 5 stars. I recommend them, I trust them and I can\'t wait to see what they will sell in a near future. Thank you Botble :)','published','2025-09-11 01:46:03','2025-09-11 01:46:03','[\"products\\/16-2.jpg\"]'),(296,10,NULL,NULL,1,5,'As a developer I reviewed this script. This is really awesome ecommerce script. I have convinced when I noticed that it\'s built on fully WordPress concept.','published','2025-09-11 01:46:03','2025-09-11 01:46:03','[\"products\\/6.jpg\",\"products\\/16-2.jpg\",\"products\\/16.jpg\",\"products\\/23.jpg\"]'),(300,5,NULL,NULL,24,5,'Ok good product. I have some issues in customizations. But its not correct to blame the developer. The product is good. Good luck for your business.','published','2025-09-11 01:46:03','2025-09-11 01:46:03','[\"products\\/11.jpg\"]'),(307,2,NULL,NULL,9,4,'The script is the best of its class, fast, easy to implement and work with , and the most important thing is the great support team , Recommend with no doubt.','published','2025-09-11 01:46:03','2025-09-11 01:46:03','[\"products\\/18-1.jpg\"]'),(314,5,NULL,NULL,15,3,'The script is the best of its class, fast, easy to implement and work with , and the most important thing is the great support team , Recommend with no doubt.','published','2025-09-11 01:46:03','2025-09-11 01:46:03','[\"products\\/13.jpg\",\"products\\/16-4.jpg\",\"products\\/16-5.jpg\",\"products\\/24.jpg\"]'),(315,2,NULL,NULL,21,3,'Second or third time that I buy a Botble product, happy with the products and support. You guys do a good job :)','published','2025-09-11 01:46:03','2025-09-11 01:46:03','[\"products\\/5-1.jpg\",\"products\\/9.jpg\",\"products\\/14-1.jpg\"]'),(317,1,NULL,NULL,8,5,'Perfect +++++++++ i love it really also i get to fast ticket answers... Thanks Lot BOTBLE Teams','published','2025-09-11 01:46:03','2025-09-11 01:46:03','[\"products\\/1-1.jpg\",\"products\\/9.jpg\",\"products\\/15-1.jpg\"]'),(320,7,NULL,NULL,17,3,'We have received brilliant service support and will be expanding the features with the developer. Nice product!','published','2025-09-11 01:46:03','2025-09-11 01:46:03','[\"products\\/1-1.jpg\",\"products\\/18-1.jpg\",\"products\\/20.jpg\",\"products\\/22.jpg\"]'),(321,7,NULL,NULL,19,3,'Solution is too robust for our purpose so we didn\'t use it at the end. But I appreciate customer support during initial configuration.','published','2025-09-11 01:46:03','2025-09-11 01:46:03','[\"products\\/21-1.jpg\"]'),(325,5,NULL,NULL,1,2,'We have received brilliant service support and will be expanding the features with the developer. Nice product!','published','2025-09-11 01:46:03','2025-09-11 01:46:03','[\"products\\/20.jpg\"]'),(327,1,NULL,NULL,11,3,'Customer Support are grade (A*), however the code is a way too over engineered for it\'s purpose.','published','2025-09-11 01:46:03','2025-09-11 01:46:03','[\"products\\/1-1.jpg\",\"products\\/5.jpg\"]'),(328,8,NULL,NULL,13,3,'Good app, good backup service and support. Good documentation.','published','2025-09-11 01:46:03','2025-09-11 01:46:03','[\"products\\/24.jpg\"]'),(348,10,NULL,NULL,22,4,'This web app is really good in design, code quality & features. Besides, the customer support provided by the Botble team was really fast & helpful. You guys are awesome!','published','2025-09-11 01:46:03','2025-09-11 01:46:03','[\"products\\/4.jpg\",\"products\\/16-6.jpg\",\"products\\/24.jpg\"]'),(349,5,NULL,NULL,5,4,'Good app, good backup service and support. Good documentation.','published','2025-09-11 01:46:03','2025-09-11 01:46:03','[\"products\\/13-1.jpg\",\"products\\/19.jpg\"]'),(350,2,NULL,NULL,11,4,'Best ecommerce CMS online store!','published','2025-09-11 01:46:03','2025-09-11 01:46:03','[\"products\\/19.jpg\"]'),(354,9,NULL,NULL,6,4,'This script is well coded and is super fast. The support is pretty quick. Very patient and helpful team. I strongly recommend it and they deserve more than 5 stars.','published','2025-09-11 01:46:03','2025-09-11 01:46:03','[\"products\\/1-1.jpg\",\"products\\/10.jpg\",\"products\\/24-1.jpg\"]'),(358,6,NULL,NULL,2,2,'As a developer I reviewed this script. This is really awesome ecommerce script. I have convinced when I noticed that it\'s built on fully WordPress concept.','published','2025-09-11 01:46:03','2025-09-11 01:46:03','[\"products\\/2-1.jpg\",\"products\\/8.jpg\"]'),(359,8,NULL,NULL,3,5,'This script is well coded and is super fast. The support is pretty quick. Very patient and helpful team. I strongly recommend it and they deserve more than 5 stars.','published','2025-09-11 01:46:03','2025-09-11 01:46:03','[\"products\\/7-1.jpg\",\"products\\/17-1.jpg\",\"products\\/18-1.jpg\",\"products\\/20.jpg\"]'),(365,6,NULL,NULL,7,4,'Customer Support are grade (A*), however the code is a way too over engineered for it\'s purpose.','published','2025-09-11 01:46:03','2025-09-11 01:46:03','[\"products\\/1-1.jpg\",\"products\\/9-1.jpg\",\"products\\/9.jpg\",\"products\\/14-1.jpg\"]'),(380,2,NULL,NULL,7,4,'This script is well coded and is super fast. The support is pretty quick. Very patient and helpful team. I strongly recommend it and they deserve more than 5 stars.','published','2025-09-11 01:46:03','2025-09-11 01:46:03','[\"products\\/4-1.jpg\",\"products\\/23.jpg\",\"products\\/24-1.jpg\"]'),(381,6,NULL,NULL,3,3,'Good app, good backup service and support. Good documentation.','published','2025-09-11 01:46:03','2025-09-11 01:46:03','[\"products\\/6-1.jpg\",\"products\\/11-1.jpg\"]'),(382,10,NULL,NULL,5,2,'Amazing code, amazing support. Overall, im really confident in Botble and im happy I made the right choice! Thank you so much guys for coding this masterpiece','published','2025-09-11 01:46:03','2025-09-11 01:46:03','[\"products\\/16-2.jpg\",\"products\\/16.jpg\",\"products\\/18-1.jpg\",\"products\\/20.jpg\"]'),(383,9,NULL,NULL,16,1,'Customer Support are grade (A*), however the code is a way too over engineered for it\'s purpose.','published','2025-09-11 01:46:03','2025-09-11 01:46:03','[\"products\\/6.jpg\",\"products\\/8.jpg\",\"products\\/9.jpg\"]'),(396,1,NULL,NULL,4,1,'The code is good, in general, if you like it, can you give it 5 stars?','published','2025-09-11 01:46:03','2025-09-11 01:46:03','[\"products\\/5-1.jpg\",\"products\\/15.jpg\",\"products\\/17.jpg\",\"products\\/24.jpg\"]'),(398,7,NULL,NULL,21,4,'The best store template! Excellent coding! Very good support! Thank you so much for all the help, I really appreciated.','published','2025-09-11 01:46:03','2025-09-11 01:46:03','[\"products\\/2-1.jpg\",\"products\\/6.jpg\",\"products\\/16-5.jpg\"]'),(405,2,NULL,NULL,14,3,'This script is well coded and is super fast. The support is pretty quick. Very patient and helpful team. I strongly recommend it and they deserve more than 5 stars.','published','2025-09-11 01:46:03','2025-09-11 01:46:03','[\"products\\/4.jpg\",\"products\\/12-1.jpg\",\"products\\/14-1.jpg\"]'),(407,10,NULL,NULL,7,5,'Ok good product. I have some issues in customizations. But its not correct to blame the developer. The product is good. Good luck for your business.','published','2025-09-11 01:46:03','2025-09-11 01:46:03','[\"products\\/1.jpg\"]'),(411,2,NULL,NULL,5,2,'As a developer I reviewed this script. This is really awesome ecommerce script. I have convinced when I noticed that it\'s built on fully WordPress concept.','published','2025-09-11 01:46:03','2025-09-11 01:46:03','[\"products\\/22.jpg\"]'),(428,3,NULL,NULL,19,1,'The code is good, in general, if you like it, can you give it 5 stars?','published','2025-09-11 01:46:03','2025-09-11 01:46:03','[\"products\\/13-1.jpg\",\"products\\/19.jpg\"]'),(430,4,NULL,NULL,10,4,'Clean & perfect source code','published','2025-09-11 01:46:03','2025-09-11 01:46:03','[\"products\\/20-1.jpg\",\"products\\/20.jpg\",\"products\\/22-1.jpg\"]'),(433,10,NULL,NULL,14,5,'Second or third time that I buy a Botble product, happy with the products and support. You guys do a good job :)','published','2025-09-11 01:46:03','2025-09-11 01:46:03','[\"products\\/1.jpg\",\"products\\/8-1.jpg\",\"products\\/14.jpg\",\"products\\/17.jpg\"]'),(443,9,NULL,NULL,10,5,'The best store template! Excellent coding! Very good support! Thank you so much for all the help, I really appreciated.','published','2025-09-11 01:46:03','2025-09-11 01:46:03','[\"products\\/3-1.jpg\",\"products\\/23-1.jpg\"]'),(445,4,NULL,NULL,9,2,'I Love this Script. I also found how to add other fees. Now I just wait the BIG update for the Marketplace with the Bulk Import. Just do not forget to make it to be Multi-language for us the Botble Fans.','published','2025-09-11 01:46:03','2025-09-11 01:46:03','[\"products\\/19-1.jpg\"]'),(446,1,NULL,NULL,14,5,'The code is good, in general, if you like it, can you give it 5 stars?','published','2025-09-11 01:46:03','2025-09-11 01:46:03','[\"products\\/9.jpg\",\"products\\/23-1.jpg\"]'),(447,8,NULL,NULL,19,4,'Good app, good backup service and support. Good documentation.','published','2025-09-11 01:46:03','2025-09-11 01:46:03','[\"products\\/8-1.jpg\",\"products\\/12-1.jpg\",\"products\\/16-3.jpg\",\"products\\/21-1.jpg\"]'),(457,5,NULL,NULL,9,1,'Clean & perfect source code','published','2025-09-11 01:46:03','2025-09-11 01:46:03','[\"products\\/8-1.jpg\",\"products\\/9.jpg\",\"products\\/18.jpg\",\"products\\/21-1.jpg\"]'),(466,2,NULL,NULL,12,3,'Clean & perfect source code','published','2025-09-11 01:46:03','2025-09-11 01:46:03','[\"products\\/5-1.jpg\"]'),(467,10,NULL,NULL,15,1,'The code is good, in general, if you like it, can you give it 5 stars?','published','2025-09-11 01:46:03','2025-09-11 01:46:03','[\"products\\/17.jpg\"]'),(472,9,NULL,NULL,11,1,'This web app is really good in design, code quality & features. Besides, the customer support provided by the Botble team was really fast & helpful. You guys are awesome!','published','2025-09-11 01:46:03','2025-09-11 01:46:03','[\"products\\/16-5.jpg\",\"products\\/17.jpg\",\"products\\/19-1.jpg\"]'),(479,7,NULL,NULL,24,1,'Those guys now what they are doing, the release such a good product that it\'s a pleasure to work with ! Even when I was stuck on the project, I created a ticket and the next day it was replied by the team. GOOD JOB guys. I love working with them :)','published','2025-09-11 01:46:03','2025-09-11 01:46:03','[\"products\\/10.jpg\",\"products\\/18-1.jpg\"]'),(497,8,NULL,NULL,8,4,'Ok good product. I have some issues in customizations. But its not correct to blame the developer. The product is good. Good luck for your business.','published','2025-09-11 01:46:03','2025-09-11 01:46:03','[\"products\\/9-1.jpg\"]'),(510,1,NULL,NULL,22,5,'For me the best eCommerce script on Envato at this moment: modern, clean code, a lot of great features. The customer support is great too: I always get an answer within hours!','published','2025-09-11 01:46:03','2025-09-11 01:46:03','[\"products\\/2.jpg\",\"products\\/5.jpg\",\"products\\/22.jpg\",\"products\\/24-1.jpg\"]'),(531,9,NULL,NULL,8,2,'Very enthusiastic support! Excellent code is written. It\'s a true pleasure working with.','published','2025-09-11 01:46:03','2025-09-11 01:46:03','[\"products\\/2-1.jpg\",\"products\\/15.jpg\",\"products\\/24.jpg\"]'),(535,2,NULL,NULL,6,2,'Cool template. Excellent code quality. The support responds very quickly, which is very rare on themeforest and codecanyon.net, I buy a lot of templates, and everyone will have a response from technical support for two or three days. Thanks to tech support. I recommend to buy.','published','2025-09-11 01:46:03','2025-09-11 01:46:03','[\"products\\/4-1.jpg\",\"products\\/9.jpg\",\"products\\/14-1.jpg\",\"products\\/20-1.jpg\"]'),(538,6,NULL,NULL,20,5,'Cool template. Excellent code quality. The support responds very quickly, which is very rare on themeforest and codecanyon.net, I buy a lot of templates, and everyone will have a response from technical support for two or three days. Thanks to tech support. I recommend to buy.','published','2025-09-11 01:46:03','2025-09-11 01:46:03','[\"products\\/24.jpg\"]'),(542,3,NULL,NULL,4,5,'As a developer I reviewed this script. This is really awesome ecommerce script. I have convinced when I noticed that it\'s built on fully WordPress concept.','published','2025-09-11 01:46:03','2025-09-11 01:46:03','[\"products\\/8-1.jpg\",\"products\\/9-1.jpg\",\"products\\/19.jpg\"]'),(550,4,NULL,NULL,6,1,'Clean & perfect source code','published','2025-09-11 01:46:03','2025-09-11 01:46:03','[\"products\\/10.jpg\",\"products\\/12.jpg\",\"products\\/15-1.jpg\",\"products\\/16.jpg\"]'),(560,3,NULL,NULL,15,3,'Great E-commerce system. And much more : Wonderful Customer Support.','published','2025-09-11 01:46:03','2025-09-11 01:46:03','[\"products\\/3.jpg\",\"products\\/12-1.jpg\",\"products\\/16.jpg\"]'),(564,9,NULL,NULL,20,1,'Very enthusiastic support! Excellent code is written. It\'s a true pleasure working with.','published','2025-09-11 01:46:03','2025-09-11 01:46:03','[\"products\\/10.jpg\",\"products\\/14-1.jpg\",\"products\\/18.jpg\",\"products\\/21.jpg\"]'),(566,8,NULL,NULL,12,4,'Solution is too robust for our purpose so we didn\'t use it at the end. But I appreciate customer support during initial configuration.','published','2025-09-11 01:46:03','2025-09-11 01:46:03','[\"products\\/4-1.jpg\",\"products\\/16.jpg\",\"products\\/22-1.jpg\"]'),(586,9,NULL,NULL,24,1,'I Love this Script. I also found how to add other fees. Now I just wait the BIG update for the Marketplace with the Bulk Import. Just do not forget to make it to be Multi-language for us the Botble Fans.','published','2025-09-11 01:46:03','2025-09-11 01:46:03','[\"products\\/16-3.jpg\",\"products\\/19.jpg\",\"products\\/20-1.jpg\"]'),(587,4,NULL,NULL,19,2,'Best ecommerce CMS online store!','published','2025-09-11 01:46:03','2025-09-11 01:46:03','[\"products\\/2.jpg\",\"products\\/8-1.jpg\",\"products\\/15.jpg\"]'),(594,8,NULL,NULL,14,2,'Clean & perfect source code','published','2025-09-11 01:46:03','2025-09-11 01:46:03','[\"products\\/15.jpg\"]'),(661,8,NULL,NULL,2,5,'I Love this Script. I also found how to add other fees. Now I just wait the BIG update for the Marketplace with the Bulk Import. Just do not forget to make it to be Multi-language for us the Botble Fans.','published','2025-09-11 01:46:03','2025-09-11 01:46:03','[\"products\\/2-1.jpg\",\"products\\/10-1.jpg\",\"products\\/15.jpg\",\"products\\/23-1.jpg\"]'),(671,7,NULL,NULL,6,5,'I Love this Script. I also found how to add other fees. Now I just wait the BIG update for the Marketplace with the Bulk Import. Just do not forget to make it to be Multi-language for us the Botble Fans.','published','2025-09-11 01:46:03','2025-09-11 01:46:03','[\"products\\/3-1.jpg\",\"products\\/4-1.jpg\",\"products\\/16.jpg\",\"products\\/24-1.jpg\"]'),(681,4,NULL,NULL,4,1,'Customer Support are grade (A*), however the code is a way too over engineered for it\'s purpose.','published','2025-09-11 01:46:03','2025-09-11 01:46:03','[\"products\\/21.jpg\"]'),(737,4,NULL,NULL,8,2,'The script is the best of its class, fast, easy to implement and work with , and the most important thing is the great support team , Recommend with no doubt.','published','2025-09-11 01:46:03','2025-09-11 01:46:03','[\"products\\/10-1.jpg\",\"products\\/12.jpg\",\"products\\/16-2.jpg\",\"products\\/18-1.jpg\"]'),(758,3,NULL,NULL,5,4,'The script is the best of its class, fast, easy to implement and work with , and the most important thing is the great support team , Recommend with no doubt.','published','2025-09-11 01:46:03','2025-09-11 01:46:03','[\"products\\/4-1.jpg\",\"products\\/5-1.jpg\",\"products\\/8.jpg\"]'),(767,3,NULL,NULL,2,1,'Ok good product. I have some issues in customizations. But its not correct to blame the developer. The product is good. Good luck for your business.','published','2025-09-11 01:46:03','2025-09-11 01:46:03','[\"products\\/2-1.jpg\",\"products\\/5-1.jpg\",\"products\\/17-1.jpg\"]'),(774,6,NULL,NULL,16,3,'Ok good product. I have some issues in customizations. But its not correct to blame the developer. The product is good. Good luck for your business.','published','2025-09-11 01:46:03','2025-09-11 01:46:03','[\"products\\/7.jpg\",\"products\\/9.jpg\",\"products\\/10.jpg\",\"products\\/20.jpg\"]'),(799,7,NULL,NULL,14,4,'Clean & perfect source code','published','2025-09-11 01:46:03','2025-09-11 01:46:03','[\"products\\/10.jpg\"]'),(802,7,NULL,NULL,9,3,'The script is the best of its class, fast, easy to implement and work with , and the most important thing is the great support team , Recommend with no doubt.','published','2025-09-11 01:46:03','2025-09-11 01:46:03','[\"products\\/15.jpg\",\"products\\/19-1.jpg\",\"products\\/23-1.jpg\"]'),(835,8,NULL,NULL,1,4,'The best store template! Excellent coding! Very good support! Thank you so much for all the help, I really appreciated.','published','2025-09-11 01:46:03','2025-09-11 01:46:03','[\"products\\/3-1.jpg\"]'),(962,6,NULL,NULL,23,2,'Cool template. Excellent code quality. The support responds very quickly, which is very rare on themeforest and codecanyon.net, I buy a lot of templates, and everyone will have a response from technical support for two or three days. Thanks to tech support. I recommend to buy.','published','2025-09-11 01:46:03','2025-09-11 01:46:03','[\"products\\/9-1.jpg\"]');

--
